{"id":253,"date":"2015-07-22T08:57:05","date_gmt":"2015-07-22T08:57:05","guid":{"rendered":"http:\/\/thewalrushub.com\/jordi\/?page_id=253"},"modified":"2017-02-02T16:37:27","modified_gmt":"2017-02-02T15:37:27","slug":"noticias-2008","status":"publish","type":"page","link":"https:\/\/sierraifabra.com\/?page_id=253&lang=es","title":{"rendered":"Noticias 2008"},"content":{"rendered":"<div class=\"Titulos1\">OVACI\u00d3N PARA JORDI EN LA FILIJ DE M\u00c9XICO<\/div>\n<div class=\"Txt_regular\">\n<div>\n<img loading=\"lazy\" decoding=\"async\" src=\"http:\/\/www.sierraifabra.com\/ant\/fotos\/Image\/Privado\/Ponencia%201.JPG\" alt=\"\" width=\"267\" height=\"200\" \/><\/p>\n<div>\u00a0\u00a0\u00a0 Jordi Sierra i Fabra asisti\u00f3 del 15 al 23 de noviembre a la Feria Internacional del Libro Infantil y Juvenil de M\u00e9xico DF. All\u00ed, adem\u00e1s de presentar la Fundaci\u00f3 que lleva su nombre y los libros &#8220;La P\u00e1gina escrita&#8221; y &#8220;El fabuloso mundo de las letras&#8221;, este \u00faltimo en su nueva edici\u00f3n, concedi\u00f3 diversas entrevistas a medios mexicanos y particip\u00f3 en el seminario sobre literatura organizado por Daniel Goldin. El seminario, de 4 d\u00edas de duraci\u00f3n, cont\u00f3 con diversas figuras de relieve del panorama internacional, como Mich\u00e8le Petit, Junko Yokota, Peter Sis y otros m\u00e1s hasta un total de 12. Jordi, que intervino el \u00faltimo d\u00eda y habl\u00f3 de su infancia lectora y su madurez creadora, fue interrupido por los aplausos del p\u00fablico m\u00e1s de media docena de veces y recibi\u00f3, al final, una calurosa ovaci\u00f3n por parte de los 600 asistentes puestos en pie que dur\u00f3 m\u00e1s de dos minutos. Fue un caso excepcional en el seminario. En su ponencia, por primera vez proyect\u00f3 im\u00e1genes de su infancia, los libros que le\u00eda y escrib\u00eda, sus dibujos, etc. En la foto podemos ver a Jordi minutos antes de iniciar su triunfal e hist\u00f3rica charla.<\/p>\n<\/div>\n<\/div>\n<div>SE EDITA EN CD LA \u00d3PERA ESCRITA POR JORDI<\/p>\n<p><img loading=\"lazy\" decoding=\"async\" src=\"http:\/\/www.sierraifabra.com\/ant\/fotos\/Image\/Privado\/Opera.jpg\" alt=\"\" width=\"175\" height=\"174\" \/><\/div>\n<p>Los d\u00edas 19, 20 y 21 de Septiembre se grab\u00f3 en Barcelona la m\u00fasica de &#8220;Retrato de Soledad, \u00d3pera-Mon\u00f3logo en un acto&#8221;, obra escrita por Jordi en septiembre de 2007 en Medell\u00edn. Con m\u00fasica de Pedro Pardo y la voz de Marta Fiol, es la historia de una astronauta que regresa a la Tierra, donde ya nada es lo que dej\u00f3 atr\u00e1s. La presentaci\u00f3n mundial de esta obra sinf\u00f3nica tuvo lugar en Lleida el s\u00e1bado 29 de noviembre. En la grabaci\u00f3n podremos escuchar la voz del propio Jordi interpretando al ordenador que da instrucciones a la astronauta en su regreso a La Tierra. Por supuesto que sin cantar. Si quieres comprar el CD, puedes reservarlo o pedirlo en &lt;martafiol@kamalundu.com&gt;y tendr\u00e1s un mejor precio. El PVP es de unos 11 euros.<\/p>\n<div>&#8220;NUNCA SEREMOS ESTRELLAS DEL ROCK&#8221; EN TEATRO<\/div>\n<p>Uno de los grandes best-sellers de Jordi es &#8220;Nunca seremos estrellas del rock&#8221; (Alfaguara en castellano, Columna en catal\u00e1n). Este libro ya hab\u00eda sido adaptado para el teatro en Francia, pero ahora una compa\u00f1\u00eda catalana ha hecho algo m\u00e1s, ya que con fragmentos de \u00e9l y de otras novelas de Jordi (&#8220;Rabia&#8221;, &#8220;Al otro lado del espejo&#8221;, &#8220;Las furias&#8221; y &#8220;Sin vuelta atr\u00e1s&#8221;) se ofrece un fresco en torno a la violencia actual y el mundo de la adolescencia en general. La obra se present\u00f3 en Pineda de Mar, Barcelona, con cinco \u00fanicas funciones los d\u00edas 16, 22, 23, 29 y 30 de noviembre. La direcci\u00f3n corri\u00f3 a cargo de Joan Gallart, que ha hecho un impresionante trabajo uniendo los distintos fragmentos de las novelas para crear una obra \u00fanica y excepcional que parece haber sido escrita hoy en d\u00eda y para el teatro. Las canciones de la obra fueron compuestas por Andrea Alcolea sobre poemas de Jordi inclu\u00eddos en sus libros. El propio Jordi acudi\u00f3 la noche del 13 de noviembre al ensayo general y dijo, emocionado, que era la mejor versi\u00f3n teatral de sus novelas hecha hasta hoy.<br \/>\n\u00a1POR FIN, JORDI EN YOU TUBE!<\/p>\n<p>\u00bfQuieres ver pel\u00edculas in\u00e9dita de Jordi? \u00bfSus mejores entrevistas en televisi\u00f3n, tanto en Espa\u00f1a como en Colombia? Ahora por fin puedes hacerlo. Nuestro autor ya tiene su p\u00e1gina en You Tube, am\u00e9n de otros v\u00eddeos colocados por sus fans. Entra en , teclea Jordisierraifabra, y podr\u00e1s verle y escucharle. Aqu\u00ed tienes en tres parte su famosa entrevista en CNN+, la que se le hizo en Noche Sin Tregua en otras dos partes o la que se realiz\u00f3 \u00e9l mismo en una televisi\u00f3n colombiana. Y tambi\u00e9n la entrega del Premio Nacional de Literatura o su apote\u00f3sico recibimiento en Barbosa (Antioquia, Colombia), que puedes alucinar viendo en estas entradas para ir haciendo boca: &lt;<a href=\"http:\/\/es.youtube.com\/watch?v=3ao9kAcRsn4\">http:\/\/es.youtube.com\/watch?v=3ao9kAcRsn4<\/a>&gt; y &lt;<a href=\"http:\/\/es.youtube.com\/watch?v=8w5Wrtoo2Ic&amp;feature=related\">http:\/\/es.youtube.com\/watch?v=8w5Wrtoo2Ic&amp;feature=related<\/a>&gt;. Desde ahora, Jordi en vivo.<\/p>\n<p>OTO\u00d1O CALIENTE CON &#8220;LA CRUZ DEL NILO&#8221;, 2\u00aa PARTE DE &#8220;LAS HIJAS DE LAS TORMENTAS&#8221;<\/p>\n<p><img loading=\"lazy\" decoding=\"async\" src=\"http:\/\/www.sierraifabra.com\/ant\/fotos\/Image\/Privado\/Hijas%20Tormentas%202.jpg\" alt=\"\" width=\"132\" height=\"200\" \/> \u00a0\u00a0<img loading=\"lazy\" decoding=\"async\" src=\"http:\/\/www.sierraifabra.com\/ant\/fotos\/Image\/Privado\/Yo.jpg\" alt=\"\" width=\"125\" height=\"200\" \/> \u00a0 <img loading=\"lazy\" decoding=\"async\" src=\"http:\/\/www.sierraifabra.com\/ant\/fotos\/Image\/Privado\/Trilogia.jpg\" alt=\"\" width=\"129\" height=\"200\" \/><\/p>\n<p><span style=\"font-size: medium;\"><span style=\"font-size: medium;\">\u00a0\u00a0\u00a0 &#8220;La cruz del Nilo&#8221; (Puede leerse un cap\u00edtulo del libro en &#8220;Lee Gratis&#8221;), segunda parte de la Trilog\u00eda &#8220;Las hijas de las tormentas&#8221;, arranca en oto\u00f1o las novedades de Jordi. Tambi\u00e9n se editan &#8220;Yo&#8221; (Ediciones SM) y &#8220;Arturo&#8221; (Edeb\u00e9), versi\u00f3n libre de la leyenda art\u00farica. Siruela por su parte edita en un s\u00f3lo volumen la &#8220;Trilog\u00eda de las Tierras&#8221;, obra cumbre de la ciencia ficci\u00f3n espa\u00f1ola, publicada por primera vez hace 25 a\u00f1os. En &#8220;La cruz del Nilo&#8221; la protagonista inicia la b\u00fasqueda de sus padres y tambi\u00e9n de sus dos &#8220;hermanas&#8221; y los cristales que son la clave del futuro de la Tierra. La accion se desarrolla en Egipto, Jordania y Mali y est\u00e1 plagada de misterios, aventuras y sorpresas. &#8220;Por su parte, &#8220;Yo&#8221; (Puede leerse un cap\u00edtulo del libro en &#8220;Lee Gratis&#8221;) es la novela m\u00e1s loca pero tambi\u00e9n m\u00e1s humor\u00edsticamente l\u00facida de Jordi, y aunque ese YO no es \u00e9l, hay mucho de s\u00ed mismo en la obra, que seguro crear\u00e1 una fuerte conmoci\u00f3n e impacto entre sus fans. Un fragmento de este libro, el cap\u00edtulo 1, puede leerse en Lee Gratis. Y de hito literario puede calificarse que &#8220;&#8230;en un lugar llamado Tierra&#8221;, &#8220;Regreso a un lugar llamado Tierra&#8221; y &#8220;El testamento de un lugar llamado Tierra&#8221; (M\u00e1s de 200.000 libros venddos y m\u00e1s de 40 ediciones entre las tres) aparezcan por fin en un s\u00f3lo volumen, a los 25 a\u00f1os de su \u00e9xito como obra de referencia de la ciencia ficci\u00f3n espa\u00f1ola. Como colof\u00f3n, Jordi tendr\u00e1 desde ahora colecci\u00f3n propia en la ONG Interm\u00f3n Oxfam, Nadhari Joven, para hablar de temas duros y conflictivos. El primer libro de la colecci\u00f3n es &#8220;Nubes en el cielo&#8221; (catal\u00e1n y castellano), que muestra la dif\u00edcil convivencia de los hijos de los emigranres en Espa\u00f1a.<br \/>\n<\/span><\/span>JORDI EN EL METRO DE MADRID<\/p>\n<p>Desde el mes de julio, un fragmento de &#8220;Kafka y la mu\u00f1eca viajera&#8221; puede leerse en los vagones del metro de Madrid. Esta iniciativa de la Comunidad, habitual a\u00f1o a a\u00f1o, es la primera vez que cuenta con el Premio Nacional de Literatura Infantil y juvenil 2007, convertido ya en cl\u00e1sico junto a Ana Mar\u00eda Matute, Benito P\u00e9rez Gald\u00f3s, Fernando Fern\u00e1n G\u00f3mez, Eduardo Mendoza, Esponceda, Miguel de Unamuno o Juan Gel\u00e1n entre otros.<\/p>\n<p><span style=\"font-size: medium;\"><span style=\"font-size: medium;\"><br \/>\n<\/span><\/span><\/p>\n<div>\u00c9XITO DE &#8220;EL ENIGMA MAYA&#8221; (LAS HIJAS DE LAS TORMENTAS)<\/p>\n<p><img loading=\"lazy\" decoding=\"async\" src=\"http:\/\/www.sierraifabra.com\/ant\/fotos\/Image\/Privado\/Hijas%20Tormentas%201.jpg\" alt=\"\" width=\"171\" height=\"250\" \/><\/div>\n<p>&#8220;El enigma maya&#8221;, primera parte de la trilog\u00eda &#8220;Las hijas de las tormentas&#8221;, fue el libro de Jordi m\u00e1s vendido en el primer fin de semana de la Feria del Libro de Madrid, seguido por &#8220;La pagina escrita&#8221;, su m\u00e9todo para j\u00f3venes escritores. El hecho de que la segunda parte de la trilog\u00eda, &#8220;La cruz del Nilo&#8221;, aparezca en octubre de este 2008, y la tercera, &#8220;El quinto cristal&#8221;, lo haga en marzo de 2009, ha ayudado mucho a su r\u00e1pido despegue, pues muchos adictos a veces dudan en esperar dos a\u00f1os en completar una obra de estas dimensiones. El s\u00e1bado 31 de mayo en el suplemento cultural de El Pa\u00eds, Babelia, se destacaba que &#8220;El enigma maya&#8221; es una de las mejores obras de Jordi, y tambi\u00e9n de las m\u00e1s sorprendentes: &#8220;Primera entrega de la trilog\u00eda &#8220;Las hijas de las tormentas&#8221;, una saga fant\u00e1stica que combina el fantasy con la ciencia ficci\u00f3n y con una apasionante investigaci\u00f3n arqueol\u00f3gica centrada, en este episodio, en las ruinas mayas de M\u00e9xico. La acci\u00f3n arranca en 2012, cuando la joven Georgina Mir recibe una llamada de la embajada de Espa\u00f1a en M\u00e9xico en la que le comunican la desaparicion de su padre, un famoso arque\u00f3logo \u201413 a\u00f1os antes tambi\u00e9n su madre hab\u00eda desaparecido misteriorsamente\u2014. La joven decide viajar a M\u00e9xico, dispuesta a encontrar a su padre. All\u00ed descubrir\u00e1 que su madre es una de las Hijas de las Tormentas. Interesante, trepidante y entretenida, una estupenda novela para lectores j\u00f3venes y no tan j\u00f3venes&#8221;. A nivel internacional la trilog\u00eda &#8220;Las hijas de las tormentas&#8221; ha sido adquirida ya en primer lugar por Rusia. Los mayas van a ponerse de moda.<\/p>\n<p>EDICION ESPECIAL CONMEMORATIVA DE &#8220;CAMPOS DE FRESAS&#8221;<\/p>\n<p><img loading=\"lazy\" decoding=\"async\" src=\"http:\/\/www.sierraifabra.com\/ant\/fotos\/Image\/Privado\/Campos%20%28conmemorativo%29.jpg\" alt=\"\" width=\"133\" height=\"200\" \/><\/p>\n<p>La editorial SM ha publicado una edici\u00f3n especial conmemorativa del gran best seller de Jordi Sierra i Fabra &#8220;Campos de fresas&#8221;. Nueva portada (fotografiada del mural que Rafa Sa\u00f1udo y Carlos Velasco hicieron para ello), tapa dura y nuevo dise\u00f1o especial para fans que tengan viejo el original tanto como para nuevos lectores que se sumen a su lectura. &#8220;Campos de fresas&#8221; apareci\u00f3 en 1997 y desde entonces no ha parado de venderse y reeditarse. Como recordar\u00e9is, tambi\u00e9n fue llevada a la peque\u00f1a pantalla (desafortunadamente sin embargo) hace unos a\u00f1os.<\/p>\n<p>DE ABRIL A JUNIO: PRAGA, NUEVA YORK, LEON, FUENLABRADA, MADRID, VALENCIA Y COLOMBIA<\/p>\n<p>Apretada agenda la de Jordi entre abril, mayo y junio. Despu\u00e9s de intervenir en la Feria del Libro de Praga, donde Espa\u00f1a fue el pa\u00eds homejaneado; de ser invitado a la comida que con motivo de la entrega del Premio Cervantes se celebr\u00f3 en el Palacio Real de Madrid; de viajar el d\u00eda 7 de mayo rumbo a Nueva York invitado por el Instituto Cervantes; de dar el 14 el preg\u00f3n inaugural de la Feria de Le\u00f3n y desarrollar su seminario &#8220;La p\u00e1gina escrita&#8221; el d\u00eda 15, y de dar del 28 al 30 de mayo diversas charlas en escuelas de Fuenlabrada, Jordi firm\u00f3 su obra en la Feria de Madrid el primer fin de semana de la misma. El 6 de mayo en Valencia recibi\u00f3 el Premio Bibliotecario de Honor y ya enlaz\u00f3 con Colombia, para encerrarse posteriormente tres meses y medio a escribir, ilocalizable en su monta\u00f1a de Vallirana.<\/p>\n<div>JORDI RECIBI\u00d3 EL PREMIO NACIONAL DE LITERATURA EN EL FERROL<\/p>\n<p><img loading=\"lazy\" decoding=\"async\" src=\"http:\/\/www.sierraifabra.com\/ant\/fotos\/Image\/Privado\/Sentados%201.JPG\" alt=\"\" width=\"300\" height=\"205\" \/><\/div>\n<p><span style=\"font-size: medium;\"><span style=\"font-size: medium;\"><br \/>\nJordi Sierra i Fabra recibi\u00f3 el 29 de marzo en el teatro Jofre de El Ferrol y de mano del Ministro de Cultura el Premio Nacional de Literatura Infantil y Juvenil que le fue concedido el pasado 26 de octubre de 2007 por su novela &#8220;Kafka y la mu\u00f1eca viajera&#8221;. En el acto de la entrega, el ministro C\u00e9sar Antonio Molina volvi\u00f3 a destacar no s\u00f3lo la calidad humana del autor y de la obra galardonada, sino la labor que Jordi realiza a trav\u00e9s de sus dos Fundaciones, en Barcelona y Medell\u00edn. En la fotograf\u00eda pueden verse a algunos de los premiados, con Jordi a la derecha (identificable por su eterna guitarra de plata en la solapa de su chaqueta). Puedes ver imagenes de la entrega filmadas en you tube: <a href=\"http:\/\/www.youtube.com\/watch?v=sDEDqAa-29o\">http:\/\/www.youtube.com\/watch?v=sDEDqAa-29o<br \/>\n<\/a><br \/>\n<\/span><\/span><\/p>\n<div>LA PRINCESA DE ASTURIAS ENTREGA EL PREMIO LITERARIO JORDI SIERRA I FABRA A \u00c1FRICA V\u00c1ZQUEZ<\/p>\n<p><img loading=\"lazy\" decoding=\"async\" src=\"http:\/\/www.sierraifabra.com\/ant\/fotos\/Image\/Privado\/Letizia%20y%20Africa.JPG\" alt=\"\" width=\"145\" height=\"200\" \/>\u00a0\u00a0\u00a0\u00a0 <img loading=\"lazy\" decoding=\"async\" src=\"http:\/\/www.sierraifabra.com\/ant\/fotos\/Image\/Privado\/A%20y%20yo%20Premio%206.JPG\" alt=\"\" width=\"267\" height=\"200\" \/><\/div>\n<p><span style=\"font-size: medium;\"><span style=\"font-size: medium;\"><br \/>\nEl d\u00eda 25 de marzo su Alteza Real la Princesa de Asturias, Do\u00f1a Letizia Ortiz, entreg\u00f3 en Madrid el III Premio Jordi Sierra i Fabra de literatura para j\u00f3venes a \u00c1frica V\u00e1zquez Beltr\u00e1n, en el transcurso de la gran gala anual de los premios de Ediciones SM. En su parlamento, el ministro de Cultura, C\u00e9sar Antonio Molina, glos\u00f3 y destac\u00f3 la labor de Jordi a trav\u00e9s de este premio as\u00ed como de sus dos Fundaciones a ambos lados del Atl\u00e1ntico. Un reconocimiento p\u00fablico excepcional que el autor agradeci\u00f3 emocionado.<\/p>\n<p><\/span><\/span><\/p>\n<div>JORDI AJUSTA CUENTAS CON EL MUNDO EN &#8220;EL NI\u00d1O QUE SE CAY\u00d3 EN UN AGUJERO&#8221;<\/p>\n<p><img loading=\"lazy\" decoding=\"async\" src=\"http:\/\/www.sierraifabra.com\/ant\/fotos\/Image\/Privado\/Nino%20agujero.jpg\" alt=\"\" width=\"137\" height=\"200\" \/><\/div>\n<p><span style=\"font-size: medium;\"><span style=\"font-size: medium;\"><br \/>\n&#8220;El ni\u00f1o que se cay\u00f3 en un agujero&#8221; es sin duda una de las m\u00e1s aceradas cr\u00edticas sociales de Jordi sobre la indefensi\u00f3n de la infancia y la falta de atenci\u00f3n de los mayores. Una novela de rabiosa virulencia, aunque envuelta en el caracter\u00edstico tono humor\u00edstico del que suele hacer gala el autor, de manera que el lector cree en todo momento estar leyendo una historia divertida, cuando en realidad en la obra no se deja t\u00edtere con cabeza. La galer\u00eda de personajes que desfilan por delante del ni\u00f1o ca\u00eddo en un agujero es impresionante por la forma en que Jordi les desnuda en apenas unas l\u00edneas. El libro inaugura una nueva colecci\u00f3n en la innovadora y prestigiosa editorial Libros del Zorro Rojo<\/span><\/span><\/p>\n<div>\n\u00a1ATENCION A LAS GRANDES NOVEDADES PARA ABRIL Y MAYO DE 2008!<\/div>\n<p><span style=\"font-size: medium;\"><span style=\"font-size: medium;\"><br \/>\n<\/span><\/span><\/p>\n<div><img loading=\"lazy\" decoding=\"async\" src=\"http:\/\/www.sierraifabra.com\/ant\/fotos\/Image\/Privado\/Hijas%20Tormentas%201.jpg\" alt=\"\" width=\"137\" height=\"200\" \/> \u00a0 \u00a0 <img loading=\"lazy\" decoding=\"async\" src=\"http:\/\/www.sierraifabra.com\/ant\/fotos\/Image\/Privado\/cuatro%20dias%20de%20enero%20b.jpg\" alt=\"\" width=\"130\" height=\"200\" \/>\u00a0\u00a0\u00a0\u00a0 <img loading=\"lazy\" decoding=\"async\" src=\"http:\/\/www.sierraifabra.com\/ant\/fotos\/Image\/Privado\/lagrimas.jpg\" alt=\"\" width=\"121\" height=\"200\" \/><\/p>\n<p><img loading=\"lazy\" decoding=\"async\" src=\"http:\/\/www.sierraifabra.com\/ant\/fotos\/Image\/Privado\/Fuegos%20memoria.jpg\" alt=\"\" width=\"127\" height=\"200\" \/>\u00a0\u00a0\u00a0\u00a0\u00a0 <img loading=\"lazy\" decoding=\"async\" src=\"http:\/\/www.sierraifabra.com\/ant\/fotos\/Image\/Privado\/Mariposas%20y%20libelulas.jpg\" alt=\"\" width=\"133\" height=\"200\" \/><\/div>\n<p><span style=\"font-size: medium;\"><span style=\"font-size: medium;\"><br \/>\nJordi Sierra i Fabra ha publicado en los primeros meses de 2008 algunas de sus obras m\u00e1s importantes, y para todos los p\u00fablicos. En primer lugar tenemos &#8220;El enimga maya&#8221; Edeb\u00e9), primera parte de la trilog\u00eda &#8220;Las hijas de las tormentas&#8221; (la segunda parte, &#8220;La cruz del Nilo&#8221;, aparecer\u00e1 a fines de 2008 y la tercera, &#8220;El quinto cristal&#8221;, a comienzos de 2009). Las tres obras, que ya han sido escritas, son el resultado de casi dos a\u00f1os de trabajo y viajes, puesto que se trata de un ambicioso proyecto que mezcla la arqueolog\u00eda a lo Indiana Jones y el misterio a lo Expediente X. Basado en las predicciones mayas sobre el fin del mundo en diciembre de 2012, &#8220;El enigma maya&#8221; es una apasionante historia de b\u00fasqueda y revelaciones que seguro ser\u00e1 un \u00e9xito internacional (Puede leerse un cap\u00edtulo del libro en &#8220;Lee Gratis&#8221;). La segunda novela de Jordi es &#8220;Cuatro d\u00edas de enero&#8221; (Plaza y Jan\u00e9s), un relato policiaco ambientado entre el 23 y el 26 de enero de 1939, es decir, los d\u00edas en que Barcelona qued\u00f3 desguarnecida a la espera de la entrada de las tropas de Franco y el fin de la guerra civil. El \u00faltimo polic\u00eda de la ciudad, que no puede irse como los dem\u00e1s, ha de resolver, solo y sin medios, el caso final de su vida: la desaparici\u00f3n de una adolescente hija de una vieja prostituta. La tercera novela b\u00e1sica es &#8220;L\u00e1grimas de sangre&#8221; (Alfaguara), sobre la violencia de g\u00e9nero. Un joven encuentra a su madre apalizada en casa, coge un cuchillo y sale en busca de su padre para matarle. Una cruda historia, reflejo de una realidad por desgracia muy actual (Puede leerse un cap\u00edtulo del libro en &#8220;Lee Gratis&#8221;). &#8220;Los fuegos de la memoria&#8221; (Algar en castellano y Bromera en catal\u00e1n), Premio Bancaixa de Narrativa, es una novela de misterio basada en algo tr\u00e1gicamente actual, la recuperaci\u00f3n de la memoria hist\u00f3rica. La deliciosa pero tambi\u00e9n sorprendente &#8220;Una dulce historia de mariposas y lib\u00e9lulas&#8221; (Siruela) es un canto a la vida partiendo de la muerte. Por \u00faltimo, ya en mayo, la sat\u00edtica e iconoclasta &#8220;Yo&#8221; (SM en la colecci\u00f3n Los Libros de Jordi) con la que su autor nos muestra su lado m\u00e1s divertido. Cabe decir que el Yo de la novela NO ES JORDI, sino el alucinante protagonista de la misma.<\/p>\n<p><\/span><\/span><\/p>\n<div>JORDI EN COLOMBIA<\/div>\n<p><span style=\"font-size: medium;\"><span style=\"font-size: medium;\"><br \/>\nJordi Sierra i Fabra estuvo del 2 al 15 de marzo en Bogot\u00e1 y Medell\u00edn, Colombia, en medio de los tambores de guerra que asolaron el pa\u00eds la primera semana de marzo. En el transcurso de su viaje dio veinte charlas en colegios de la mano de Edeb\u00e9, Alfaguara, Panamericana y SM; llev\u00f3 a cabo una nueva sesi\u00f3n de su seminario &#8220;La p\u00e1gina escrita&#8221; (seg\u00fan el libro editado por Ediciones SM); estableci\u00f3 contacto con el Centro Cultural Gabriel Garc\u00eda M\u00e1rquez para futuras colaboraciones y consolid\u00f3 importantes acuerdos editoriales con Norma y Panamericana (sus editoras colombianas) as\u00ed como con el Grupo SM de Colombia. En Medell\u00edn compr\u00f3 un piso que ser\u00e1 la nueva sede de su Fundaci\u00f3n Taller de Letras Jordi Sierra i Fabra, que ha mantenido un crecimiento imparable desde su nacimiento en noviembre de 2004 (s\u00f3lo en 2007 la Fundaci\u00f3n ha realizado en Medell\u00edn 3.090 actividades que han involucrado a 108.860 j\u00f3venes).<\/p>\n<p><\/span><\/span><\/p>\n<div>JORDI ELEGIDO BIBLIOTECARIO DE HONOR EN VALENCIA<\/div>\n<p><span style=\"font-size: medium;\"><span style=\"font-size: medium;\"><br \/>\nL&#8217;Associaci\u00f3 de Bibliotecaris Valencians ha elegido a Jordi Sierra i Fabra Bibliotecari d\u00b4Honor 2008 por ser el autor m\u00e1s le\u00eddo por los j\u00f3venes en las bibliotecas de la Comunidad, igual que lo es en Catalunya y otras de Espa\u00f1a. El premio, que ha sido recibido con anterioridad por autores como Umberto Eco o Juan Jos\u00e9 Mill\u00e1s, le ser\u00e1 entregado a Jordi en Valencia el 6 de junio, en el transcurso de la gala de los Premios Samaruc de literatura infantil y juvenil.<br \/>\n<\/span><\/span><\/p>\n<div>\nSE FALLA EN BARCELONA EL TERCER PREMIO LITERARIO JORDI SIERRA I FABRA PARA J\u00d3VENES<\/p>\n<div>\n<p>\u00a0\u00a0\u00a0 \u00c1frica V\u00e1zquez Beltr\u00e1n ha sido la vencedora del Tercer Premio Literario Jordi Sierra i Fabra para J\u00f3venes 2008 con su novela &#8220;Con vistas al cielo&#8221;, presentada a concurso con el pseud\u00f3nimo de Europa. \u00c1frica es de Zaragoza, donde naci\u00f3 el 30 de noviembre de 1990, y \u00e9ste era su primer intento de conseguir el m\u00e1s preciado galard\u00f3n juvenil de la literatura hispana. La vencedora se embolsar\u00e1 los 3.000 euros del premio pero, lo m\u00e1s importante, ver\u00e1 editada su obra en Ediciones SM, autentica entrada en el mundo de las letras por la puerta grande. El jurado debati\u00f3 durante tres horas en torno a los siete finalistas puesto que todos merec\u00edan la opci\u00f3n del premio, pero la sencillez y la elegancia de la obra ganadora, as\u00ed como su gran trabajo de investigaci\u00f3n, lo decantaron de su lado finalmente. Menci\u00f3n especial tambi\u00e9n para el primer finalista, &#8220;Tras la imagen de la imaginaci\u00f3n&#8221;, una soberbia novela de ciencia ficci\u00f3n escrita por el m\u00e1s joven de los siete finalistas. A continuaci\u00f3n, &#8220;El sue\u00f1o de un l\u00e1piz rojo&#8221; destac\u00f3 por su calidad humana y &#8220;Sonr\u00ede, Damien&#8221; por su extraordinario pulso policial.<br \/>\nAl premio Jordi Sierra i Fabra se han presentado 63 novelas o conjuntos de relatos o cuentos procedenes de toda Espa\u00f1a, as\u00ed como de Colombia, Argentina y M\u00e9xico. Un \u00e9xito absoluto por la maestr\u00eda narrativa o el ingenio de muchas de las obras. Por sexos se presentaron 44 chicas y 19 chicos.<br \/>\nM\u00e1s informaci\u00f3n, finalistas y Lista de Honor, en la p\u00e1gina de la Fundaci\u00f3 Jordi Sierra i Fabra (Premio Literario Jordi Sierra i Fabra 2008) en esta misma web.<\/p>\n<\/div>\n<\/div>\n<div>JORDI SIERRA I FABRA GANA LA MAS DURA DE SUS BATALLAS<\/div>\n<p><span style=\"font-size: medium;\"><br \/>\nJordi vuelve a sus actividades a pleno rendimiento despu\u00e9s de ser cancelada la intervenci\u00f3n quir\u00fargica que deb\u00eda de practic\u00e1rsele a comienzos de 2008 seg\u00fan se inform\u00f3 en esta p\u00e1gina de &#8220;Noticias&#8221; y en &#8220;Encuentros y presentaciones&#8221; de Sala de Prensa en esta misma web. Un c\u00e1ncer descubierto en junio de 2007 y que no le impidi\u00f3 escribir o viajar hasta el d\u00eda de hoy era la causa de todo ello. Superado el contratiempo y, moment\u00e1neamente victorioso de esa batalla, el autor se dispone a mantener su vida con renovada ilusi\u00f3n y fuerza, aunque en ning\u00fan momento a lo largo de estos meses se rindi\u00f3 o dio muestras de sentirse afectado por el tema, confiado y optimista como siempre.<\/span><\/div>\n","protected":false},"excerpt":{"rendered":"<p>OVACI\u00d3N PARA JORDI EN LA FILIJ DE M\u00c9XICO \u00a0\u00a0\u00a0 Jordi Sierra i Fabra asisti\u00f3 del 15 al 23 de noviembre a la Feria Internacional del Libro Infantil y Juvenil de M\u00e9xico DF. All\u00ed, adem\u00e1s de presentar la Fundaci\u00f3 que lleva su nombre y los libros&hellip; <a class=\"read-more\" href=\"https:\/\/sierraifabra.com\/?page_id=253&#038;lang=es\">Read more<\/a><\/p>\n","protected":false},"author":101012,"featured_media":0,"parent":311,"menu_order":0,"comment_status":"closed","ping_status":"closed","template":"","meta":{"footnotes":""},"class_list":["post-253","page","type-page","status-publish","hentry"],"aioseo_notices":[],"_links":{"self":[{"href":"https:\/\/sierraifabra.com\/index.php?rest_route=\/wp\/v2\/pages\/253","targetHints":{"allow":["GET"]}}],"collection":[{"href":"https:\/\/sierraifabra.com\/index.php?rest_route=\/wp\/v2\/pages"}],"about":[{"href":"https:\/\/sierraifabra.com\/index.php?rest_route=\/wp\/v2\/types\/page"}],"author":[{"embeddable":true,"href":"https:\/\/sierraifabra.com\/index.php?rest_route=\/wp\/v2\/users\/101012"}],"replies":[{"embeddable":true,"href":"https:\/\/sierraifabra.com\/index.php?rest_route=%2Fwp%2Fv2%2Fcomments&post=253"}],"version-history":[{"count":0,"href":"https:\/\/sierraifabra.com\/index.php?rest_route=\/wp\/v2\/pages\/253\/revisions"}],"up":[{"embeddable":true,"href":"https:\/\/sierraifabra.com\/index.php?rest_route=\/wp\/v2\/pages\/311"}],"wp:attachment":[{"href":"https:\/\/sierraifabra.com\/index.php?rest_route=%2Fwp%2Fv2%2Fmedia&parent=253"}],"curies":[{"name":"wp","href":"https:\/\/api.w.org\/{rel}","templated":true}]}}