{"id":265,"date":"2015-07-22T09:33:31","date_gmt":"2015-07-22T09:33:31","guid":{"rendered":"http:\/\/thewalrushub.com\/jordi\/?page_id=265"},"modified":"2018-01-15T17:21:30","modified_gmt":"2018-01-15T16:21:30","slug":"noticias-2014","status":"publish","type":"page","link":"https:\/\/sierraifabra.com\/?page_id=265&lang=es","title":{"rendered":"Noticias 2014"},"content":{"rendered":"<p style=\"text-align: center;\"><strong><span style=\"font-size: large;\">JORDI EN NUEVA YORK<\/span><\/strong><br \/>\n<img loading=\"lazy\" decoding=\"async\" class=\"alignnone wp-image-2114 size-medium aligncenter\" src=\"http:\/\/sierraifabra.com\/wp-content\/uploads\/2015\/07\/NY2014-227x300.jpg\" alt=\"\" width=\"227\" height=\"300\" srcset=\"https:\/\/sierraifabra.com\/wp-content\/uploads\/2015\/07\/NY2014-227x300.jpg 227w, https:\/\/sierraifabra.com\/wp-content\/uploads\/2015\/07\/NY2014.jpg 302w\" sizes=\"auto, (max-width: 227px) 100vw, 227px\" \/><\/p>\n<p>\u00a0\u00a0\u00a0\u00a0\u00a0 Para preparar el gui\u00f3n de dos de sus pr\u00f3ximas novelas, y ver diversos espect\u00e1culos (sobre todo musicales), Jordi ha pasado dos semanas en Nueva York en el m\u00e1s completo anonimato.<\/p>\n<p style=\"text-align: center;\"><strong><span style=\"font-size: large;\">JORDI EN LA FERIA DEL LIBRO DE MEDELL\u00cdN<br \/>\nY EL HAY FESTIVAL DE XALAPA EN M\u00c9XICO<\/span><\/strong><br \/>\n<a><img decoding=\"async\" src=\"http:\/\/www.sierraifabra.com\/2011\/data\/upimages\/thumbs\/Hay2014.jpg\" alt=\"Hay2014.jpg\" align=\"none\" border=\"0\" hspace=\"15\" vspace=\"5\" \/><\/a><\/p>\n<p>\u00a0\u00a0\u00a0\u00a0\u00a0 Periplo post estival para Jordi, que viaj\u00f3 a Medell\u00edn para participar en la 8\u00aa Fiesta del Libro, organizada en este 2014 por su Fundaci\u00f3n por encargo de la Alcald\u00eda, muestra y prueba del potencial que el Taller de Letras ha llegado a tener en la ciudad. Tras ello, Jordi intervino en diversos actos en el Hay Festival de Xalapa, en M\u00e9xico, destacado como uno de los invitados estelares del evento.<\/p>\n<p style=\"text-align: center;\"><strong><span style=\"font-size: large;\">UNA NOVELA MUY ESPECIAL, &#8220;AL SUR DE NINGUNA PARTE&#8221;, Y EL SEGUNDO CASO DEL INSPECTOR HILARI SOLER<\/span><\/strong><br \/>\n<a><img loading=\"lazy\" decoding=\"async\" src=\"http:\/\/www.sierraifabra.com\/2011\/data\/upimages\/Libros\/thumbs\/Alsur.JPG\" alt=\"Alsur.JPG\" width=\"123\" height=\"212\" align=\"none\" border=\"0\" hspace=\"15\" vspace=\"5\" \/><\/a><a><img loading=\"lazy\" decoding=\"async\" src=\"http:\/\/www.sierraifabra.com\/2011\/data\/upimages\/Libros\/thumbs\/HilariSoler2.jpg\" alt=\"HilariSoler2.jpg\" width=\"129\" height=\"209\" align=\"none\" border=\"0\" hspace=\"15\" vspace=\"5\" \/><\/a><\/p>\n<p>\u00a0\u00a0\u00a0\u00a0\u00a0 Uno de los libros favoritos de Jordi siempre ha sido &#8220;Matar a un ruise\u00f1or&#8221;, y desde a\u00f1os persegu\u00eda la idea de escribir una novela en el mismo estilo: un brutal asesinato visto por los ojos de un ni\u00f1o. Y aqu\u00ed est\u00e1 <b>&#8220;Al sur de Ninguna Parte&#8221;<\/b> (Edeb\u00e9), una exquisita historia que transcurre en Baland\u00fa, un pueblecio de la Colombia m\u00e1s profunda a fines de los a\u00f1os 70. Emotividad, misterio y sensibilidad a flor de piel para uno de los libros m\u00e1s esperados del a\u00f1o. En catal\u00e1n, Jordi tambi\u00e9n edita <b>&#8220;L&#8217;ombra del sabre&#8221;<\/b> (Ara Llibres), segunda novela de su personaje Hilari Soler, un polic\u00eda bada convencional de comienzos de los a\u00f1os 60.<\/p>\n<p style=\"text-align: center;\"><strong><span style=\"font-size: large;\">&#8220;CAMPOS DE FRESAS&#8221; CONVERTIDO EN UN MUSICAL<\/span><\/strong><br \/>\n<a><img decoding=\"async\" src=\"http:\/\/www.sierraifabra.com\/2011\/data\/upimages\/thumbs\/Elenco11.jpg\" alt=\"Elenco11.jpg\" align=\"none\" border=\"0\" hspace=\"15\" vspace=\"5\" \/><\/a><\/p>\n<p>\u00a0\u00a0\u00a0\u00a0\u00a0 La compa\u00f1\u00eda La Xarxa, de Torell\u00f3 (Barcelona), estren\u00f3 con \u00e9xito una versi\u00f3n teatral de la famosa novela de Jordi, &#8220;Camposa de fresas&#8221;, convertida adem\u00e1s en un espect\u00e1culo musical. Es la tercera obra que presentan, despu\u00e9s de &#8220;Arturo&#8221; y &#8220;Lennon&#8221; (tambi\u00e9n musical y basada en &#8220;El joven Lennon&#8221;). Jordi asisti\u00f3 en persona a la presentaci\u00f3n.<\/p>\n<p style=\"text-align: center;\"><strong><span style=\"font-size: large;\">PARA EL VERANO DE 2014, &#8220;ZIGZAG&#8221; Y &#8220;BERTA MIR 5&#8221;<\/span><\/strong><br \/>\n<a><img loading=\"lazy\" decoding=\"async\" src=\"http:\/\/www.sierraifabra.com\/2011\/data\/upimages\/Libros\/thumbs\/Zigzagportada.jpg\" alt=\"Zigzagportada.jpg\" width=\"121\" height=\"197\" align=\"none\" border=\"0\" hspace=\"15\" vspace=\"5\" \/><\/a><\/p>\n<p>\u00a0\u00a0\u00a0\u00a0\u00a0 La nueva novela de Jordi en Alfaguara es toda una sorpresa, ante todo porque el protagonista es un antiheroe, un peque\u00f1o estafador de 18 a\u00f1os que se cuela en entierros de hombres mayores y finge ser un hijo ileg\u00edtimo del muerto. Las viudas acaban dando dinero para que se vaya. Pero un buen d\u00eda se mete donde no debe&#8230; y ah\u00ed empiezan los l\u00edos. Divertida, audaz y muy sorprendente. Su t\u00edtulo: <b>&#8220;Zigzag&#8221;<\/b>. Y en Siruela, &#8220;<b>El caso del asesino invisible&#8221;<\/b>, la quinta y \u00faltima novela de la serie Berta Mir. Ha pasado un a\u00f1o desde que se hizo cargo de la agencia de defectives de su padre, y aqu\u00ed se cierran todos los hilos. Se edita el disco de su grupo, decide qu\u00e9 hacer con la agencia, su padre, su madre, el cantante del que est\u00e1 enamorada, e incluso descubre por qu\u00e9 la protege el inspector Sanlleh\u00ed. Todo ello mientras lidia con dos casos espectaculares que implican a los sicarios colombianos de la droga por un lado y un chantaje en la red por el otro.<\/p>\n<p style=\"text-align: center;\"><strong><span style=\"font-size: large;\">&#8220;POR UN PU\u00d1ADO DE BESOS&#8221;<\/span><\/strong><br \/>\n<a><img loading=\"lazy\" decoding=\"async\" src=\"http:\/\/www.sierraifabra.com\/2011\/data\/upimages\/thumbs\/Pelicula.jpg\" alt=\"Pelicula.jpg\" width=\"125\" height=\"178\" align=\"none\" border=\"0\" hspace=\"15\" vspace=\"5\" \/><\/a><a><img loading=\"lazy\" decoding=\"async\" src=\"http:\/\/www.sierraifabra.com\/2011\/data\/upimages\/thumbs\/Cast.jpg\" alt=\"Cast.jpg\" width=\"257\" height=\"177\" align=\"none\" border=\"0\" hspace=\"15\" vspace=\"5\" \/><\/a><\/p>\n<p>\u00a0\u00a0\u00a0\u00a0\u00a0 Se estreno en toda Espa\u00f1a la pel\u00edcula <b>&#8220;Por un pu\u00f1ado de besos&#8221;<\/b>, basada en la novela <b>&#8220;Un poco de abril, algo de mayo, todo septiembre&#8221;<\/b>, escrita por Jordi Sierra i Fabra. Hubo &#8220;alfombra roja&#8221; en Madrid el 14 de mayo, en el Cine Callao, con asistencia de todo el elenco art\u00edstico, y al d\u00eda siguiente, en 200 salas, se proyect\u00f3 a nivel nacional. En pr\u00f3ximas semana se podr\u00e1 ver en Latinoam\u00e9rica puesto que es una co-producci\u00f3n hispano-venezolana. La mismos d\u00edas del estreno, con el t\u00edtulo de la pel\u00edcula y nueva portada, se reedit\u00f3 la novela, en castellano a cargo de Montena y en catal\u00e1n a cargo de Bromera.<\/p>\n<p style=\"text-align: center;\"><strong><span style=\"font-size: large;\">JORDI EN LA FERIA DEL LIBRO DE BOGOT\u00c1<\/span><\/strong><br \/>\n<a><img loading=\"lazy\" decoding=\"async\" src=\"http:\/\/www.sierraifabra.com\/2011\/data\/upimages\/Manual\/thumbs\/MuralBogota1.JPG\" alt=\"MuralBogota1.JPG\" width=\"93\" height=\"70\" align=\"none\" border=\"0\" hspace=\"15\" vspace=\"5\" \/><\/a><a><img loading=\"lazy\" decoding=\"async\" src=\"http:\/\/www.sierraifabra.com\/2011\/data\/upimages\/Manual\/thumbs\/Homenaje4.jpg\" alt=\"Homenaje4.jpg\" width=\"140\" height=\"71\" align=\"none\" border=\"0\" hspace=\"15\" vspace=\"5\" \/><\/a><a><img loading=\"lazy\" decoding=\"async\" src=\"http:\/\/www.sierraifabra.com\/2011\/data\/upimages\/Manual\/thumbs\/Homenaje5.jpg\" alt=\"Homenaje5.jpg\" width=\"176\" height=\"73\" align=\"none\" border=\"0\" hspace=\"15\" vspace=\"5\" \/><\/a><\/p>\n<p>\u00a0\u00a0\u00a0\u00a0\u00a0 Del 1 al 5 de mayo Jordi Sierra i Fabra fue una de las estrellas invitadas a la 27 Feria del Libro de Bogot\u00e1. Con pabellones llenos de su imagen, firmas de libros, encuentros con estudiantes y entrevistas en radio, prensa y TV, el acto central de su estancia en la capital de Colombia tuvo lugar el domingo d\u00eda 4, con motivo del homenaje que su editorial colombiana, Panamericana, le tribut\u00f3, y al que asistieron varios miembros del equipo de la Fundaci\u00f3n Taller de Letras Jordi Sierra i Fabra de Medell\u00edn. Como parte del homenaje se present\u00f3 un video sobre los 10 a\u00f1os de la Fundaci\u00f3n en el pa\u00eds.<\/p>\n<p style=\"text-align: center;\"><span style=\"font-size: large;\"><b>PRESENTACI\u00d3N DE &#8220;DESNUDA&#8221;<\/b><\/span><br \/>\n<a><img loading=\"lazy\" decoding=\"async\" src=\"http:\/\/www.sierraifabra.com\/2011\/data\/upimages\/Libros\/thumbs\/Desnudaportada.jpg\" alt=\"Desnudaportada.jpg\" width=\"92\" height=\"133\" align=\"none\" border=\"0\" hspace=\"15\" vspace=\"5\" \/><\/a><\/p>\n<p>\u00a0\u00a0\u00a0\u00a0\u00a0 El d\u00eda 29 de abril se present\u00f3 en FNAC de Callao, en Madrid, la novela &#8220;Desnuda&#8221;, con Jordi y un psic\u00f3logo en la mesa, para hablar del latente tema que trata el libro: la violencia de g\u00e9nero entre adolescentes. En dos sesiones con el sal\u00f3n lleno de estudiantes, se debati\u00f3 en profundidad un asunto que vuelve a ser prioritario en nuestra sociedad. La novela est\u00e1 causando ya sensaci\u00f3n en las redes sociales y el p\u00fablico, por la acerada visi\u00f3n de Jordi y por la t\u00e9cnica empleada para escribor un libro nada f\u00e1cil.<\/p>\n<p style=\"text-align: center;\"><strong><span style=\"font-size: large;\">JORDI EN TV Y PREMIADO<\/span><\/strong><br \/>\n<a><img loading=\"lazy\" decoding=\"async\" src=\"http:\/\/www.sierraifabra.com\/2011\/data\/upimages\/thumbs\/desayunos.jpg\" alt=\"desayunos.jpg\" width=\"176\" height=\"97\" align=\"none\" border=\"0\" hspace=\"15\" vspace=\"5\" \/><\/a><a><img loading=\"lazy\" decoding=\"async\" src=\"http:\/\/www.sierraifabra.com\/2011\/data\/upimages\/thumbs\/premiotempli.jpg\" alt=\"premiotempli.jpg\" width=\"175\" height=\"97\" align=\"none\" border=\"0\" hspace=\"15\" vspace=\"5\" \/><\/a><\/p>\n<p>\u00a0\u00a0\u00a0\u00a0\u00a0 El 21 de febrero fue un d\u00eda especial para Jordi. Por la ma\u00f1ana fue entrevistado en el popular programa Los Desayunos de TVE, donde present\u00f3 su nueva novela <b>&#8220;Seis d\u00edas de diciembre&#8221;<\/b> y habl\u00f3 de la pel\u00edcula <b>&#8220;Por un pu\u00f1ado de besos&#8221;<\/b> (basada en su novela <b>&#8220;Un poco de abril, algo de mayo, todo septiembre&#8221;<\/b>, que se reeditar\u00e1 coincidiendo con el estreno en mayo) dirigida por David Menkes. Por la tarde fue premiado con un Templi de la revista El Templo de las Mil Puertas al mejor libro del a\u00f1o correspondiente a serie o saga nacional, por su novela <b>&#8220;El caso del martillo blanco&#8221;<\/b>, cuarta entrega del personaje Berta Mir.<\/p>\n<p style=\"text-align: center;\"><strong><span style=\"font-size: large;\">PREMIO JORDI SIERRA I FABRA 2014<\/span><\/strong><a><img decoding=\"async\" class=\"aligncenter\" src=\"http:\/\/www.sierraifabra.com\/2011\/data\/upimages\/Libros\/thumbs\/Jurado2014.JPG\" alt=\"Jurado2014.JPG\" align=\"none\" border=\"0\" hspace=\"15\" vspace=\"5\" \/><\/a><\/p>\n<p style=\"text-align: left;\">\u00a0\u00a0\u00a0\u00a0\u00a0 El 11 de febrero se ha fallado en Barcelona el IX Premio Jordi Sierra i Fabra para J\u00f3venes. La vencedora ha sido Cristina L\u00f3pez-Perea Villaca\u00f1as, de Madrid, con la novela &#8220;Siete formas de ver el mundo&#8221;. Era la tercera vez que se presentaba al certamen. Cristina quiere ser editora y estudia Administraci\u00f3n y Direcci\u00f3n de Empresa y Marketing. En la foto, el jurado (el quinto miembro interven\u00eda v\u00eda skype) deliberando entre los finalistas.<\/p>\n<p style=\"text-align: center;\"><strong><span style=\"font-size: large;\">&#8220;SEIS D\u00cdAS DE DICIEMBRE&#8221;, LA QUINTA DE MASCARELL<\/span><\/strong><a><img decoding=\"async\" class=\"aligncenter\" src=\"http:\/\/www.sierraifabra.com\/2011\/data\/upimages\/Libros\/thumbs\/Seis_dias_portada.jpg\" alt=\"Seis_dias_portada.jpg\" align=\"none\" border=\"0\" hspace=\"15\" vspace=\"5\" \/><\/a><\/p>\n<p style=\"text-align: left;\">\u00a0\u00a0\u00a0\u00a0\u00a0 Comienza 2014 con la quinta entrega de la serie de novelas protagonizadas por el exinspector republicano Miquel Mascarell, el personaje de m\u00e1s \u00e9xito creado por Jordi a lo largo de su carrera. En este caso, el viejo polic\u00eda se enfrenta a una sorprendente trama internacional: un <i>Monument Men<\/i> (los hombres y mujeres que tras la Segunda Guerra Mundial se encargaban de recuperar las obras de arte robadas por los nazis) aparece muerto en Barcelona. Le segu\u00eda la pista a un nazi que trata de escapar con varias obras muy valiosas. Como siempre, Miquel se ver\u00e1 envuelto en un caso que su instinto le llevar\u00e1 a manejar hasta las \u00faltimas consecuencias. Es curioso que esta novela, prepara por Jordi hace dos a\u00f1os, coincida casualmente con el estreno de una pel\u00edcula sobre los <i>Monument Men<\/i>, dirigida por George Clooney. <b>&#8220;Seis d\u00edas de diciembre&#8221;<\/b> aparece en castellano en Plaza y Jan\u00e9s y en catal\u00e1n en Rosa dels Vents.<\/p>\n<p style=\"text-align: center;\"><strong><span style=\"font-size: large;\">HAZTE SOCIO DE LA<br \/>\nFUNDACIO JORDI SIERRA I FABRA<br \/>\nAY\u00daDANOS A SER SOSTENIBLES<\/span><\/strong><a href=\"http:\/\/www.sierraifabra.com\/2011\/data\/upimages\/Cuotassocios.jpg\"><img loading=\"lazy\" decoding=\"async\" class=\"alignnone aligncenter\" src=\"http:\/\/www.sierraifabra.com\/2011\/data\/upimages\/thumbs\/Cuotassocios.jpg\" alt=\"Cuotassocios.jpg\" width=\"221\" height=\"325\" align=\"none\" border=\"0\" hspace=\"15\" vspace=\"5\" \/><\/a><\/p>\n<p style=\"text-align: left;\"><span style=\"font-size: large;\">\u00a0\u00a0\u00a0\u00a0\u00a0 Descarga, copia o escanea la parte inferior de esta hoja (haz clic encima para verla ampliada). Rell\u00e9nala con tus datos, di lo que quieres aportar y sonr\u00ede como lo har\u00e1n los ni\u00f1os y j\u00f3venes a los que ayudamos.<\/span><span style=\"font-size: large;\"><br \/>\n\u00a1Gracias!<\/span><\/p>\n","protected":false},"excerpt":{"rendered":"<p>JORDI EN NUEVA YORK \u00a0\u00a0\u00a0\u00a0\u00a0 Para preparar el gui\u00f3n de dos de sus pr\u00f3ximas novelas, y ver diversos espect\u00e1culos (sobre todo musicales), Jordi ha pasado dos semanas en Nueva York en el m\u00e1s completo anonimato. JORDI EN LA FERIA DEL LIBRO DE MEDELL\u00cdN Y EL&hellip; <a class=\"read-more\" href=\"https:\/\/sierraifabra.com\/?page_id=265&#038;lang=es\">Read more<\/a><\/p>\n","protected":false},"author":101012,"featured_media":0,"parent":311,"menu_order":0,"comment_status":"closed","ping_status":"closed","template":"","meta":{"footnotes":""},"class_list":["post-265","page","type-page","status-publish","hentry"],"aioseo_notices":[],"_links":{"self":[{"href":"https:\/\/sierraifabra.com\/index.php?rest_route=\/wp\/v2\/pages\/265","targetHints":{"allow":["GET"]}}],"collection":[{"href":"https:\/\/sierraifabra.com\/index.php?rest_route=\/wp\/v2\/pages"}],"about":[{"href":"https:\/\/sierraifabra.com\/index.php?rest_route=\/wp\/v2\/types\/page"}],"author":[{"embeddable":true,"href":"https:\/\/sierraifabra.com\/index.php?rest_route=\/wp\/v2\/users\/101012"}],"replies":[{"embeddable":true,"href":"https:\/\/sierraifabra.com\/index.php?rest_route=%2Fwp%2Fv2%2Fcomments&post=265"}],"version-history":[{"count":0,"href":"https:\/\/sierraifabra.com\/index.php?rest_route=\/wp\/v2\/pages\/265\/revisions"}],"up":[{"embeddable":true,"href":"https:\/\/sierraifabra.com\/index.php?rest_route=\/wp\/v2\/pages\/311"}],"wp:attachment":[{"href":"https:\/\/sierraifabra.com\/index.php?rest_route=%2Fwp%2Fv2%2Fmedia&parent=265"}],"curies":[{"name":"wp","href":"https:\/\/api.w.org\/{rel}","templated":true}]}}