{"id":3755,"date":"2017-02-02T19:59:32","date_gmt":"2017-02-02T18:59:32","guid":{"rendered":"http:\/\/sierraifabra.com\/?page_id=3755"},"modified":"2025-09-29T13:21:09","modified_gmt":"2025-09-29T11:21:09","slug":"mapa-del-sitio-es","status":"publish","type":"page","link":"https:\/\/sierraifabra.com\/?page_id=3755&lang=es","title":{"rendered":"MAPA DEL SITIO WEB"},"content":{"rendered":"<h4>Estructura completa de contenidos en espa\u00f1ol, por orden alfab\u00e9tico.<\/h4>\n\n<!-- Page-list plugin v.5.9 wordpress.org\/plugins\/page-list\/ -->\n<ul class=\"page-list \">\n<li class=\"page_item page-item-855\"><a href=\"https:\/\/sierraifabra.com\/?page_id=855&#038;lang=en\">A Selection of Works<\/a><\/li>\n<li class=\"page_item page-item-868\"><a href=\"https:\/\/sierraifabra.com\/?page_id=868&#038;lang=en\">Astrid Lindgren&#8217;s Award 2015, 2017, 2020 and 2021 and Andersen\u00b4s Award Candidatures 2006, 2010, 2020 and 2022<\/a><\/li>\n<li class=\"page_item page-item-62\"><a href=\"https:\/\/sierraifabra.com\/?page_id=62&#038;lang=es\">Biograf\u00eda<\/a><\/li>\n<li class=\"page_item page-item-819\"><a href=\"https:\/\/sierraifabra.com\/?page_id=819&#038;lang=ca\">Biografia<\/a><\/li>\n<li class=\"page_item page-item-831\"><a href=\"https:\/\/sierraifabra.com\/?page_id=831&#038;lang=en\">Biography<\/a><\/li>\n<li class=\"page_item page-item-864\"><a href=\"https:\/\/sierraifabra.com\/?page_id=864&#038;lang=en\">Comments in the press<\/a><\/li>\n<li class=\"page_item page-item-5280\"><a href=\"https:\/\/sierraifabra.com\/?page_id=5280&#038;lang=es\">Cuentos para la Covid<\/a><\/li>\n<li class=\"page_item page-item-133 page_item_has_children\"><a href=\"https:\/\/sierraifabra.com\/?page_id=133&#038;lang=es\">Fotos<\/a>\n<ul class='children'>\n\t<li class=\"page_item page-item-690\"><a href=\"https:\/\/sierraifabra.com\/?page_id=690&#038;lang=es\">Album de fotos personal<\/a><\/li>\n\t<li class=\"page_item page-item-673\"><a href=\"https:\/\/sierraifabra.com\/?page_id=673&#038;lang=es\">Fotos de gran tama\u00f1o<\/a><\/li>\n\t<li class=\"page_item page-item-655\"><a href=\"https:\/\/sierraifabra.com\/?page_id=655&#038;lang=es\">Fotos de libre utilizaci\u00f3n<\/a><\/li>\n<\/ul>\n<\/li>\n<li class=\"page_item page-item-3941 page_item_has_children\"><a href=\"https:\/\/sierraifabra.com\/?page_id=3941&#038;lang=es\">Fundaci\u00f3 Jordi Sierra i Fabra<\/a>\n<ul class='children'>\n\t<li class=\"page_item page-item-608\"><a href=\"https:\/\/sierraifabra.com\/?page_id=608&#038;lang=es\">CENTRO CULTURAL de la Fundaci\u00f3 Jordi Sierra i Fabra en Barcelona<\/a><\/li>\n\t<li class=\"page_item page-item-477\"><a href=\"https:\/\/sierraifabra.com\/?page_id=477&#038;lang=es\">Presentaci\u00f3n de la Fundaci\u00f3 Jordi Sierra i Fabra (Espa\u00f1a) y la Fundaci\u00f3n Taller de Letras Jordi Sierra i Fabra para Latinoam\u00e9rica (Colombia)<\/a><\/li>\n<\/ul>\n<\/li>\n<li class=\"page_item page-item-625 page_item_has_children\"><a href=\"https:\/\/sierraifabra.com\/?page_id=625&#038;lang=es\">Fundaci\u00f3n Taller de Letras  Jordi Sierra i Fabra<\/a>\n<ul class='children'>\n\t<li class=\"page_item page-item-631\"><a href=\"https:\/\/sierraifabra.com\/?page_id=631&#038;lang=es\">Memoria de Actividades<\/a><\/li>\n\t<li class=\"page_item page-item-627\"><a href=\"https:\/\/sierraifabra.com\/?page_id=627&#038;lang=es\">Presentaci\u00f3n Fundaci\u00f3n Taller de Letras  Jordi Sierra i Fabra<\/a><\/li>\n<\/ul>\n<\/li>\n<li class=\"page_item page-item-3853\"><a href=\"https:\/\/sierraifabra.com\/?lang=en\">Jordi Sierra i Fabra<\/a><\/li>\n<li class=\"page_item page-item-3850\"><a href=\"https:\/\/sierraifabra.com\/?lang=ca\">Jordi Sierra i Fabra<\/a><\/li>\n<li class=\"page_item page-item-859\"><a href=\"https:\/\/sierraifabra.com\/?page_id=859&#038;lang=en\">Jordi Sierra i Fabra Foundations<\/a><\/li>\n<li class=\"page_item page-item-843\"><a href=\"https:\/\/sierraifabra.com\/?page_id=843&#038;lang=en\">Literary Awards and Institutional Acknowledgments<\/a><\/li>\n<li class=\"page_item page-item-848\"><a href=\"https:\/\/sierraifabra.com\/?page_id=848&#038;lang=ca\">Llistat d&#8217;Obres en Catal\u00e0<\/a><\/li>\n<li class=\"page_item page-item-841\"><a href=\"https:\/\/sierraifabra.com\/?page_id=841&#038;lang=ca\">Llistat de Premis i guardons institucionals<\/a><\/li>\n<li class=\"page_item page-item-866\"><a href=\"https:\/\/sierraifabra.com\/?page_id=866&#038;lang=en\">Memorable lectures<\/a><\/li>\n<li class=\"page_item page-item-311 page_item_has_children\"><a href=\"https:\/\/sierraifabra.com\/?page_id=311&#038;lang=es\">Noticias<\/a>\n<ul class='children'>\n\t<li class=\"page_item page-item-240\"><a href=\"https:\/\/sierraifabra.com\/?page_id=240&#038;lang=es\">Noticias 2002<\/a><\/li>\n\t<li class=\"page_item page-item-243\"><a href=\"https:\/\/sierraifabra.com\/?page_id=243&#038;lang=es\">Noticias 2003<\/a><\/li>\n\t<li class=\"page_item page-item-245\"><a href=\"https:\/\/sierraifabra.com\/?page_id=245&#038;lang=es\">Noticias 2004<\/a><\/li>\n\t<li class=\"page_item page-item-247\"><a href=\"https:\/\/sierraifabra.com\/?page_id=247&#038;lang=es\">Noticias 2005<\/a><\/li>\n\t<li class=\"page_item page-item-249\"><a href=\"https:\/\/sierraifabra.com\/?page_id=249&#038;lang=es\">Noticias 2006<\/a><\/li>\n\t<li class=\"page_item page-item-251\"><a href=\"https:\/\/sierraifabra.com\/?page_id=251&#038;lang=es\">Noticias 2007<\/a><\/li>\n\t<li class=\"page_item page-item-253\"><a href=\"https:\/\/sierraifabra.com\/?page_id=253&#038;lang=es\">Noticias 2008<\/a><\/li>\n\t<li class=\"page_item page-item-255\"><a href=\"https:\/\/sierraifabra.com\/?page_id=255&#038;lang=es\">Noticias 2009<\/a><\/li>\n\t<li class=\"page_item page-item-257\"><a href=\"https:\/\/sierraifabra.com\/?page_id=257&#038;lang=es\">Noticias 2010<\/a><\/li>\n\t<li class=\"page_item page-item-259\"><a href=\"https:\/\/sierraifabra.com\/?page_id=259&#038;lang=es\">Noticias 2011<\/a><\/li>\n\t<li class=\"page_item page-item-261\"><a href=\"https:\/\/sierraifabra.com\/?page_id=261&#038;lang=es\">Noticias 2012<\/a><\/li>\n\t<li class=\"page_item page-item-263\"><a href=\"https:\/\/sierraifabra.com\/?page_id=263&#038;lang=es\">Noticias 2013<\/a><\/li>\n\t<li class=\"page_item page-item-265\"><a href=\"https:\/\/sierraifabra.com\/?page_id=265&#038;lang=es\">Noticias 2014<\/a><\/li>\n\t<li class=\"page_item page-item-2533\"><a href=\"https:\/\/sierraifabra.com\/?page_id=2533&#038;lang=es\">Noticias 2015<\/a><\/li>\n\t<li class=\"page_item page-item-4349\"><a href=\"https:\/\/sierraifabra.com\/?page_id=4349&#038;lang=es\">Noticias 2016<\/a><\/li>\n\t<li class=\"page_item page-item-6341\"><a href=\"https:\/\/sierraifabra.com\/?page_id=6341&#038;lang=es\">Noticias 2017<\/a><\/li>\n\t<li class=\"page_item page-item-6344\"><a href=\"https:\/\/sierraifabra.com\/?page_id=6344&#038;lang=es\">Noticias 2018<\/a><\/li>\n\t<li class=\"page_item page-item-6347\"><a href=\"https:\/\/sierraifabra.com\/?page_id=6347&#038;lang=es\">Noticias 2019<\/a><\/li>\n\t<li class=\"page_item page-item-6368\"><a href=\"https:\/\/sierraifabra.com\/?page_id=6368&#038;lang=es\">Noticias 2020<\/a><\/li>\n\t<li class=\"page_item page-item-6370\"><a href=\"https:\/\/sierraifabra.com\/?page_id=6370&#038;lang=es\">Noticias 2021<\/a><\/li>\n\t<li class=\"page_item page-item-6372\"><a href=\"https:\/\/sierraifabra.com\/?page_id=6372&#038;lang=es\">Noticias 2022<\/a><\/li>\n<\/ul>\n<\/li>\n<li class=\"page_item page-item-89 page_item_has_children\"><a href=\"https:\/\/sierraifabra.com\/?page_id=89&#038;lang=es\">Obras<\/a>\n<ul class='children'>\n\t<li class=\"page_item page-item-3736\"><a href=\"https:\/\/sierraifabra.com\/?page_id=3736&#038;lang=es\">Libros Editados<\/a><\/li>\n\t<li class=\"page_item page-item-3724\"><a href=\"https:\/\/sierraifabra.com\/?page_id=3724&#038;lang=es\">Novedades<\/a><\/li>\n\t<li class=\"page_item page-item-3742\"><a href=\"https:\/\/sierraifabra.com\/?page_id=3742&#038;lang=es\">Obra Inedita En Latinoam\u00e9rica<\/a><\/li>\n\t<li class=\"page_item page-item-3719\"><a href=\"https:\/\/sierraifabra.com\/?page_id=3719&#038;lang=es\">Obras por Editoriales<\/a><\/li>\n\t<li class=\"page_item page-item-3714\"><a href=\"https:\/\/sierraifabra.com\/?page_id=3714&#038;lang=es\">Obras publicadas<\/a><\/li>\n\t<li class=\"page_item page-item-3749\"><a href=\"https:\/\/sierraifabra.com\/?page_id=3749&#038;lang=es\">Otras Lenguas<\/a><\/li>\n\t<li class=\"page_item page-item-3730\"><a href=\"https:\/\/sierraifabra.com\/?page_id=3730&#038;lang=es\">Res\u00famenes<\/a><\/li>\n\t<li class=\"page_item page-item-898\"><a href=\"https:\/\/sierraifabra.com\/?page_id=898&#038;lang=es\">Top Best Sellers<\/a><\/li>\n<\/ul>\n<\/li>\n<li class=\"page_item page-item-857\"><a href=\"https:\/\/sierraifabra.com\/?page_id=857&#038;lang=en\">Other Languages<\/a><\/li>\n<li class=\"page_item page-item-5398\"><a href=\"https:\/\/sierraifabra.com\/?page_id=5398&#038;lang=es\">Para leer ahora<\/a><\/li>\n<li class=\"page_item page-item-6401 page_item_has_children\"><a href=\"https:\/\/sierraifabra.com\/?page_id=6401&#038;lang=es\">Premio Ant\u00f2nia Cortijos de ilustraci\u00f3n \/ Premi Ant\u00f2nia Cortijos d&#8217;il\u00b7lustraci\u00f3<\/a>\n<ul class='children'>\n\t<li class=\"page_item page-item-6562\"><a href=\"https:\/\/sierraifabra.com\/?page_id=6562&#038;lang=es\">ACTA DEL I PREMI ANT\u00d2NIA CORTIJOS D&#8217;IL\u00b7LUSTRACI\u00d3<\/a><\/li>\n\t<li class=\"page_item page-item-6550\"><a href=\"https:\/\/sierraifabra.com\/?page_id=6550&#038;lang=es\">ACTA DEL I PREMIO ANT\u00d2NIA CORTIJOS DE ILUSTRACI\u00d3N<\/a><\/li>\n\t<li class=\"page_item page-item-6545\"><a href=\"https:\/\/sierraifabra.com\/?page_id=6545&#038;lang=es\">BASES del Premio Ant\u00f2nia Cortijos de ilustraci\u00f3n<\/a><\/li>\n<\/ul>\n<\/li>\n<li class=\"page_item page-item-592 page_item_has_children\"><a href=\"https:\/\/sierraifabra.com\/?page_id=592&#038;lang=es\">Premio Jordi Sierra i Fabra<\/a>\n<ul class='children'>\n\t<li class=\"page_item page-item-7314\"><a href=\"https:\/\/sierraifabra.com\/?page_id=7314&#038;lang=es\">ACTA DEL PREMIO JORDI SIERRA I FABRA 2026<\/a><\/li>\n\t<li class=\"page_item page-item-596\"><a href=\"https:\/\/sierraifabra.com\/?page_id=596&#038;lang=es\">BASES DEL XXII PREMIO JORDI SIERRA I FABRA DE LITERATURA PARA J\u00d3VENES (Convocatoria para 2027)<\/a><\/li>\n\t<li class=\"page_item page-item-616\"><a href=\"https:\/\/sierraifabra.com\/?page_id=616&#038;lang=es\">ENTREGA Y ACTA DEL PREMIO JORDI SIERRA I FABRA 2012<\/a><\/li>\n\t<li class=\"page_item page-item-610\"><a href=\"https:\/\/sierraifabra.com\/?page_id=610&#038;lang=es\">ENTREGA Y ACTA DEL PREMIO JORDI SIERRA I FABRA 2013<\/a><\/li>\n\t<li class=\"page_item page-item-606\"><a href=\"https:\/\/sierraifabra.com\/?page_id=606&#038;lang=es\">ENTREGA Y ACTA DEL PREMIO JORDI SIERRA I FABRA 2014<\/a><\/li>\n\t<li class=\"page_item page-item-600\"><a href=\"https:\/\/sierraifabra.com\/?page_id=600&#038;lang=es\">ENTREGA Y ACTA DEL PREMIO JORDI SIERRA I FABRA 2015<\/a><\/li>\n\t<li class=\"page_item page-item-602\"><a href=\"https:\/\/sierraifabra.com\/?page_id=602&#038;lang=es\">ENTREGA Y ACTA DEL PREMIO JORDI SIERRA I FABRA 2016<\/a><\/li>\n\t<li class=\"page_item page-item-2407\"><a href=\"https:\/\/sierraifabra.com\/?page_id=2407&#038;lang=es\">ENTREGA Y ACTA DEL PREMIO JORDI SIERRA I FABRA 2017<\/a><\/li>\n\t<li class=\"page_item page-item-4377\"><a href=\"https:\/\/sierraifabra.com\/?page_id=4377&#038;lang=es\">ENTREGA Y ACTA DEL PREMIO JORDI SIERRA I FABRA 2018<\/a><\/li>\n\t<li class=\"page_item page-item-4780\"><a href=\"https:\/\/sierraifabra.com\/?page_id=4780&#038;lang=es\">ENTREGA Y ACTA DEL PREMIO JORDI SIERRA I FABRA 2019<\/a><\/li>\n\t<li class=\"page_item page-item-5199\"><a href=\"https:\/\/sierraifabra.com\/?page_id=5199&#038;lang=es\">ENTREGA Y ACTA DEL PREMIO JORDI SIERRA I FABRA 2020<\/a><\/li>\n\t<li class=\"page_item page-item-5377\"><a href=\"https:\/\/sierraifabra.com\/?page_id=5377&#038;lang=es\">ENTREGA Y ACTA DEL PREMIO JORDI SIERRA I FABRA 2021<\/a><\/li>\n\t<li class=\"page_item page-item-5947\"><a href=\"https:\/\/sierraifabra.com\/?page_id=5947&#038;lang=es\">ENTREGA Y ACTA DEL PREMIO JORDI SIERRA I FABRA 2022<\/a><\/li>\n\t<li class=\"page_item page-item-6237\"><a href=\"https:\/\/sierraifabra.com\/?page_id=6237&#038;lang=es\">ENTREGA Y ACTA DEL PREMIO JORDI SIERRA I FABRA 2023<\/a><\/li>\n\t<li class=\"page_item page-item-6568\"><a href=\"https:\/\/sierraifabra.com\/?page_id=6568&#038;lang=es\">ENTREGA Y ACTA DEL PREMIO JORDI SIERRA I FABRA 2024<\/a><\/li>\n\t<li class=\"page_item page-item-6890\"><a href=\"https:\/\/sierraifabra.com\/?page_id=6890&#038;lang=es\">ENTREGA Y ACTA DEL PREMIO JORDI SIERRA I FABRA 2025<\/a><\/li>\n\t<li class=\"page_item page-item-614\"><a href=\"https:\/\/sierraifabra.com\/?page_id=614&#038;lang=es\">ENTREGAS Y ACTAS PREMIOS JORDI SIERRA I FABRA 2006-2011<\/a><\/li>\n\t<li class=\"page_item page-item-618\"><a href=\"https:\/\/sierraifabra.com\/?page_id=618&#038;lang=es\">LIBROS PREMIADOS EDITADOS<\/a><\/li>\n<\/ul>\n<\/li>\n<li class=\"page_item page-item-845 page_item_has_children\"><a href=\"https:\/\/sierraifabra.com\/?page_id=845&#038;lang=es\">Premios<\/a>\n<ul class='children'>\n\t<li class=\"page_item page-item-49\"><a href=\"https:\/\/sierraifabra.com\/?page_id=49&#038;lang=es\">Menciones Especiales<\/a><\/li>\n\t<li class=\"page_item page-item-51\"><a href=\"https:\/\/sierraifabra.com\/?page_id=51&#038;lang=es\">Otros Premios y Distinciones, Listas de Honor, etc.<\/a><\/li>\n\t<li class=\"page_item page-item-47\"><a href=\"https:\/\/sierraifabra.com\/?page_id=47&#038;lang=es\">Premios Literarios y galardones institucionales<\/a><\/li>\n<\/ul>\n<\/li>\n<li class=\"page_item page-item-851\"><a href=\"https:\/\/sierraifabra.com\/?page_id=851&#038;lang=en\">Published works<\/a><\/li>\n<li class=\"page_item page-item-289 page_item_has_children\"><a href=\"https:\/\/sierraifabra.com\/?page_id=289&#038;lang=es\">Sala de Prensa<\/a>\n<ul class='children'>\n\t<li class=\"page_item page-item-508 page_item_has_children\"><a href=\"https:\/\/sierraifabra.com\/?page_id=508&#038;lang=es\">Curiosidades<\/a>\n\t<ul class='children'>\n\t\t<li class=\"page_item page-item-512\"><a href=\"https:\/\/sierraifabra.com\/?page_id=512&#038;lang=es\">2 &#8211; LAS PREGUNTAS QUE LE HARIAS A JORDI<\/a><\/li>\n\t\t<li class=\"page_item page-item-514\"><a href=\"https:\/\/sierraifabra.com\/?page_id=514&#038;lang=es\">3 &#8211; \u00bfSAB\u00cdAS QUE&#8230;?<\/a><\/li>\n\t\t<li class=\"page_item page-item-510\"><a href=\"https:\/\/sierraifabra.com\/?page_id=510&#038;lang=es\">FRASES FAMOSAS DE JORDI Y PRINCIPIOS PARA ESCRIBIR<\/a><\/li>\n\t<\/ul>\n<\/li>\n\t<li class=\"page_item page-item-1056 page_item_has_children\"><a href=\"https:\/\/sierraifabra.com\/?page_id=1056&#038;lang=es\">ENCUENTROS Y PRESENTACIONES<\/a>\n\t<ul class='children'>\n\t\t<li class=\"page_item page-item-7166\"><a href=\"https:\/\/sierraifabra.com\/?page_id=7166&#038;lang=es\">Encuentros y presentaciones (hasta Curso 2009-2010)<\/a><\/li>\n\t\t<li class=\"page_item page-item-7174\"><a href=\"https:\/\/sierraifabra.com\/?page_id=7174&#038;lang=es\">Encuentros y presentaciones (hasta Curso 2014-2015)<\/a><\/li>\n\t\t<li class=\"page_item page-item-7180\"><a href=\"https:\/\/sierraifabra.com\/?page_id=7180&#038;lang=es\">Encuentros y presentaciones (hasta Curso 2019-2020)<\/a><\/li>\n\t<\/ul>\n<\/li>\n\t<li class=\"page_item page-item-480 page_item_has_children\"><a href=\"https:\/\/sierraifabra.com\/?page_id=480&#038;lang=es\">Estudios<\/a>\n\t<ul class='children'>\n\t\t<li class=\"page_item page-item-482\"><a href=\"https:\/\/sierraifabra.com\/?page_id=482&#038;lang=es\">01- JORDI SIERRA I FABRA: LA PASI\u00d3N POR LA ESCRITURA (APROXIMACI\u00d3N A SU OBRA JUVENIL E INFANTIL)<\/a><\/li>\n\t\t<li class=\"page_item page-item-484\"><a href=\"https:\/\/sierraifabra.com\/?page_id=484&#038;lang=es\">02 &#8211; UNA NAVE LLAMADA UNIVERSO (La ciencia ficci\u00f3n de Jordi Sierra i Fabra)<\/a><\/li>\n\t\t<li class=\"page_item page-item-486\"><a href=\"https:\/\/sierraifabra.com\/?page_id=486&#038;lang=es\">03 &#8211; ROTOS PERO NUNCA VENCIDOS (An\u00e1lisis de la trilog\u00eda &#8220;El tiempo del exilio&#8221;)<\/a><\/li>\n\t\t<li class=\"page_item page-item-488\"><a href=\"https:\/\/sierraifabra.com\/?page_id=488&#038;lang=es\">04 &#8211; JORDI SIERRA I FABRA, UN HURAC\u00c1N DE LA COMUNICACI\u00d3N<\/a><\/li>\n\t\t<li class=\"page_item page-item-490\"><a href=\"https:\/\/sierraifabra.com\/?page_id=490&#038;lang=es\">05 &#8211; LA FUERZA DE LAS PALABRAS<\/a><\/li>\n\t\t<li class=\"page_item page-item-492\"><a href=\"https:\/\/sierraifabra.com\/?page_id=492&#038;lang=es\">06 &#8211; &#8220;Material sensible&#8221;, POR ANABEL SAIZ<\/a><\/li>\n\t\t<li class=\"page_item page-item-494\"><a href=\"https:\/\/sierraifabra.com\/?page_id=494&#038;lang=es\">07 &#8211; EL COMPROMISO SOCIAL EN LA OBRA DE JORDI SIERRA I FABRA (1983-2003), POR JOS\u00c9 R. CORT\u00c9S CRIADO<\/a><\/li>\n\t\t<li class=\"page_item page-item-496\"><a href=\"https:\/\/sierraifabra.com\/?page_id=496&#038;lang=es\">08 &#8211; LOS PERSONAJES BUENOS Y MALOS EN LAS NOVELAS DE JORDI SIERRA I FABRA<\/a><\/li>\n\t\t<li class=\"page_item page-item-499\"><a href=\"https:\/\/sierraifabra.com\/?page_id=499&#038;lang=es\">09 &#8211; MUNDOS Y SERES FANT\u00c1STICOS EN EL FUTURO DISE\u00d1ADO POR JORDI SIERRA I FABRA<\/a><\/li>\n\t\t<li class=\"page_item page-item-501\"><a href=\"https:\/\/sierraifabra.com\/?page_id=501&#038;lang=es\">10 &#8211; JORDI, ESCRITOR VIAJERO (A prop\u00f3sito de Kafka y la mu\u00f1eca viajera), por JOS\u00c9 R. CORT\u00c9S CRIADO<\/a><\/li>\n\t\t<li class=\"page_item page-item-503\"><a href=\"https:\/\/sierraifabra.com\/?page_id=503&#038;lang=es\">11 &#8211; Conferencia de Mar\u00eda Jos\u00e9 G\u00f3mez Navarro en la Fundaci\u00f3n Caballero Bonald, J\u00e9rez, 19 de febrero de 2009.<\/a><\/li>\n\t<\/ul>\n<\/li>\n\t<li class=\"page_item page-item-1058\"><a href=\"https:\/\/sierraifabra.com\/?page_id=1058&#038;lang=es\">Lo que han dicho<\/a><\/li>\n<\/ul>\n<\/li>\n<li class=\"page_item page-item-7127 page_item_has_children\"><a href=\"https:\/\/sierraifabra.com\/?page_id=7127&#038;lang=es\">SERIES POLIC\u00cdACAS<\/a>\n<ul class='children'>\n\t<li class=\"page_item page-item-7227\"><a href=\"https:\/\/sierraifabra.com\/?page_id=7227&#038;lang=es\">Serie Amadeo Bola<\/a><\/li>\n\t<li class=\"page_item page-item-7159\"><a href=\"https:\/\/sierraifabra.com\/?page_id=7159&#038;lang=es\">Serie Berta Mir<\/a><\/li>\n\t<li class=\"page_item page-item-7216\"><a href=\"https:\/\/sierraifabra.com\/?page_id=7216&#038;lang=es\">Serie Daniel Ros<\/a><\/li>\n\t<li class=\"page_item page-item-7211\"><a href=\"https:\/\/sierraifabra.com\/?page_id=7211&#038;lang=es\">Serie Hilari Soler<\/a><\/li>\n\t<li class=\"page_item page-item-5007 page_item_has_children\"><a href=\"https:\/\/sierraifabra.com\/?page_id=5007&#038;lang=es\">Serie Inspector Mascarell<\/a>\n\t<ul class='children'>\n\t\t<li class=\"page_item page-item-5026\"><a href=\"https:\/\/sierraifabra.com\/?page_id=5026&#038;lang=es\">Impacto en medios<\/a><\/li>\n\t\t<li class=\"page_item page-item-5022\"><a href=\"https:\/\/sierraifabra.com\/?page_id=5022&#038;lang=es\">Noticias de la serie<\/a><\/li>\n\t\t<li class=\"page_item page-item-5017\"><a href=\"https:\/\/sierraifabra.com\/?page_id=5017&#038;lang=es\">Todos los libros de la serie<\/a><\/li>\n\t\t<li class=\"page_item page-item-5012\"><a href=\"https:\/\/sierraifabra.com\/?page_id=5012&#038;lang=es\">\u00bfQui\u00e9n es Miquel Mascarell? &#8211; Entrevistas con Jordi Sierra i Fabra<\/a><\/li>\n\t<\/ul>\n<\/li>\n\t<li class=\"page_item page-item-7131\"><a href=\"https:\/\/sierraifabra.com\/?page_id=7131&#038;lang=es\">Serie Magda Ventura<\/a><\/li>\n\t<li class=\"page_item page-item-7222\"><a href=\"https:\/\/sierraifabra.com\/?page_id=7222&#038;lang=es\">Serie Sam Numit<\/a><\/li>\n<\/ul>\n<\/li>\n<li class=\"page_item page-item-861\"><a href=\"https:\/\/sierraifabra.com\/?page_id=861&#038;lang=en\">The Jordi Sierra i Fabra Foundation for Latin America<\/a><\/li>\n<li class=\"page_item page-item-853\"><a href=\"https:\/\/sierraifabra.com\/?page_id=853&#038;lang=en\">Top Best Sellers<\/a><\/li>\n\n<\/ul>\n","protected":false},"excerpt":{"rendered":"<p>Estructura completa de contenidos en espa\u00f1ol, por orden alfab\u00e9tico.<\/p>\n","protected":false},"author":101012,"featured_media":0,"parent":0,"menu_order":0,"comment_status":"closed","ping_status":"closed","template":"","meta":{"footnotes":""},"class_list":["post-3755","page","type-page","status-publish","hentry"],"aioseo_notices":[],"_links":{"self":[{"href":"https:\/\/sierraifabra.com\/index.php?rest_route=\/wp\/v2\/pages\/3755","targetHints":{"allow":["GET"]}}],"collection":[{"href":"https:\/\/sierraifabra.com\/index.php?rest_route=\/wp\/v2\/pages"}],"about":[{"href":"https:\/\/sierraifabra.com\/index.php?rest_route=\/wp\/v2\/types\/page"}],"author":[{"embeddable":true,"href":"https:\/\/sierraifabra.com\/index.php?rest_route=\/wp\/v2\/users\/101012"}],"replies":[{"embeddable":true,"href":"https:\/\/sierraifabra.com\/index.php?rest_route=%2Fwp%2Fv2%2Fcomments&post=3755"}],"version-history":[{"count":0,"href":"https:\/\/sierraifabra.com\/index.php?rest_route=\/wp\/v2\/pages\/3755\/revisions"}],"wp:attachment":[{"href":"https:\/\/sierraifabra.com\/index.php?rest_route=%2Fwp%2Fv2%2Fmedia&parent=3755"}],"curies":[{"name":"wp","href":"https:\/\/api.w.org\/{rel}","templated":true}]}}