{"id":4349,"date":"2018-01-15T16:51:04","date_gmt":"2018-01-15T15:51:04","guid":{"rendered":"http:\/\/sierraifabra.com\/?page_id=4349"},"modified":"2018-01-15T16:51:04","modified_gmt":"2018-01-15T15:51:04","slug":"noticias-2016","status":"publish","type":"page","link":"https:\/\/sierraifabra.com\/?page_id=4349&lang=es","title":{"rendered":"Noticias 2016"},"content":{"rendered":"<p style=\"text-align: center;\"><strong> JORDI EN EL CONGRESO DEL CILELIJ EN M\u00c9XICO<\/strong><br \/>\n<a href=\"http:\/\/sierraifabra.com\/wp-content\/uploads\/2016\/11\/Jordi-Cilelij-2016.jpg\"><img loading=\"lazy\" decoding=\"async\" class=\"aligncenter wp-image-2502\" src=\"http:\/\/sierraifabra.com\/wp-content\/uploads\/2016\/11\/Jordi-Cilelij-2016-225x300.jpg\" alt=\"jordi-cilelij-2016\" width=\"173\" height=\"230\" srcset=\"https:\/\/sierraifabra.com\/wp-content\/uploads\/2016\/11\/Jordi-Cilelij-2016-225x300.jpg 225w, https:\/\/sierraifabra.com\/wp-content\/uploads\/2016\/11\/Jordi-Cilelij-2016.jpg 768w, https:\/\/sierraifabra.com\/wp-content\/uploads\/2016\/11\/Jordi-Cilelij-2016-360x480.jpg 360w\" sizes=\"auto, (max-width: 173px) 100vw, 173px\" \/><\/a><\/p>\n<p style=\"text-align: left;\">\u00a0\u00a0\u00a0\u00a0\u00a0\u00a0\u00a0\u00a0 Jordi Sierra i Fabra ha sido uno de los invitados al III CILELIJ, Congreso de la Lengua y la Literatura Infantil y Juvenil celebrado este a\u00f1o en M\u00e9xico. Durante las jornadas fue una de las estrellas del evento, que reuni\u00f3 a destacados autores y representantes del mundo editorial latinoamericano. En una de las ponencias, la novela &#8220;Parco&#8221; fue destacada como una de las grandes obras de los \u00faltimos a\u00f1os en la LIJ de habla hispana.<\/p>\n<p style=\"text-align: center;\"><strong> DOS GRANDES OBRAS PARA LA RECTA FINAL DEL A\u00d1O<br \/>\n<a href=\"http:\/\/sierraifabra.com\/wp-content\/uploads\/2015\/07\/HistoriaRock.jpg\"><img loading=\"lazy\" decoding=\"async\" class=\"alignnone wp-image-2462\" src=\"http:\/\/sierraifabra.com\/wp-content\/uploads\/2015\/07\/HistoriaRock-201x300.jpg\" alt=\"historiarock\" width=\"153\" height=\"228\" srcset=\"https:\/\/sierraifabra.com\/wp-content\/uploads\/2015\/07\/HistoriaRock-201x300.jpg 201w, https:\/\/sierraifabra.com\/wp-content\/uploads\/2015\/07\/HistoriaRock.jpg 538w\" sizes=\"auto, (max-width: 153px) 100vw, 153px\" \/><\/a> <a href=\"http:\/\/sierraifabra.com\/wp-content\/uploads\/2015\/07\/Elbesoazul.jpg\"><img loading=\"lazy\" decoding=\"async\" class=\"alignnone wp-image-2463\" src=\"http:\/\/sierraifabra.com\/wp-content\/uploads\/2015\/07\/Elbesoazul-206x300.jpg\" alt=\"elbesoazul\" width=\"158\" height=\"230\" srcset=\"https:\/\/sierraifabra.com\/wp-content\/uploads\/2015\/07\/Elbesoazul-206x300.jpg 206w, https:\/\/sierraifabra.com\/wp-content\/uploads\/2015\/07\/Elbesoazul.jpg 528w\" sizes=\"auto, (max-width: 158px) 100vw, 158px\" \/><\/a><a href=\"http:\/\/sierraifabra.com\/wp-content\/uploads\/2015\/07\/Elbesoazul.jpg\"><br \/>\n<\/a><\/strong><\/p>\n<p style=\"text-align: left;\">\u00a0\u00a0\u00a0\u00a0\u00a0\u00a0\u00a0\u00a0 Dos obras absolutamente dispares saludan el \u00faltimo trimestre de 2016. Por un lado la &#8220;<strong>Historia del Rock<\/strong>&#8220;, que edita Siruela. Por el otro, la novela &#8220;<strong>El beso azul<\/strong>&#8220;, editada por Harper Collins. La \u00fatima vez que Jordi hab\u00eda escrito un libro de historia fue en 2003, para conmemorar el 50 aniversario del nacimiento del rock and roll. Trece a\u00f1os despu\u00e9s repite con un libro dirigido a los m\u00e1s j\u00f3venes, con un compendio de lo que sucedi\u00f3 desde los inicios hasta hoy. Un bell\u00edsimo libro que incluye 60 ilustraciones de Xavier Bartumeus. Por su parte, &#8220;<strong>El beso azul<\/strong>&#8221; es una intensa novela que transcurre en junio de 1977, en el instante en que en Espa\u00f1a se celebran las primeras elecciones democr\u00e1ticas tras la muerte de Franco. Un hombre dado por muerto regresa al pueblo que le fusil\u00f3 sembrando la duda acerca de sus intenciones. Todos los fantasmas del pasado vuelven para alterar las dormidas conciencias. Un claro \u00e9xito en la l\u00ednea de la serie protagonizada por el ex-inspector Mascarell o &#8220;Sombras en el tiempo&#8221;, con la que gan\u00f3 el Premio Ciudad de Torrevieja en 2011, dotado con 360.000 euros. &#8220;<strong>El beso azul<\/strong>&#8221; es uno de los primeros grandes lanzamientos de un autor espa\u00f1ol por parte de la poderosa editorial Harper Collins en Espa\u00f1a.<\/p>\n<p style=\"text-align: center;\"><strong>JORDI EN COLOMBIA<\/strong><\/p>\n<p style=\"text-align: left;\">\u00a0\u00a0\u00a0\u00a0\u00a0\u00a0\u00a0\u00a0 Jordi Sierra i Fabra acudi\u00f3 a Medell\u00edn, sede de su Fundaci\u00f3n Taller de Letras para Latinoam\u00e9rica, para tomar parte en la X Fiesta del Libro de la ciudad, organizada precisamente por tercer a\u00f1o consecutivo por la Fundaci\u00f3n y la Alcald\u00eda. Despu\u00e9s de ser &#8220;adoptado&#8221; por uno de los grandes colegios de la ciudad, vol\u00f3 tambi\u00e9n a Bogot\u00e1 para asistir a las manifestaciones por la paz y realizar diversas entrevistas en radio, prensa y TV. As\u00ed mismo, present\u00f3 su nueva novela <strong>&#8220;Lo dem\u00e1s es silencio&#8221;,<\/strong> publicada por Panamericana, un duro alegato contra la violencia de g\u00e9nero.<\/p>\n<p style=\"text-align: center;\"><strong>ENTREGA DEL XI PREMIO JORDI SIERRA I FABRA EN LA FERIA DEL LIBRO DE MADRID<br \/>\n<a href=\"http:\/\/sierraifabra.com\/wp-content\/uploads\/2015\/07\/Entrega-premio.jpg\"><img loading=\"lazy\" decoding=\"async\" class=\"alignnone wp-image-2350\" src=\"http:\/\/sierraifabra.com\/wp-content\/uploads\/2015\/07\/Entrega-premio-300x225.jpg\" alt=\"Entrega premio\" width=\"157\" height=\"118\" srcset=\"https:\/\/sierraifabra.com\/wp-content\/uploads\/2015\/07\/Entrega-premio-300x225.jpg 300w, https:\/\/sierraifabra.com\/wp-content\/uploads\/2015\/07\/Entrega-premio-768x576.jpg 768w, https:\/\/sierraifabra.com\/wp-content\/uploads\/2015\/07\/Entrega-premio-1024x768.jpg 1024w\" sizes=\"auto, (max-width: 157px) 100vw, 157px\" \/><\/a> <a href=\"http:\/\/sierraifabra.com\/wp-content\/uploads\/2015\/07\/Sara-premio-2016.jpg\"><img loading=\"lazy\" decoding=\"async\" class=\"alignnone wp-image-2351\" src=\"http:\/\/sierraifabra.com\/wp-content\/uploads\/2015\/07\/Sara-premio-2016-194x300.jpg\" alt=\"Sara premio 2016\" width=\"77\" height=\"119\" srcset=\"https:\/\/sierraifabra.com\/wp-content\/uploads\/2015\/07\/Sara-premio-2016-194x300.jpg 194w, https:\/\/sierraifabra.com\/wp-content\/uploads\/2015\/07\/Sara-premio-2016-768x1186.jpg 768w, https:\/\/sierraifabra.com\/wp-content\/uploads\/2015\/07\/Sara-premio-2016-663x1024.jpg 663w\" sizes=\"auto, (max-width: 77px) 100vw, 77px\" \/><\/a> <a href=\"http:\/\/sierraifabra.com\/wp-content\/uploads\/2015\/07\/Sara-y-Jordi-1.jpg\"><img loading=\"lazy\" decoding=\"async\" class=\"alignnone wp-image-2352\" src=\"http:\/\/sierraifabra.com\/wp-content\/uploads\/2015\/07\/Sara-y-Jordi-1-300x252.jpg\" alt=\"Sara y Jordi 1\" width=\"143\" height=\"120\" srcset=\"https:\/\/sierraifabra.com\/wp-content\/uploads\/2015\/07\/Sara-y-Jordi-1-300x252.jpg 300w, https:\/\/sierraifabra.com\/wp-content\/uploads\/2015\/07\/Sara-y-Jordi-1-768x645.jpg 768w, https:\/\/sierraifabra.com\/wp-content\/uploads\/2015\/07\/Sara-y-Jordi-1-1024x860.jpg 1024w\" sizes=\"auto, (max-width: 143px) 100vw, 143px\" \/><\/a> <a href=\"http:\/\/sierraifabra.com\/wp-content\/uploads\/2015\/07\/Sara-y-Jordi-2.jpg\"><img loading=\"lazy\" decoding=\"async\" class=\"alignnone wp-image-2353\" src=\"http:\/\/sierraifabra.com\/wp-content\/uploads\/2015\/07\/Sara-y-Jordi-2-248x300.jpg\" alt=\"Sara y Jordi 2\" width=\"98\" height=\"119\" srcset=\"https:\/\/sierraifabra.com\/wp-content\/uploads\/2015\/07\/Sara-y-Jordi-2-248x300.jpg 248w, https:\/\/sierraifabra.com\/wp-content\/uploads\/2015\/07\/Sara-y-Jordi-2-768x930.jpg 768w, https:\/\/sierraifabra.com\/wp-content\/uploads\/2015\/07\/Sara-y-Jordi-2-846x1024.jpg 846w\" sizes=\"auto, (max-width: 98px) 100vw, 98px\" \/><\/a><\/strong><\/p>\n<p>\u00a0\u00a0\u00a0\u00a0\u00a0\u00a0\u00a0\u00a0 En un acto organizado por la Editorial SM, la Fundaci\u00f3 Jordi Sierra i Fabra entreg\u00f3 el d\u00eda 28 de mayo, en la Biblioteca Eugenio Tr\u00edas de Madrid, y en plena Feria del Libro, el XI Premio Literario que lleva el nombre de Jordi. La ganadora, Sara Cruces, de Ir\u00fan, recibi\u00f3 el galard\u00f3n, el importe del premio y present\u00f3 sulibro ya editado. Gabriel Brandariz fue el anfitri\u00f3n que condujo el brillante acto, coronado por una masiva asistencia de p\u00fablico.<\/p>\n<p style=\"text-align: center;\"><strong>JORDI EN LA FERIA DEL LIBRO DE VARSOVIA<\/strong><br \/>\n<a href=\"http:\/\/sierraifabra.com\/wp-content\/uploads\/2015\/07\/Barsa.jpg\"><img loading=\"lazy\" decoding=\"async\" class=\"alignnone wp-image-4015\" src=\"http:\/\/sierraifabra.com\/wp-content\/uploads\/2015\/07\/Barsa-300x171.jpg\" width=\"246\" height=\"140\" srcset=\"https:\/\/sierraifabra.com\/wp-content\/uploads\/2015\/07\/Barsa-300x171.jpg 300w, https:\/\/sierraifabra.com\/wp-content\/uploads\/2015\/07\/Barsa-768x438.jpg 768w, https:\/\/sierraifabra.com\/wp-content\/uploads\/2015\/07\/Barsa.jpg 1000w\" sizes=\"auto, (max-width: 246px) 100vw, 246px\" \/><\/a> <a href=\"http:\/\/sierraifabra.com\/wp-content\/uploads\/2015\/07\/Jordi2.jpg\"><img loading=\"lazy\" decoding=\"async\" class=\"wp-image-2345 alignnone\" src=\"http:\/\/sierraifabra.com\/wp-content\/uploads\/2015\/07\/Jordi2-300x164.jpg\" alt=\"Jordi2\" width=\"255\" height=\"140\" srcset=\"https:\/\/sierraifabra.com\/wp-content\/uploads\/2015\/07\/Jordi2-300x164.jpg 300w, https:\/\/sierraifabra.com\/wp-content\/uploads\/2015\/07\/Jordi2-768x420.jpg 768w, https:\/\/sierraifabra.com\/wp-content\/uploads\/2015\/07\/Jordi2-1024x560.jpg 1024w\" sizes=\"auto, (max-width: 255px) 100vw, 255px\" \/><\/a><\/p>\n<p>\u00a0\u00a0\u00a0\u00a0\u00a0\u00a0\u00a0\u00a0 Jordi Sierra i Fabra fue una de estrellas de la Feria del Libro de Varsovia, que tuvo a la cultura catalana como invitada especial a trav\u00e9s del Instituto Ram\u00f3n Llull. Jordi, que ha publicado una docena de obras en Polonia y tiene pendientes de aparici\u00f3n varias m\u00e1s, dio charlas en bibliotecas, particip\u00f3 en diversos debates (Barcelona Negra, policiaco; m\u00fasica y literatura; violencia juvenil), y tambi\u00e9n firm\u00f3 libros a sus fans en los stands de sus editores en aquel pa\u00eds, Albatros (novela policiaca, especialmente su personaje Miquel Mascarell) y Akapit (narrativa infantil y juvenil). Uno de los actos m\u00e1s destacados fue la charla con los j\u00f3venes futbolistas de la escuela que el Futbol Club Barcelona tiene en Polonia, en la que estuvo acompa\u00f1ado por el vicepresidente del Club, Carles Vilarrub\u00ed.<\/p>\n<p style=\"text-align: center;\"><strong> SE REEDITA &#8220;LA P\u00c1GINA ESCRITA&#8221;&#8230; Y ALGO M\u00c1S<br \/>\n<a href=\"http:\/\/sierraifabra.com\/wp-content\/uploads\/2015\/07\/Lapaginaescrita.jpg\"><img loading=\"lazy\" decoding=\"async\" class=\"alignnone wp-image-2099\" src=\"http:\/\/sierraifabra.com\/wp-content\/uploads\/2015\/07\/Lapaginaescrita-212x300.jpg\" alt=\"Lapaginaescrita\" width=\"124\" height=\"175\" srcset=\"https:\/\/sierraifabra.com\/wp-content\/uploads\/2015\/07\/Lapaginaescrita-212x300.jpg 212w, https:\/\/sierraifabra.com\/wp-content\/uploads\/2015\/07\/Lapaginaescrita-768x1084.jpg 768w, https:\/\/sierraifabra.com\/wp-content\/uploads\/2015\/07\/Lapaginaescrita-725x1024.jpg 725w, https:\/\/sierraifabra.com\/wp-content\/uploads\/2015\/07\/Lapaginaescrita.jpg 2008w\" sizes=\"auto, (max-width: 124px) 100vw, 124px\" \/><\/a> <a href=\"http:\/\/sierraifabra.com\/wp-content\/uploads\/2015\/07\/Nadie-al-otro-lado.jpg\"><img loading=\"lazy\" decoding=\"async\" class=\"alignnone wp-image-2100\" src=\"http:\/\/sierraifabra.com\/wp-content\/uploads\/2015\/07\/Nadie-al-otro-lado-251x300.jpg\" alt=\"Nadie al otro lado\" width=\"144\" height=\"172\" srcset=\"https:\/\/sierraifabra.com\/wp-content\/uploads\/2015\/07\/Nadie-al-otro-lado-251x300.jpg 251w, https:\/\/sierraifabra.com\/wp-content\/uploads\/2015\/07\/Nadie-al-otro-lado.jpg 583w\" sizes=\"auto, (max-width: 144px) 100vw, 144px\" \/><\/a><br \/>\n<\/strong><\/p>\n<p style=\"text-align: left;\">\u00a0\u00a0\u00a0\u00a0\u00a0\u00a0\u00a0\u00a0 Jordi public\u00f3 en 2006 su m\u00e9todo para j\u00f3venes escritores, <strong>&#8220;La p\u00e1gina escrita&#8221;<\/strong> (mismo nombre que su revista literaria on line). Despu\u00e9s de 10 a\u00f1os, ya agotado, lo ha reescrito y le ha a\u00f1adido 100 p\u00e1ginas m\u00e1s, hasta convertirlo en una extraordinaria herramienta para futuros escritores. Junto con \u00e9l, tambi\u00e9n en SM, publica una inquietante novela en la que un chico y una chica se ven condenados a vivir diez a\u00f1os bajo tierra. \u00bfPor qu\u00e9? La respuesta est\u00e1 en <strong>&#8220;Nadie al otro lado&#8221;<\/strong>, sin duda una de las m\u00e1s potentes historias de amor y misterio surgidas de su pluma.<\/p>\n<p style=\"text-align: center;\"><strong>JORDI EN LA FILEY DE YUCAT\u00c1N<\/strong><br \/>\n<a href=\"http:\/\/sierraifabra.com\/wp-content\/uploads\/2017\/02\/FILEY-de-Yucat\u00e1n-M\u00e9xico-marzo-2016.jpg\"><img loading=\"lazy\" decoding=\"async\" class=\"alignnone size-medium wp-image-4012\" src=\"http:\/\/sierraifabra.com\/wp-content\/uploads\/2017\/02\/FILEY-de-Yucat\u00e1n-M\u00e9xico-marzo-2016-295x300.jpg\" alt=\"\" width=\"295\" height=\"300\" srcset=\"https:\/\/sierraifabra.com\/wp-content\/uploads\/2017\/02\/FILEY-de-Yucat\u00e1n-M\u00e9xico-marzo-2016-295x300.jpg 295w, https:\/\/sierraifabra.com\/wp-content\/uploads\/2017\/02\/FILEY-de-Yucat\u00e1n-M\u00e9xico-marzo-2016-768x782.jpg 768w, https:\/\/sierraifabra.com\/wp-content\/uploads\/2017\/02\/FILEY-de-Yucat\u00e1n-M\u00e9xico-marzo-2016-1006x1024.jpg 1006w\" sizes=\"auto, (max-width: 295px) 100vw, 295px\" \/><\/a><\/p>\n<p style=\"text-align: left;\">\u00a0\u00a0\u00a0\u00a0\u00a0\u00a0\u00a0\u00a0 Jordi Sierra i Fabra ha sido una de las estrellas de la FILEY (Feria Internacional del Lilbro y la Lectura) celebrada en M\u00e9rida, Yucat\u00e1n, M\u00e9xico, junto a Juan Villoro y Elena Poniatowska. Jordi celebr\u00f3 encuentros con sus lectores, firm\u00f3 libros, dio charlas, asisti\u00f3 a dos presentaciones sobre \u00e9l y su obra y, a su vez, present\u00f3 el nuevo libro infantil de su amigo Juan Villoro.<\/p>\n<p style=\"text-align: center;\"><strong>BLOCKBUSTERS PARA LA PRIMAVERA<\/strong><br \/>\n<a href=\"http:\/\/sierraifabra.com\/wp-content\/uploads\/2015\/07\/Arkadya-portada.jpeg\"><img loading=\"lazy\" decoding=\"async\" class=\"alignnone wp-image-1873\" src=\"http:\/\/sierraifabra.com\/wp-content\/uploads\/2015\/07\/Arkadya-portada-200x300.jpeg\" alt=\"Arkadya-portada\" width=\"117\" height=\"175\" srcset=\"https:\/\/sierraifabra.com\/wp-content\/uploads\/2015\/07\/Arkadya-portada-200x300.jpeg 200w, https:\/\/sierraifabra.com\/wp-content\/uploads\/2015\/07\/Arkadya-portada-682x1024.jpeg 682w, https:\/\/sierraifabra.com\/wp-content\/uploads\/2015\/07\/Arkadya-portada.jpeg 1120w\" sizes=\"auto, (max-width: 117px) 100vw, 117px\" \/><\/a> <a href=\"http:\/\/sierraifabra.com\/wp-content\/uploads\/2015\/07\/Tres-dias-de-agosto.jpg\"><img loading=\"lazy\" decoding=\"async\" class=\"alignnone wp-image-1874\" src=\"http:\/\/sierraifabra.com\/wp-content\/uploads\/2015\/07\/Tres-dias-de-agosto-199x300.jpg\" alt=\"Tres dias de agosto\" width=\"117\" height=\"176\" srcset=\"https:\/\/sierraifabra.com\/wp-content\/uploads\/2015\/07\/Tres-dias-de-agosto-199x300.jpg 199w, https:\/\/sierraifabra.com\/wp-content\/uploads\/2015\/07\/Tres-dias-de-agosto-678x1024.jpg 678w, https:\/\/sierraifabra.com\/wp-content\/uploads\/2015\/07\/Tres-dias-de-agosto.jpg 1798w\" sizes=\"auto, (max-width: 117px) 100vw, 117px\" \/><\/a> <a href=\"http:\/\/sierraifabra.com\/wp-content\/uploads\/2015\/07\/La-lluvia-eterna.jpeg\"><img loading=\"lazy\" decoding=\"async\" class=\"alignnone wp-image-1875\" src=\"http:\/\/sierraifabra.com\/wp-content\/uploads\/2015\/07\/La-lluvia-eterna-181x300.jpeg\" alt=\"La lluvia eterna\" width=\"106\" height=\"176\" srcset=\"https:\/\/sierraifabra.com\/wp-content\/uploads\/2015\/07\/La-lluvia-eterna-181x300.jpeg 181w, https:\/\/sierraifabra.com\/wp-content\/uploads\/2015\/07\/La-lluvia-eterna.jpeg 493w\" sizes=\"auto, (max-width: 106px) 100vw, 106px\" \/><\/a> <a href=\"http:\/\/sierraifabra.com\/wp-content\/uploads\/2015\/07\/El-grito-de-la-mariposa.png\"><img loading=\"lazy\" decoding=\"async\" class=\"alignnone wp-image-1876\" src=\"http:\/\/sierraifabra.com\/wp-content\/uploads\/2015\/07\/El-grito-de-la-mariposa-187x300.png\" alt=\"El grito de la mariposa\" width=\"111\" height=\"178\" srcset=\"https:\/\/sierraifabra.com\/wp-content\/uploads\/2015\/07\/El-grito-de-la-mariposa-187x300.png 187w, https:\/\/sierraifabra.com\/wp-content\/uploads\/2015\/07\/El-grito-de-la-mariposa.png 403w\" sizes=\"auto, (max-width: 111px) 100vw, 111px\" \/><\/a><\/p>\n<p style=\"text-align: left;\">\u00a0\u00a0\u00a0\u00a0\u00a0\u00a0\u00a0\u00a0 2016 arranca fuerte para Jordi. Se edita el s\u00e9ptimo caso del inspector Mascarell, <strong>&#8220;Tres d\u00edas de agosto&#8221;<\/strong> (Plaza y Jan\u00e9s en castellano y Rosa dels Vents en catal\u00e1n), una trepidante novela policiaca que entusiasmar\u00e1 a los fans de la serie. Le sigue <strong>&#8220;Arkadya&#8221; <\/strong>(Loqueleo), incursi\u00f3n intensa en el g\u00e9nero dist\u00f3pico con una obra enorme que no dejar\u00e1 indiferente. Para redondear, una novela africana, <strong>&#8220;La lluvia eterna&#8221;<\/strong> (Edeb\u00e9) y de cierre <strong>&#8220;El grito de la mariposa&#8221;<\/strong> (Edelvives), un relato en el mismo estilo seco de &#8220;Parco&#8221; y &#8220;Desnuda&#8221;, sobre dos adolescentes luchando en la guerra de Siria, y que resume la dureza del conflicto y de los j\u00f3venes que tratan de sobrevivir en ella.<\/p>\n<p style=\"text-align: center;\"><strong>JORDI Y XAVIER RECIBEN EL PREMIO APEL.LES MESTRES<\/strong><br \/>\n<a href=\"http:\/\/sierraifabra.com\/wp-content\/uploads\/2015\/07\/Presentacion-Apelles.jpg\"><img loading=\"lazy\" decoding=\"async\" class=\"alignnone size-medium wp-image-4018\" src=\"http:\/\/sierraifabra.com\/wp-content\/uploads\/2015\/07\/Presentacion-Apelles-300x122.jpg\" alt=\"\" width=\"300\" height=\"122\" srcset=\"https:\/\/sierraifabra.com\/wp-content\/uploads\/2015\/07\/Presentacion-Apelles-300x122.jpg 300w, https:\/\/sierraifabra.com\/wp-content\/uploads\/2015\/07\/Presentacion-Apelles-768x311.jpg 768w, https:\/\/sierraifabra.com\/wp-content\/uploads\/2015\/07\/Presentacion-Apelles.jpg 1000w\" sizes=\"auto, (max-width: 300px) 100vw, 300px\" \/><\/a><\/p>\n<p style=\"text-align: left;\">\u00a0\u00a0\u00a0\u00a0\u00a0\u00a0\u00a0\u00a0 Se present\u00f3 en Barcelona el Premio Apel.les Mestres 2016, ganado por Jordi Sierra i Fabra y el pintor e ilustrador Xavier Bartumeus. El acto se celebr\u00f3 en el mismo lugar en el que Jordi tuvo la idea, en octubre de 2005, hace diez a\u00f1os y medio: el Museo Egipci\u00f3. El cuento infantil, que nos lleva desde Egipto hace 5.000 a\u00f1os hasta el presente, tendr\u00e1 una edici\u00f3n especial de 11.000 ejemplares que la Fundaci\u00f3n Atresmedia regalar\u00e1 el 23 de abril a todos los ni\u00f1os ingresados en hospitales espa\u00f1oles.<\/p>\n<p style=\"text-align: center;\"><strong>SE FALLA EN BARCELONA EL XI PREMIO JORDI SIERRA I FABRA<br \/>\n<\/strong><strong>PARA J\u00d3VENES<\/strong><br \/>\n<a href=\"http:\/\/sierraifabra.com\/wp-content\/uploads\/2015\/07\/Jurado-2016.jpg\"><img loading=\"lazy\" decoding=\"async\" class=\"alignnone wp-image-1856\" src=\"http:\/\/sierraifabra.com\/wp-content\/uploads\/2015\/07\/Jurado-2016-300x225.jpg\" alt=\"Jurado 2016\" width=\"194\" height=\"145\" srcset=\"https:\/\/sierraifabra.com\/wp-content\/uploads\/2015\/07\/Jurado-2016-300x225.jpg 300w, https:\/\/sierraifabra.com\/wp-content\/uploads\/2015\/07\/Jurado-2016.jpg 640w\" sizes=\"auto, (max-width: 194px) 100vw, 194px\" \/><\/a><\/p>\n<p style=\"text-align: left;\">\u00a0\u00a0\u00a0\u00a0\u00a0\u00a0\u00a0\u00a0 Sara Mar\u00eda Cruces Salguero, de Ir\u00fan, ha sido la ganadora del XI Premio Literario Jordi Sierra i Fabra para J\u00f3venes con su novela &#8220;Sobre fondo azul&#8221;, una obra de superaci\u00f3n escrita con una notable sinceridad y sencillez, en la que priman los sentimientos y las emociones junto a la lucha por los ideales. En la foto, de izquierda a derecha, los miembros del jurado Hortensia Gal\u00ed (Directora de la Fundaci\u00f3 Jordi Sierra i Fabra), Berta M\u00e1rquez (editora de Ediciones SM, que publicar\u00e1 el libro), Pep Dur\u00e1n (librero) y V\u00edctoria Fern\u00e1ndez (Directora de la revista CLIJ). El quinto miembro, la escritora Elena O&#8217;Callaghan, intervino por skype.<\/p>\n<p style=\"text-align: center;\"><strong>JORDI GANA EL PREMIO EDEB\u00c9 POR TERCERA VEZ<\/strong><br \/>\n<a href=\"http:\/\/sierraifabra.com\/wp-content\/uploads\/2016\/05\/Premio-Edebe-2016.jpg\"><img loading=\"lazy\" decoding=\"async\" class=\"alignnone size-medium wp-image-2211\" src=\"http:\/\/sierraifabra.com\/wp-content\/uploads\/2016\/05\/Premio-Edebe-2016-225x300.jpg\" alt=\"\" width=\"225\" height=\"300\" srcset=\"https:\/\/sierraifabra.com\/wp-content\/uploads\/2016\/05\/Premio-Edebe-2016-225x300.jpg 225w, https:\/\/sierraifabra.com\/wp-content\/uploads\/2016\/05\/Premio-Edebe-2016-768x1024.jpg 768w, https:\/\/sierraifabra.com\/wp-content\/uploads\/2016\/05\/Premio-Edebe-2016-360x480.jpg 360w\" sizes=\"auto, (max-width: 225px) 100vw, 225px\" \/><\/a><\/p>\n<p style=\"text-align: left;\">\u00a0\u00a0\u00a0\u00a0\u00a0\u00a0\u00a0\u00a0 Jordi Sierra i Fabra ha ganado con la novela &#8220;El aprendiz de brujo y Los Invisibles&#8221; el Premio Edeb\u00e9 por tercera vez. Lo consigui\u00f3 en 1994 con &#8220;Aydin&#8221;, repiti\u00f3 en 2006 con &#8220;Llamando a las puertas del cielo&#8221;, y este es su tercer cetro. En su parlamento destac\u00f3 que el importe del premio, 25.000 euros, ser\u00e1n donados a su Fundaci\u00f3n de Barcelona. El jurado destac\u00f3 el oficio del autor, por escribir una novela &#8220;perfecta y redonda&#8221; llena de emoci\u00f3n, sorpresas y misterio.<\/p>\n","protected":false},"excerpt":{"rendered":"<p>JORDI EN EL CONGRESO DEL CILELIJ EN M\u00c9XICO \u00a0\u00a0\u00a0\u00a0\u00a0\u00a0\u00a0\u00a0 Jordi Sierra i Fabra ha sido uno de los invitados al III CILELIJ, Congreso de la Lengua y la Literatura Infantil y Juvenil celebrado este a\u00f1o en M\u00e9xico. Durante las jornadas fue una de las estrellas&hellip; <a class=\"read-more\" href=\"https:\/\/sierraifabra.com\/?page_id=4349&#038;lang=es\">Read more<\/a><\/p>\n","protected":false},"author":101012,"featured_media":0,"parent":311,"menu_order":0,"comment_status":"closed","ping_status":"closed","template":"","meta":{"footnotes":""},"class_list":["post-4349","page","type-page","status-publish","hentry"],"aioseo_notices":[],"_links":{"self":[{"href":"https:\/\/sierraifabra.com\/index.php?rest_route=\/wp\/v2\/pages\/4349","targetHints":{"allow":["GET"]}}],"collection":[{"href":"https:\/\/sierraifabra.com\/index.php?rest_route=\/wp\/v2\/pages"}],"about":[{"href":"https:\/\/sierraifabra.com\/index.php?rest_route=\/wp\/v2\/types\/page"}],"author":[{"embeddable":true,"href":"https:\/\/sierraifabra.com\/index.php?rest_route=\/wp\/v2\/users\/101012"}],"replies":[{"embeddable":true,"href":"https:\/\/sierraifabra.com\/index.php?rest_route=%2Fwp%2Fv2%2Fcomments&post=4349"}],"version-history":[{"count":0,"href":"https:\/\/sierraifabra.com\/index.php?rest_route=\/wp\/v2\/pages\/4349\/revisions"}],"up":[{"embeddable":true,"href":"https:\/\/sierraifabra.com\/index.php?rest_route=\/wp\/v2\/pages\/311"}],"wp:attachment":[{"href":"https:\/\/sierraifabra.com\/index.php?rest_route=%2Fwp%2Fv2%2Fmedia&parent=4349"}],"curies":[{"name":"wp","href":"https:\/\/api.w.org\/{rel}","templated":true}]}}