{"id":47,"date":"2015-06-09T15:49:26","date_gmt":"2015-06-09T13:49:26","guid":{"rendered":"http:\/\/thewalrushub.com\/jordi\/?page_id=47"},"modified":"2026-02-10T18:10:37","modified_gmt":"2026-02-10T17:10:37","slug":"premios-literarios","status":"publish","type":"page","link":"https:\/\/sierraifabra.com\/?page_id=47&lang=es","title":{"rendered":"Premios Literarios y galardones institucionales"},"content":{"rendered":"<p><strong>1975<\/strong>. Premio Villa de Bilbao por &#8220;La revoluci\u00f3n del 32 de Triciembre&#8221;<br \/>\n<strong>1979<\/strong>. Premio Ateneo de Sevilla por &#8220;En Canarias se ha puesto el sol&#8221;<br \/>\n<strong>1981<\/strong>. Premio Gran Angular 1980 por &#8220;El cazador&#8221;<br \/>\n<strong>1983<\/strong>. Premio Gran Angular 1982 por &#8220;&#8230;en un lugar llamado Tierra&#8221;<br \/>\n<strong>1990<\/strong>. Premio Vaixell de Vapor por &#8220;Un llibre monstruos&#8221;<br \/>\n<strong>1991<\/strong>. Premio Gran Angular 1990 por &#8220;El \u00faltimo set&#8221;<br \/>\n<strong>1992<\/strong>. Premio de la CCEI por &#8220;El \u00faltimo set&#8221;<br \/>\n<strong>1993<\/strong>. Premio Columna Jove por &#8220;El temps de l\u00b4oblit&#8221;<br \/>\n<strong>1994<\/strong>. Premio Edeb\u00e9 de Literatura Infantil 1993 por &#8220;Aydin&#8221;<br \/>\n<strong>1996<\/strong>. Premio Joaquim Ruyra por &#8220;Concert en Sol Major&#8221;<br \/>\n<strong>1998<\/strong>. Premio Columna Jove por &#8220;L\u00b4or dels d\u00e9us&#8221;<br \/>\n<strong>1998<\/strong>. Premio Vaixell de Vapor por &#8220;Les hist\u00f2ries perdudes&#8221;<br \/>\n<strong>1999<\/strong>. Premio de la CCEI por &#8220;Donde est\u00e9 mi coraz\u00f3n&#8221;<br \/>\n<strong>1999<\/strong>. Premio Internacional A la Orilla del Viento (M\u00e9xico), por &#8220;Historias de medio mundo&#8221;<br \/>\n<strong>2000<\/strong>. Premio Voces El\u00e9ctricas de Narrativa Musical por &#8220;Mis salvajes rockeros&#8221;<br \/>\n<strong>2001<\/strong>. Premio de la CCEI por &#8220;El fabuloso Mundo de las Letras&#8221;<br \/>\n<strong>2002<\/strong>. Premio Abril por &#8220;En un lugar llamado guerra&#8221;<br \/>\n<strong>2003<\/strong>. Premio Liburu Gaztea por &#8220;Dormido sobre los espejos&#8221;<br \/>\n<strong>2003<\/strong>. Premio Ram\u00f3n Muntaner por &#8220;A l\u00b4altra banda del mirall&#8221;<br \/>\n<strong>2004<\/strong>. Premio N\u00e8stor Luj\u00e1n de Novela Hist\u00f3rica por &#8220;La pell de la revolta&#8221;<br \/>\n<strong>2005<\/strong>. Premio Protagonista Jove por &#8220;A l\u00b4altra banda del mirall&#8221;.<br \/>\n<strong>2005<\/strong>. Premio Internacional de Literatura Infantil Julio C. Coba (Ecuador), por &#8220;La palabra m\u00e1s hermosa&#8221;.<br \/>\n<strong>2005<\/strong>. Premio Fiter i Rossell de novela (Andorra) por &#8220;Sinaia&#8221;.<br \/>\n<strong>2006<\/strong>. Premio Edeb\u00e9 Juvenil por &#8220;Llamando a las puertas del cielo&#8221;.<br \/>\n<strong>2007<\/strong>. Premio Nacional de Literatura Infantil y Juvenil por &#8220;Kafka y la mu\u00f1eca viajera&#8221;.<br \/>\n<strong>2007<\/strong>. Premio Bancaixa Ciutat d\u00b4Alzira de Narrativa Juvenil por &#8220;Els focs de la mem\u00f2ria&#8221;.<br \/>\n<strong>2008<\/strong>. Premio Bibliotecari d\u00b4Honor, otorgado por l\u00b4Associaci\u00f3 de Bibliotecaris de Valencia.<br \/>\n<strong>2009<\/strong>. Premio Protagonista Jove por &#8220;Kafka i la nina que se&#8217;n va anar de viatge&#8221;.<br \/>\n<strong>2010<\/strong>. Premio El Barco de Vapor por &#8220;Historia de un segundo&#8221;.<br \/>\n<strong>2010<\/strong>. Premio Ibby-Asahi de Promoci\u00f3n de la Lectura para la Fundaci\u00f3n Jordi Sierra i Fabra de Barcelona y la Fundaci\u00f3n Taller de Letras Jordi Sierra i Fabra de Medell\u00edn.<br \/>\n<strong>2011<\/strong>. Premio de Novela Ciudad de Torrevieja por &#8220;Sombras en el tiempo&#8221;.<br \/>\n<strong>2011<\/strong>. Premio Barcanova de Literatura Juvenil por &#8220;L&#8217;estrany&#8221;.<br \/>\n<strong>2012<\/strong>. Premio Cervantes Chico por el conjunto de toda la obra y el compromiso cultural de las Fundaciones Jordi Sierra i Fabra en Espa\u00f1a y Colombia.<br \/>\n<strong>2012<\/strong>. Premio Vicent Silvestre de Literatura Infantil por &#8220;El dia que en Gluck va arribar a la Terra&#8221;.<br \/>\n<strong>2013<\/strong>. Premio La Galera J\u00f3venes Lectores por &#8220;El extraordinario ingenio parlante del Profesor Palermo.<br \/>\n<strong>2013<\/strong>. Premio Anaya por &#8220;Parco&#8221;.<br \/>\n<strong>2013<\/strong>. Premio de las Letras Lorenzo Luzuriaga por el conjunto de toda la obra y el compromiso cultural de las Fundaciones Jordi Sierra i Fabra en Espa\u00f1a y Colombia.<br \/>\n<strong>2013<\/strong>. Premio Iberoamericano de LIJ por el conjunto de la obra.<br \/>\n<strong>2014<\/strong>. Premio Templi de la revista digital El Templo de las Mil Puertas al mejor libro de 2013 perteneciente a serie o saga, por \u201cEl caso del martillo blanco\u201d.<br \/>\n<strong>2015<\/strong>. Premio Apel.les Mestres por &#8220;El orinal de Fay\u00e1n&#8221;.<br \/>\n<strong>2015<\/strong>. Medalla de Honor de Barcelona para la Fundaci\u00f3 Jordi Sierra i Fabra.<br \/>\n<strong>2016<\/strong>. Premio Edeb\u00e9 infantil por &#8220;El aprendiz de brujo y Los Invisibles&#8221;<br \/>\n<strong>2017<\/strong>. Premio Atrapallibes por &#8220;L&#8217;aprenent de bruixot i Els Invisibles&#8221;.<br \/>\n<strong>2017<\/strong>. Medalla de Oro al M\u00e9rito en las Bellas Artes.<br \/>\n<strong>2018<\/strong>. Creu de Sant Jordi de la Generalitat de Catalunya.<br \/>\n<strong>2019<\/strong>. Premio Gonz\u00e1lez Ledesma 2020 por toda una carrera profesional.<br \/>\n<strong>2020<\/strong>. Premio Enderrock Estrella por su contribuci\u00f3n a la Historia de la M\u00fasica Rock.<br \/>\n<strong>2020<\/strong>. Premio Lazarillo 2019 por &#8220;Como l\u00e1grimas en la lluvia&#8221;.<br \/>\n<strong>2021<\/strong>. Premio Menjallibres por &#8220;Hores salvatges&#8221;.<br \/>\n<strong>2021<\/strong>. Premio Critic\u00f3n por &#8220;Las palabras heridas&#8221;.<br \/>\n<strong>2022<\/strong>. Premio Torre del Agua del FestiLIJ3C por toda una vida literaria.<br \/>\n<strong>2022<\/strong>. Premio Feri Mart\u00edn Sarmiento por la edici\u00f3n gallega de &#8220;Como l\u00e1grimas en la lluvia&#8221;.<br \/>\n<strong>2023<\/strong>. Premio Iluro por una vida entregada a la literatura.<br \/>\n<strong>2024<\/strong>. Premio Antonio de Sancha de la Asociaci\u00f3n de Editores de Madrid.<br \/>\n<strong>2025<\/strong>. Orden al M\u00e9rito Don Juan del Corral, categor\u00eda Oro, otorgada por el Ayuntaniento de Medell\u00edn, Col\u00f3mbia.<br \/>\n<strong>2026<\/strong>. Premio Fundaci\u00f3n Cuatrogatos (Miami, Florida, EEUU) por &#8220;K.lle&#8221;.<\/p>\n<p><a href=\"\/?page_id=845\">&lt;&lt; volver<\/a><\/p>\n","protected":false},"excerpt":{"rendered":"<p>1975. Premio Villa de Bilbao por &#8220;La revoluci\u00f3n del 32 de Triciembre&#8221; 1979. Premio Ateneo de Sevilla por &#8220;En Canarias se ha puesto el sol&#8221; 1981. Premio Gran Angular 1980 por &#8220;El cazador&#8221; 1983. Premio Gran Angular 1982 por &#8220;&#8230;en un lugar llamado Tierra&#8221; 1990.&hellip; <a class=\"read-more\" href=\"https:\/\/sierraifabra.com\/?page_id=47&#038;lang=es\">Read more<\/a><\/p>\n","protected":false},"author":101012,"featured_media":0,"parent":845,"menu_order":0,"comment_status":"closed","ping_status":"closed","template":"","meta":{"footnotes":""},"class_list":["post-47","page","type-page","status-publish","hentry"],"aioseo_notices":[],"_links":{"self":[{"href":"https:\/\/sierraifabra.com\/index.php?rest_route=\/wp\/v2\/pages\/47","targetHints":{"allow":["GET"]}}],"collection":[{"href":"https:\/\/sierraifabra.com\/index.php?rest_route=\/wp\/v2\/pages"}],"about":[{"href":"https:\/\/sierraifabra.com\/index.php?rest_route=\/wp\/v2\/types\/page"}],"author":[{"embeddable":true,"href":"https:\/\/sierraifabra.com\/index.php?rest_route=\/wp\/v2\/users\/101012"}],"replies":[{"embeddable":true,"href":"https:\/\/sierraifabra.com\/index.php?rest_route=%2Fwp%2Fv2%2Fcomments&post=47"}],"version-history":[{"count":0,"href":"https:\/\/sierraifabra.com\/index.php?rest_route=\/wp\/v2\/pages\/47\/revisions"}],"up":[{"embeddable":true,"href":"https:\/\/sierraifabra.com\/index.php?rest_route=\/wp\/v2\/pages\/845"}],"wp:attachment":[{"href":"https:\/\/sierraifabra.com\/index.php?rest_route=%2Fwp%2Fv2%2Fmedia&parent=47"}],"curies":[{"name":"wp","href":"https:\/\/api.w.org\/{rel}","templated":true}]}}