{"id":4780,"date":"2019-02-12T19:05:36","date_gmt":"2019-02-12T18:05:36","guid":{"rendered":"http:\/\/sierraifabra.com\/?page_id=4780"},"modified":"2020-02-10T17:47:52","modified_gmt":"2020-02-10T16:47:52","slug":"acta-de-la-concesion-del-xiv-premio-jordi-sierra-i-fabra-2019","status":"publish","type":"page","link":"https:\/\/sierraifabra.com\/?page_id=4780&lang=es","title":{"rendered":"ENTREGA Y ACTA DEL PREMIO JORDI SIERRA I FABRA 2019"},"content":{"rendered":"<p style=\"text-align: center;\">ENTREGA DEL PREMIO JORDI SIERRA I FABRA 2019<br \/>\n<a href=\"http:\/\/sierraifabra.com\/wp-content\/uploads\/2019\/05\/Entrega6.jpg\"><img loading=\"lazy\" decoding=\"async\" class=\"alignnone wp-image-4925\" src=\"http:\/\/sierraifabra.com\/wp-content\/uploads\/2019\/05\/Entrega6-300x225.jpg\" alt=\"\" width=\"196\" height=\"147\" srcset=\"https:\/\/sierraifabra.com\/wp-content\/uploads\/2019\/05\/Entrega6-300x225.jpg 300w, https:\/\/sierraifabra.com\/wp-content\/uploads\/2019\/05\/Entrega6-768x576.jpg 768w, https:\/\/sierraifabra.com\/wp-content\/uploads\/2019\/05\/Entrega6.jpg 1024w\" sizes=\"auto, (max-width: 196px) 100vw, 196px\" \/>\u00a0\u00a0\u00a0<\/a><a href=\"http:\/\/sierraifabra.com\/wp-content\/uploads\/2019\/05\/Entrega7.jpg\"><img loading=\"lazy\" decoding=\"async\" class=\"alignnone wp-image-4926\" src=\"http:\/\/sierraifabra.com\/wp-content\/uploads\/2019\/05\/Entrega7-225x300.jpg\" alt=\"\" width=\"108\" height=\"144\" srcset=\"https:\/\/sierraifabra.com\/wp-content\/uploads\/2019\/05\/Entrega7-225x300.jpg 225w, https:\/\/sierraifabra.com\/wp-content\/uploads\/2019\/05\/Entrega7.jpg 768w, https:\/\/sierraifabra.com\/wp-content\/uploads\/2019\/05\/Entrega7-360x480.jpg 360w\" sizes=\"auto, (max-width: 108px) 100vw, 108px\" \/><\/a><a href=\"http:\/\/sierraifabra.com\/wp-content\/uploads\/2019\/05\/Entrega6.jpg\">\u00a0\u00a0\u00a0<\/a><a href=\"http:\/\/sierraifabra.com\/wp-content\/uploads\/2019\/05\/Entrega8.jpg\"><img loading=\"lazy\" decoding=\"async\" class=\"alignnone wp-image-4927\" src=\"http:\/\/sierraifabra.com\/wp-content\/uploads\/2019\/05\/Entrega8-300x259.jpg\" alt=\"\" width=\"180\" height=\"156\" srcset=\"https:\/\/sierraifabra.com\/wp-content\/uploads\/2019\/05\/Entrega8-300x259.jpg 300w, https:\/\/sierraifabra.com\/wp-content\/uploads\/2019\/05\/Entrega8.jpg 675w\" sizes=\"auto, (max-width: 180px) 100vw, 180px\" \/><\/a><\/p>\n<p style=\"text-align: left;\">\u00a0\u00a0\u00a0\u00a0\u00a0\u00a0\u00a0\u00a0 Julia Ram\u00edrez Hurtado recibi\u00f3 de manos de Jordi Sierra i Fabra el premio que lleva su nombre en una emotiva fiesta en la escuela donde ella cursa sus estudios, en Barcelona. Tambi\u00e9n se present\u00f3 la novela, que ella ha decidido firmar con el mismo seud\u00f3nimo con el que se present\u00f3 al galard\u00f3n: Jane Lane. A la fiesta, presentada por Jordi y por Gabriel Brandariz, director de publicaciones generales del Grupop SM, que ha editado la novela, asistieron los compa\u00f1eros de Julia, personal de SM y Cru\u00eflla, de la Fundaci\u00f3 JSiF i dos de los vencedores del premio en ediciones anteriores, Arturo Padilla (que lo gan\u00f3 en 2006, fue el primero, y sigue siendo el \u00fanico chico en haberlo obtenido) y Patricia Lorenzo (que lo gan\u00f3 hace dos a\u00f1os).<\/p>\n<p style=\"text-align: center;\"><strong>ACTA DE LA CONCESI\u00d3N DEL XIV PREMIO JORDI SIERRA I FABRA PARA J\u00d3VENES 2019<\/strong><\/p>\n<p style=\"text-align: left;\">\u00a0\u00a0\u00a0\u00a0\u00a0\u00a0\u00a0\u00a0 Reunido en la ciudad de Barcelona a 12 de febrero de 2019, el jurado del D\u00e9cimo cuarto Premio Jordi Sierra i Fabra para J\u00f3venes, integrado por D\u00aa Berta M\u00e1rquez (editora del Grupo Editorial SM), D\u00aa Elena O&#8217;Callaghan (escritora), D\u00aa Antonia Cortijos (en representaci\u00f3n de la Fundaci\u00f3 JSiF) D. Pep Dur\u00e1n (librero) y D. Jordi Sierra i Fabra (escritor y presidente de la Fundaci\u00f3), se han acordado los siguientes fallos:<\/p>\n<p style=\"text-align: center;\"><strong><u>GANADOR DEL PREMIO JORDI SIERRA I FABRA<br \/>\n<\/u><\/strong><strong><u>PARA J\u00d3VENES 2019:<\/u><\/strong><\/p>\n<h3 style=\"text-align: center;\"><strong>\u00a0Julia Ram\u00edrez Hurtado,<br \/>\n<\/strong><strong>de Santa Coloma de Gramenet, Barcelona,<\/strong><br \/>\n<strong>por \u201cPoes\u00edas de una adolescente\u201d<\/strong><br \/>\n<strong>(t\u00edtulo provisional, no definitivo)<\/strong><\/h3>\n<p style=\"text-align: center;\"><strong><u>FINALISTAS<\/u><\/strong><strong>\u00a0<\/strong><\/p>\n<p style=\"text-align: center;\">Primer finalista:<\/p>\n<p style=\"text-align: center;\"><strong>Mar\u00eda Fernanda Tovar Ortiz,<br \/>\n<\/strong><strong>de Bogot\u00e1, Colombia,<br \/>\n<\/strong><strong>por \u201cQuerida Eli\u201d<\/strong><\/p>\n<p style=\"text-align: center;\"><strong>\u00a0<\/strong>Segundo finalista:<\/p>\n<p style=\"text-align: center;\"><strong>Estela Besc\u00f3s Garc\u00eda,<br \/>\n<\/strong><strong>de Zaragoza<br \/>\n<\/strong><strong>por \u201cEl misterio de las m\u00e1scaras\u201d<\/strong><\/p>\n<p style=\"text-align: center;\"><strong><u>LISTA DE HONOR ORO (POR ORDEN ALFABETICO)<\/u><\/strong><\/p>\n<p style=\"text-align: center;\"><strong>Isabel Fern\u00e1ndez Garc\u00eda,<br \/>\n<\/strong>de Granada,<br \/>\npor \u201cEl poder de Luaris\u201d<\/p>\n<p style=\"text-align: center;\"><strong>Laura Escobar Crespo,<br \/>\n<\/strong>de Villarrubia de Santiago, Toledo,<br \/>\npor \u201cLos cuentos de Dalia\u201d<\/p>\n<p style=\"text-align: center;\"><strong>Olaia Mendiburu Vidaurreta,<br \/>\n<\/strong>de Bara\u00f1a\u00edn, Navarra.<br \/>\npor \u201cHistoria de una futura guerra\u201d<\/p>\n<p style=\"text-align: center;\"><strong><u>LISTA DE HONOR PLATA (POR ORDEN ALFABETICO)<\/u><\/strong><\/p>\n<p style=\"text-align: center;\"><strong>Adri\u00e1n Gil Korilis,<br \/>\n<\/strong>de Bara\u00f1a\u00edn, Navarra,<br \/>\npor \u201cFr\u00edo verano ingl\u00e9s\u201d<\/p>\n<p style=\"text-align: center;\"><strong>Cristina Mula Moreno,<br \/>\n<\/strong>de Vilanova i la Geltr\u00fa, Barcelona,<br \/>\npor \u201cOtra forma de ver las cosas\u201d<\/p>\n<p style=\"text-align: center;\"><strong>Irene Alca\u00f1iz Hern\u00e1ndez,<br \/>\n<\/strong>de Albacete,<br \/>\npor \u201cCuando brillen las estrellas\u201d<\/p>\n<p style=\"text-align: center;\"><strong>Javier Navarro-Soto Egea,<br \/>\n<\/strong>de Lorca, Murcia,<br \/>\npor \u201cCuando no te queda nada\u201d<\/p>\n<p style=\"text-align: center;\"><strong>Lara Rivera Olmo,<br \/>\n<\/strong>de Jerez, C\u00e1diz,<br \/>\npor \u201cCuando el rub\u00ed deja de brillar\u201d<\/p>\n<p style=\"text-align: center;\"><strong>Mariela Andaluz Aramburu,<br \/>\n<\/strong>de Lima, Per\u00fa,<br \/>\npor \u201cLa rebeli\u00f3n\u201d<\/p>\n<p style=\"text-align: center;\"><strong>Shakti Natalia Crosrhwaytt Bonilla<br \/>\n<\/strong>de Ciudad de M\u00e9xico, M\u00e9xico,<br \/>\npor \u201cUna vez en el espejo\u201d<\/p>\n<p style=\"text-align: left;\">\u00a0\u00a0\u00a0\u00a0\u00a0\u00a0\u00a0\u00a0\u00a0\u00a0\u00a0\u00a0 Pese al notable descenso en el n\u00famero de obras presentadas en esta convocatoria, el nivel de las novelas se ha mantenido en los mismos par\u00e1metros de calidad de a\u00f1os anteriores, aunque el jurado haya seleccionado menos textos tanto en la categor\u00eda de Finalistas como en la de la Lista de Honor Oro. Destaca de nuevo la llegada de originales del otro lado del Atl\u00e1ntico, en especial de Colombia, M\u00e9xico, Per\u00fa y Estados Unidos. Enhorabuena a los que han repetido por su constancia, base del \u00e9xito en la carrera de todo futuro escritor o escritora.<br \/>\nLa ganadora, Julia Ram\u00edrez Hurtado, naci\u00f3 el 15 de octubre de 2002 en Santa Coloma de Gramenet, Barcelona, donde vive con sus padres y su hermana melliza, Luc\u00eda. Estudia bachillerato, rama de humanidades, y su deseo, adem\u00e1s de seguir escribiendo, es moverse en un \u00e1mbito art\u00edstico en el futuro. Es la primera vez que se presentaba al Premio JSiF. Empez\u00f3 a escribir su novela antes de verano de 2018, pero la complet\u00f3 en los meses de est\u00edo. A la pregunta de c\u00f3mo se plante\u00f3 un tema tan dif\u00edcil y de c\u00f3mo lo trat\u00f3 con tanta sensibilidad, tacto y buen gusto, responde que por experiencia personal y por el entorno de algunas amigas.<br \/>\n\u201cPoes\u00edas de una adolescente\u201d (t\u00edtulo provisional porque la novela se editar\u00e1 con otro todav\u00eda por determinar por la autora) nos cuenta en primera persona el despertar al amor de una chica que halla a trav\u00e9s de la pose\u00eda y la m\u00fasica un camino hasta el conocimiento propio. Pero ese conocimiento choca, adem\u00e1s, con una inesperada realidad, por un lado, por la naturaleza de ese amor, y por el otro, por la distancia que la vida va a terminar por imponerle. Escrita con una prosa refinada y cuidada, es un viaje por el coraz\u00f3n de una chica que, a su vez, es el reflejo de otras miles de adolescentes inmersas en la misma situaci\u00f3n.<br \/>\nLas dos novelas finalistas han sido \u201cQuerida Eli\u201d de la colombiana Mar\u00eda Tovar (Bogot\u00e1, 6-9-2002) y \u201cEl misterio de las m\u00e1scaras\u201d de la zaragozana Estela Besc\u00f3s Garc\u00eda, que ya fue finalista en la pasada edici\u00f3n del premio.<br \/>\n\u201cQuerida Eli\u201d es una novela escrita a base de cartas. Las hace un chico que ha perdido a su chica, Eli. Cada cap\u00edtulo, cada carta, est\u00e1 vinculada a una canci\u00f3n cuyo listado aparece al comienzo. Poco a poco nos vemos dando cuenta del verdadero trasfondo de la historia, cargada de violencia, porque la autora refleja una buena parta de esa violencia oculta en la sociedad, en este caso la colombiana. Hasta casi la mitad del libro no nos damos cuenta de que Eli est\u00e1 muerta y ha sido asesinada en el seno de su propia familia. Hablamos pues de una novela dura, realista y emotiva, llena de amor y dolor al mismo tiempo. Un libro intenso escrito con una madurez asombrosa.<br \/>\n\u201cEl misterio de las m\u00e1scaras\u201d a\u00fana aventura con brujer\u00eda en una historia que transcurre en Florencia, una ciudad muy literaria. Escrita a varias voces, con Enzo de protagonista principal, mezcla muy bien los g\u00e9neros en los que navega, consiguiendo el inter\u00e9s del lector por la suerte de sus personajes.<br \/>\nUn a\u00f1o m\u00e1s es importante destacar la utilidad de las recomendaciones que se os hacen a trav\u00e9s de la revista literaria de las Fundaciones Jordi Sierra i Fabra, <a href=\"http:\/\/www.lapaginaescrita.com\">www.lapaginaescrita.com<\/a>, as\u00ed como de los anexos a las bases que anualmente se cuelgan en las p\u00e1ginas <a href=\"http:\/\/www.sierraifabra.com\">www.sierraifabra.com<\/a> y <a href=\"http:\/\/www.fundaciosierraifabra.org\">www.fundaciosierraifabra.org<\/a>. S\u00f3lo escribiendo (y leyendo, por supuesto) se aprende a escribir. El hecho de saber hacerlo mejor o peor ha de ir acompa\u00f1ado de la necesaria est\u00e9tica para presentar una novela. No es lo mismo escribir una novela que hacer un correo electr\u00f3nico o un mensaje por m\u00f3vil. Enhorabuena a todos y todas las participantes que han emprendido el camino de aceptar este maravilloso reto: escribir. Y que nadie piense que ha ganado una obra y las dem\u00e1s han perdido porque no es as\u00ed. Una gana, pero las dem\u00e1s compiten. El m\u00e9rito de escribir una novela es vuestro. Ese orgullo no os lo quita nadie.<br \/>\nLa entrega del XIV Premio Literario Jordi Sierra i Fabra se realizar\u00e1 en el transcurso de un acto abierto al p\u00fablico en lugar y hora que se anunciar\u00e1 oportunamente, con la presentaci\u00f3n de la novela ganadora ya editada.<\/p>\n<p style=\"text-align: left;\">\u00a0\u00a0\u00a0\u00a0\u00a0\u00a0 <strong>Jordi Sierra i Fabra, 12 de febrero de 2019 <\/strong><\/p>\n","protected":false},"excerpt":{"rendered":"<p>ENTREGA DEL PREMIO JORDI SIERRA I FABRA 2019 \u00a0\u00a0\u00a0\u00a0\u00a0\u00a0 \u00a0\u00a0\u00a0\u00a0\u00a0\u00a0\u00a0\u00a0 Julia Ram\u00edrez Hurtado recibi\u00f3 de manos de Jordi Sierra i Fabra el premio que lleva su nombre en una emotiva fiesta en la escuela donde ella cursa sus estudios, en Barcelona. Tambi\u00e9n se present\u00f3 la&hellip; <a class=\"read-more\" href=\"https:\/\/sierraifabra.com\/?page_id=4780&#038;lang=es\">Read more<\/a><\/p>\n","protected":false},"author":101012,"featured_media":0,"parent":592,"menu_order":0,"comment_status":"closed","ping_status":"closed","template":"","meta":{"footnotes":""},"class_list":["post-4780","page","type-page","status-publish","hentry"],"aioseo_notices":[],"_links":{"self":[{"href":"https:\/\/sierraifabra.com\/index.php?rest_route=\/wp\/v2\/pages\/4780","targetHints":{"allow":["GET"]}}],"collection":[{"href":"https:\/\/sierraifabra.com\/index.php?rest_route=\/wp\/v2\/pages"}],"about":[{"href":"https:\/\/sierraifabra.com\/index.php?rest_route=\/wp\/v2\/types\/page"}],"author":[{"embeddable":true,"href":"https:\/\/sierraifabra.com\/index.php?rest_route=\/wp\/v2\/users\/101012"}],"replies":[{"embeddable":true,"href":"https:\/\/sierraifabra.com\/index.php?rest_route=%2Fwp%2Fv2%2Fcomments&post=4780"}],"version-history":[{"count":0,"href":"https:\/\/sierraifabra.com\/index.php?rest_route=\/wp\/v2\/pages\/4780\/revisions"}],"up":[{"embeddable":true,"href":"https:\/\/sierraifabra.com\/index.php?rest_route=\/wp\/v2\/pages\/592"}],"wp:attachment":[{"href":"https:\/\/sierraifabra.com\/index.php?rest_route=%2Fwp%2Fv2%2Fmedia&parent=4780"}],"curies":[{"name":"wp","href":"https:\/\/api.w.org\/{rel}","templated":true}]}}

<p style="text-align: center;">ENTREGA DEL PREMIO JORDI SIERRA I FABRA 2019<br />
<a href="http://sierraifabra.com/wp-content/uploads/2019/05/Entrega6.jpg"><img loading="lazy" decoding="async" class="alignnone wp-image-4925" src="http://sierraifabra.com/wp-content/uploads/2019/05/Entrega6-300x225.jpg" alt="" width="196" height="147" srcset="https://sierraifabra.com/wp-content/uploads/2019/05/Entrega6-300x225.jpg 300w, https://sierraifabra.com/wp-content/uploads/2019/05/Entrega6-768x576.jpg 768w, https://sierraifabra.com/wp-content/uploads/2019/05/Entrega6.jpg 1024w" sizes="auto, (max-width: 196px) 100vw, 196px" />   </a><a href="http://sierraifabra.com/wp-content/uploads/2019/05/Entrega7.jpg"><img loading="lazy" decoding="async" class="alignnone wp-image-4926" src="http://sierraifabra.com/wp-content/uploads/2019/05/Entrega7-225x300.jpg" alt="" width="108" height="144" srcset="https://sierraifabra.com/wp-content/uploads/2019/05/Entrega7-225x300.jpg 225w, https://sierraifabra.com/wp-content/uploads/2019/05/Entrega7.jpg 768w, https://sierraifabra.com/wp-content/uploads/2019/05/Entrega7-360x480.jpg 360w" sizes="auto, (max-width: 108px) 100vw, 108px" /></a><a href="http://sierraifabra.com/wp-content/uploads/2019/05/Entrega6.jpg">   </a><a href="http://sierraifabra.com/wp-content/uploads/2019/05/Entrega8.jpg"><img loading="lazy" decoding="async" class="alignnone wp-image-4927" src="http://sierraifabra.com/wp-content/uploads/2019/05/Entrega8-300x259.jpg" alt="" width="180" height="156" srcset="https://sierraifabra.com/wp-content/uploads/2019/05/Entrega8-300x259.jpg 300w, https://sierraifabra.com/wp-content/uploads/2019/05/Entrega8.jpg 675w" sizes="auto, (max-width: 180px) 100vw, 180px" /></a></p>
<p style="text-align: left;">         Julia Ramírez Hurtado recibió de manos de Jordi Sierra i Fabra el premio que lleva su nombre en una emotiva fiesta en la escuela donde ella cursa sus estudios, en Barcelona. También se presentó la novela, que ella ha decidido firmar con el mismo seudónimo con el que se presentó al galardón: Jane Lane. A la fiesta, presentada por Jordi y por Gabriel Brandariz, director de publicaciones generales del Grupop SM, que ha editado la novela, asistieron los compañeros de Julia, personal de SM y Cruïlla, de la Fundació JSiF i dos de los vencedores del premio en ediciones anteriores, Arturo Padilla (que lo ganó en 2006, fue el primero, y sigue siendo el único chico en haberlo obtenido) y Patricia Lorenzo (que lo ganó hace dos años).</p>
<p style="text-align: center;"><strong>ACTA DE LA CONCESIÓN DEL XIV PREMIO JORDI SIERRA I FABRA PARA JÓVENES 2019</strong></p>
<p style="text-align: left;">         Reunido en la ciudad de Barcelona a 12 de febrero de 2019, el jurado del Décimo cuarto Premio Jordi Sierra i Fabra para Jóvenes, integrado por Dª Berta Márquez (editora del Grupo Editorial SM), Dª Elena O&#8217;Callaghan (escritora), Dª Antonia Cortijos (en representación de la Fundació JSiF) D. Pep Durán (librero) y D. Jordi Sierra i Fabra (escritor y presidente de la Fundació), se han acordado los siguientes fallos:</p>
<p style="text-align: center;"><strong><u>GANADOR DEL PREMIO JORDI SIERRA I FABRA<br />
</u></strong><strong><u>PARA JÓVENES 2019:</u></strong></p>
<h3 style="text-align: center;"><strong> Julia Ramírez Hurtado,<br />
</strong><strong>de Santa Coloma de Gramenet, Barcelona,</strong><br />
<strong>por “Poesías de una adolescente”</strong><br />
<strong>(título provisional, no definitivo)</strong></h3>
<p style="text-align: center;"><strong><u>FINALISTAS</u></strong><strong> </strong></p>
<p style="text-align: center;">Primer finalista:</p>
<p style="text-align: center;"><strong>María Fernanda Tovar Ortiz,<br />
</strong><strong>de Bogotá, Colombia,<br />
</strong><strong>por “Querida Eli”</strong></p>
<p style="text-align: center;"><strong> </strong>Segundo finalista:</p>
<p style="text-align: center;"><strong>Estela Bescós García,<br />
</strong><strong>de Zaragoza<br />
</strong><strong>por “El misterio de las máscaras”</strong></p>
<p style="text-align: center;"><strong><u>LISTA DE HONOR ORO (POR ORDEN ALFABETICO)</u></strong></p>
<p style="text-align: center;"><strong>Isabel Fernández García,<br />
</strong>de Granada,<br />
por “El poder de Luaris”</p>
<p style="text-align: center;"><strong>Laura Escobar Crespo,<br />
</strong>de Villarrubia de Santiago, Toledo,<br />
por “Los cuentos de Dalia”</p>
<p style="text-align: center;"><strong>Olaia Mendiburu Vidaurreta,<br />
</strong>de Barañaín, Navarra.<br />
por “Historia de una futura guerra”</p>
<p style="text-align: center;"><strong><u>LISTA DE HONOR PLATA (POR ORDEN ALFABETICO)</u></strong></p>
<p style="text-align: center;"><strong>Adrián Gil Korilis,<br />
</strong>de Barañaín, Navarra,<br />
por “Frío verano inglés”</p>
<p style="text-align: center;"><strong>Cristina Mula Moreno,<br />
</strong>de Vilanova i la Geltrú, Barcelona,<br />
por “Otra forma de ver las cosas”</p>
<p style="text-align: center;"><strong>Irene Alcañiz Hernández,<br />
</strong>de Albacete,<br />
por “Cuando brillen las estrellas”</p>
<p style="text-align: center;"><strong>Javier Navarro-Soto Egea,<br />
</strong>de Lorca, Murcia,<br />
por “Cuando no te queda nada”</p>
<p style="text-align: center;"><strong>Lara Rivera Olmo,<br />
</strong>de Jerez, Cádiz,<br />
por “Cuando el rubí deja de brillar”</p>
<p style="text-align: center;"><strong>Mariela Andaluz Aramburu,<br />
</strong>de Lima, Perú,<br />
por “La rebelión”</p>
<p style="text-align: center;"><strong>Shakti Natalia Crosrhwaytt Bonilla<br />
</strong>de Ciudad de México, México,<br />
por “Una vez en el espejo”</p>
<p style="text-align: left;">             Pese al notable descenso en el número de obras presentadas en esta convocatoria, el nivel de las novelas se ha mantenido en los mismos parámetros de calidad de años anteriores, aunque el jurado haya seleccionado menos textos tanto en la categoría de Finalistas como en la de la Lista de Honor Oro. Destaca de nuevo la llegada de originales del otro lado del Atlántico, en especial de Colombia, México, Perú y Estados Unidos. Enhorabuena a los que han repetido por su constancia, base del éxito en la carrera de todo futuro escritor o escritora.<br />
La ganadora, Julia Ramírez Hurtado, nació el 15 de octubre de 2002 en Santa Coloma de Gramenet, Barcelona, donde vive con sus padres y su hermana melliza, Lucía. Estudia bachillerato, rama de humanidades, y su deseo, además de seguir escribiendo, es moverse en un ámbito artístico en el futuro. Es la primera vez que se presentaba al Premio JSiF. Empezó a escribir su novela antes de verano de 2018, pero la completó en los meses de estío. A la pregunta de cómo se planteó un tema tan difícil y de cómo lo trató con tanta sensibilidad, tacto y buen gusto, responde que por experiencia personal y por el entorno de algunas amigas.<br />
“Poesías de una adolescente” (título provisional porque la novela se editará con otro todavía por determinar por la autora) nos cuenta en primera persona el despertar al amor de una chica que halla a través de la poseía y la música un camino hasta el conocimiento propio. Pero ese conocimiento choca, además, con una inesperada realidad, por un lado, por la naturaleza de ese amor, y por el otro, por la distancia que la vida va a terminar por imponerle. Escrita con una prosa refinada y cuidada, es un viaje por el corazón de una chica que, a su vez, es el reflejo de otras miles de adolescentes inmersas en la misma situación.<br />
Las dos novelas finalistas han sido “Querida Eli” de la colombiana María Tovar (Bogotá, 6-9-2002) y “El misterio de las máscaras” de la zaragozana Estela Bescós García, que ya fue finalista en la pasada edición del premio.<br />
“Querida Eli” es una novela escrita a base de cartas. Las hace un chico que ha perdido a su chica, Eli. Cada capítulo, cada carta, está vinculada a una canción cuyo listado aparece al comienzo. Poco a poco nos vemos dando cuenta del verdadero trasfondo de la historia, cargada de violencia, porque la autora refleja una buena parta de esa violencia oculta en la sociedad, en este caso la colombiana. Hasta casi la mitad del libro no nos damos cuenta de que Eli está muerta y ha sido asesinada en el seno de su propia familia. Hablamos pues de una novela dura, realista y emotiva, llena de amor y dolor al mismo tiempo. Un libro intenso escrito con una madurez asombrosa.<br />
“El misterio de las máscaras” aúna aventura con brujería en una historia que transcurre en Florencia, una ciudad muy literaria. Escrita a varias voces, con Enzo de protagonista principal, mezcla muy bien los géneros en los que navega, consiguiendo el interés del lector por la suerte de sus personajes.<br />
Un año más es importante destacar la utilidad de las recomendaciones que se os hacen a través de la revista literaria de las Fundaciones Jordi Sierra i Fabra, <a href="http://www.lapaginaescrita.com">www.lapaginaescrita.com</a>, así como de los anexos a las bases que anualmente se cuelgan en las páginas <a href="http://www.sierraifabra.com">www.sierraifabra.com</a> y <a href="http://www.fundaciosierraifabra.org">www.fundaciosierraifabra.org</a>. Sólo escribiendo (y leyendo, por supuesto) se aprende a escribir. El hecho de saber hacerlo mejor o peor ha de ir acompañado de la necesaria estética para presentar una novela. No es lo mismo escribir una novela que hacer un correo electrónico o un mensaje por móvil. Enhorabuena a todos y todas las participantes que han emprendido el camino de aceptar este maravilloso reto: escribir. Y que nadie piense que ha ganado una obra y las demás han perdido porque no es así. Una gana, pero las demás compiten. El mérito de escribir una novela es vuestro. Ese orgullo no os lo quita nadie.<br />
La entrega del XIV Premio Literario Jordi Sierra i Fabra se realizará en el transcurso de un acto abierto al público en lugar y hora que se anunciará oportunamente, con la presentación de la novela ganadora ya editada.</p>
<p style="text-align: left;">       <strong>Jordi Sierra i Fabra, 12 de febrero de 2019 </strong></p>

<p>ENTREGA DEL PREMIO JORDI SIERRA I FABRA 2019                 Julia Ramírez Hurtado recibió de manos de Jordi Sierra i Fabra el premio que lleva su nombre en una emotiva fiesta en la escuela donde ella cursa sus estudios, en Barcelona. También se presentó la&hellip; <a class="read-more" href="https://sierraifabra.com/?page_id=4780&#038;lang=es">Read more</a></p>
