{"id":5022,"date":"2019-10-08T15:25:10","date_gmt":"2019-10-08T13:25:10","guid":{"rendered":"http:\/\/sierraifabra.com\/?page_id=5022"},"modified":"2026-02-13T12:55:15","modified_gmt":"2026-02-13T11:55:15","slug":"noticias-de-la-serie","status":"publish","type":"page","link":"https:\/\/sierraifabra.com\/?page_id=5022&lang=es","title":{"rendered":"Noticias de la serie"},"content":{"rendered":"<h4 style=\"text-align: center;\"><strong>NOTICIAS DE LA SERIE\u00a0<\/strong><strong>INSPECTOR MASCARELL<\/strong><\/h4>\n<p style=\"text-align: center;\"><strong>\u00a1YA EST\u00c1 AQU\u00cd LA PORTADA DEL NUEVO MASCARELL!<br \/>\n<a href=\"https:\/\/sierraifabra.com\/wp-content\/uploads\/2026\/02\/Portada-1.png\"><img loading=\"lazy\" decoding=\"async\" class=\"alignnone size-medium wp-image-7312\" src=\"https:\/\/sierraifabra.com\/wp-content\/uploads\/2026\/02\/Portada-1-187x300.png\" alt=\"\" width=\"187\" height=\"300\" srcset=\"https:\/\/sierraifabra.com\/wp-content\/uploads\/2026\/02\/Portada-1-187x300.png 187w, https:\/\/sierraifabra.com\/wp-content\/uploads\/2026\/02\/Portada-1-638x1024.png 638w, https:\/\/sierraifabra.com\/wp-content\/uploads\/2026\/02\/Portada-1-768x1233.png 768w, https:\/\/sierraifabra.com\/wp-content\/uploads\/2026\/02\/Portada-1-100x160.png 100w, https:\/\/sierraifabra.com\/wp-content\/uploads\/2026\/02\/Portada-1-957x1536.png 957w, https:\/\/sierraifabra.com\/wp-content\/uploads\/2026\/02\/Portada-1.png 1144w\" sizes=\"auto, (max-width: 187px) 100vw, 187px\" \/><\/a><br \/>\n<\/strong>Como se avanz\u00f3 en 2025, Jordi se resisti\u00f3 a dejar de escribir sobre su personaje m\u00e1s emblem\u00e1tico. Para satisfacer las peticiones de los fans, escribi\u00f3 la novela que quiz\u00e1 le faltaba a la serie. Muchos lectores le preguntaron a lo largo de los a\u00f1os: \u00bfQu\u00e9 hizo Miquel en el Valle de los Ca\u00eddos? Pues bien, &#8220;Mascarell, con elle&#8221;, resuelve esta pregunta. A trav\u00e9s de un ficticio asesinato, Jordi rememora aquel tiempo oscuro y hace probablemente su mayor y mejor alegato anti belicista y anti dictadura. Una novela imprescindible que no figura como la n\u00famero 16 de la serie, sino como una obra independiente de gran valor literario e hist\u00f3rico. Ya hay portada y la edici\u00f3n est\u00e1 prevista para marzo-abril de este 2026.<\/p>\n<p style=\"text-align: center;\"><strong>\u00a1JORDI AVANZA QUE EN 2026 HABR\u00c1 UN NUEVO MASCARELL!<br \/>\n<\/strong>Jordi Sierra i Fabra termin\u00f3 la serie Mascarell, no por voluntad propia sino a instancias de la editorial, en 2024. Pero tozudo como es, se ha resistido a dejar hu\u00e9rfanos a los lectores y ha escrito un nuevo libro, que no es el n\u00ba16 de la serie, sino un relato independiente. &#8220;Mascarell, con elle&#8221;, se sit\u00faa en el Valle de los Ca\u00eddos en 1944 y ser\u00eda la novela que faltar\u00eda entre la 1 y la 2 de la serie, &#8220;Cuatro d\u00edas de enero&#8221; y &#8220;Siete d\u00edas de julio&#8221;. Atenci\u00f3n pues a primavera de 2026<\/p>\n<p style=\"text-align: center;\"><strong>\u00a1ATENCI\u00d3N A LOS LECTORES DE MIQUEL MASCARELL:<br \/>\nLLEGA EL \u00daLTIMO LIBRO DE LA SERIE!<\/strong><\/p>\n<p>\u00a0\u00a0\u00a0\u00a0\u00a0\u00a0 El pr\u00f3ximo 4 de abril de 2024 llegar\u00e1 a las librer\u00edas &#8220;Algunos d\u00edas de mayo y uno de junio&#8221;, n\u00ba15 de la serie de novelas protagonizada por el exinspector Miquel Mascarell. Jordi Sierra i Fabra ha confirmado que este ser\u00e1 el \u00faltimo volumen y que, por causas editoriales, solo podr\u00e1 leerse en castellano. El propio Jordi comenta las razones de este final:<\/p>\n<p>\u2014\u00bfPor qu\u00e9 dejas hu\u00e9rfanos a los fans de la serie?<\/p>\n<p>\u2014En primer lugar, creo sinceramente que es la mejor novela de las 15 junto con la primera, que fue la que abri\u00f3 la lata al convertirse en un best seller, as\u00ed que es un digno final para mi personaje. En segundo lugar, y pese a ello, se trata m\u00e1s de una decisi\u00f3n editorial que m\u00eda, porque Mascarell ten\u00eda cuerda para rato. En tercer lugar, mientras escrib\u00eda esta novela se produjo la tr\u00e1gica muerte de mi esposa, v\u00edctima de un irresponsable que la atropell\u00f3 con su cami\u00f3n. Antonia era la primera fan de Miquel Mascarell, y ya no pudo leer este libro. Tambi\u00e9n por ella quedar\u00e1 bien la despedida.<\/p>\n<p>\u2014Entonces es algo definitivo.<\/p>\n<p>\u2014Bueno, quiz\u00e1 haya una &#8220;revoluci\u00f3n&#8221; de los fans, como le pas\u00f3 a Conan Doyle cuando acab\u00f3 con Sherlock Holmes, y tenga que volver dentro de dos o tres a\u00f1os. Eso s\u00ed: Doyle mat\u00f3 a Sherlock, y eso yo no lo hago con Miquel, tranquilos. Por desgracia Mascarell no es tan famoso como Holmes. No creo que los lectores inunden a la editorial de cartas, mails, mensajes o lo que sea pidiendo m\u00e1s. Ojal\u00e1.<\/p>\n<p>\u2014\u00bfPor qu\u00e9 crees que es el mejor t\u00edtulo para la despedida?<\/p>\n<p>\u2014Siempre he intentado superarme, t\u00edtulo a t\u00edtulo. Esta novela transcurre durante los d\u00edas en los que en Barcelona se celebr\u00f3 el Congreso Eucar\u00edstico Internacional, finales de mayo y 1 de junio de 1952. Aquello fue una revoluci\u00f3n social. Franco abri\u00f3 las c\u00e1rceles con los pocos presos que quedaban vivos, se acab\u00f3 la cartilla de racionamiento, la vida empezaba a normalizarse y, por si fuera poco, Barcelona y Espa\u00f1a se pusieron en el mapa de nuevo. Era el primer Congreso despu\u00e9s de la II Guerra Mundial, y se celebr\u00f3 por todo lo alto, con el colof\u00f3n de la misa a la que acudieron un mill\u00f3n de personas (1 de junio) y la ordenaci\u00f3n de m\u00e1s de 800 sacerdotes (31 de mayo) en el Estadio de Montju\u00efc, la m\u00e1s grande de la historia. En este contexto, en mi novela, la muerte de tres sacerdotes lo revoluciona todo y ah\u00ed es donde aparece Miquel. El final es tambi\u00e9n un canto de amor a Barcelona.<\/p>\n<p>\u2014\u00bfCu\u00e1nto te ha costado preparar la novela?<\/p>\n<p>\u2014A veces la gente no se da cuenta de que cuando escribo una novela de la serie, ya he de pensar en las dos siguientes, por lo menos, para situarlas siempre en momentos clave de la historia de la ciudad y del pa\u00eds. Decid\u00ed hace cinco a\u00f1os que esta ser\u00eda la n\u00ba15, sin pensar que pudiera ser la \u00faltima. Para llegar a mayo del 52, necesitaba varias novelas m\u00e1s. Por eso puedo decir que esta ha sido la m\u00e1s largamente planificada. La llevaba en la cabeza desde hac\u00eda tiempo.<\/p>\n<p>\u2014\u00bfCu\u00e1l habr\u00eda sido el futuro de Miquel Mascarell?<\/p>\n<p>\u2014En una novela de la peque\u00f1a serie de cuatro t\u00edtulos del inspector Hilario Soler, que transcurren entre 1963 y 1964, aparece Miquel, ya muy mayor, con Patro y su hija de doce a\u00f1os. Esa novela se edit\u00f3 incluso antes de que Patro quedase embarazada en &#8220;Tres d\u00edas de agosto&#8221; y diera a luz en &#8220;Ocho d\u00edas de marzo&#8221;. Con eso hac\u00eda un gui\u00f1o a los lectores, pero sobre todo, les dec\u00eda que estuvieran tranquilos, que Miquel vivir\u00eda muchos a\u00f1os al margen de los libros.<\/p>\n<p>\u2014\u00bfQu\u00e9 te ha dado Miquel en estos a\u00f1os?<\/p>\n<p>\u2014Ha sido mi personaje m\u00e1s emblem\u00e1tico, m\u00e1s real y humano, el m\u00e1s sentido y m\u00e1s querido tambi\u00e9n. Para m\u00ed (y para la mayor\u00eda de lectores) las suyas son algo m\u00e1s que novelas policiacas. El trasfondo hist\u00f3rico ha sido esencial para situar cada caso. Creo que he hecho un repaso de lo que fueron aquellos tiempos. Solo me arrepiento de una cosa: de haber hecho pasar a Miquel ocho a\u00f1os y medio preso en el Valle de los Ca\u00eddos entre el primer y el segundo libro. No pude novelar los a\u00f1os duros de la posguerra, porque hice reaparecer a Miquel en julio del 47. En aquellos d\u00edas no pens\u00e9 que la seria iba a durar tanto, de ah\u00ed ese salto temporal. Pero bueno, a la postre no es m\u00e1s que un detalle. La galer\u00eda de personajes que aparecen en los 15 libros es un fiel reflejo de aquel tiempo.<\/p>\n<p>\u2014\u00bfAlguna an\u00e9cdota en especial?<\/p>\n<p>\u2014Hay dos que me impactaron. Una, que durante el largo juicio del <em>proc\u00e9s<\/em>, uno de los acusados se iba detr\u00e1s de los abogados cada d\u00eda y se pon\u00eda a leer a Mascarell para no aburrirse. Otra, la de un anciano que no quiso morirse hasta terminar el Mascarell que estaba leyendo. Y lo consigui\u00f3. La termin\u00f3, cerr\u00f3 la novela y muri\u00f3.<\/p>\n<p>\u2014\u00bfTristeza en el adi\u00f3s?<\/p>\n<p>\u2014S\u00ed, pero s\u00e9 que mi peque\u00f1o h\u00e9roe ha hecho felices a muchas personas. Quien sabe si, a pesar de todo, me entra la nostalgia dentro de un tiempo. En esta vida nunca puedes decir nunca jam\u00e1s.<\/p>\n<p>Ojal\u00e1 sea as\u00ed. Mascarell ya es historia viva de la novela policial espa\u00f1ola.<\/p>\n<p>&nbsp;<\/p>\n<hr \/>\n<p>&nbsp;<\/p>\n<p style=\"text-align: center;\"><strong>MARZO DE 2023: MASCARELL 14<br \/>\n<\/strong><a href=\"http:\/\/sierraifabra.com\/wp-content\/uploads\/2023\/01\/Mascarell14.png\"><img loading=\"lazy\" decoding=\"async\" class=\"alignnone size-medium wp-image-6229\" src=\"http:\/\/sierraifabra.com\/wp-content\/uploads\/2023\/01\/Mascarell14-203x300.png\" alt=\"\" width=\"203\" height=\"300\" srcset=\"https:\/\/sierraifabra.com\/wp-content\/uploads\/2023\/01\/Mascarell14-203x300.png 203w, https:\/\/sierraifabra.com\/wp-content\/uploads\/2023\/01\/Mascarell14-692x1024.png 692w, https:\/\/sierraifabra.com\/wp-content\/uploads\/2023\/01\/Mascarell14-768x1137.png 768w, https:\/\/sierraifabra.com\/wp-content\/uploads\/2023\/01\/Mascarell14-1038x1536.png 1038w, https:\/\/sierraifabra.com\/wp-content\/uploads\/2023\/01\/Mascarell14.png 1208w\" sizes=\"auto, (max-width: 203px) 100vw, 203px\" \/><\/a><a href=\"http:\/\/sierraifabra.com\/wp-content\/uploads\/2021\/02\/Portada12.png\"><br \/>\n<\/a>La novela n\u00famero 14 de la serie Inspector Mascarell se pondr\u00e1 a la venta el 16 de marzo, en catal\u00e1n (Rosa dels Vents) y castellano (Plaza y Jan\u00e9s).\u00a0 En esta entrega Miquel, acompa\u00f1ado de su ya socio, el detective David Fortuny, deber\u00e1 buscar a un hombre desaparecido hace 13 a\u00f1os por encargo de su presunta viuda. La curiosidad principal de la novela es que, en ella, no hay ning\u00fan asesinato. Seg\u00fan el propio Jordi, es una de las tramas m\u00e1s complejas y humanas que ha desarrollado en su vida de autor policiaco, con una final muy, muy sorprendente.<br \/>\nSierra i Fabra anuncia, tambi\u00e9n como siempre, la publicaci\u00f3n para 2024 del n\u00famero 15 de la serie, &#8220;Algunos d\u00edas de mayo y uno de octubre&#8221;, ya escrita recientemente.<\/p>\n<p style=\"text-align: center;\"><strong>7 DE ABRIL de 2022: MASCARELL 13 A LA VENTA<br \/>\n<a href=\"http:\/\/sierraifabra.com\/wp-content\/uploads\/2022\/02\/Portada13.png\"><img loading=\"lazy\" decoding=\"async\" class=\"size-medium wp-image-5973 aligncenter\" src=\"http:\/\/sierraifabra.com\/wp-content\/uploads\/2022\/02\/Portada13-203x300.png\" alt=\"\" width=\"203\" height=\"300\" srcset=\"https:\/\/sierraifabra.com\/wp-content\/uploads\/2022\/02\/Portada13-203x300.png 203w, https:\/\/sierraifabra.com\/wp-content\/uploads\/2022\/02\/Portada13.png 519w\" sizes=\"auto, (max-width: 203px) 100vw, 203px\" \/><\/a><\/strong>La novela n\u00famero 13 de la serie Inspector Mascarell se pondr\u00e1 a la venta el 7 de abril, en catal\u00e1n (Rosa dels Vents) y castellano (Plaza y Jan\u00e9s).\u00a0 Con una trama de nuevo adictiva, Miquel tendr\u00e1 que ayudar a Patro y a una vieja amiga prostituta, Dalena, a resolver el asesinato del novio de esta poco despu\u00e9s de que tambi\u00e9n mataran a su hermano en un robo fallido. La implicaci\u00f3n del maquis, la guerrilla antifranquista a\u00fan viva y activa en 1952, aporta nuevos ingredientes al trepidante caso.\u00a0 Quico Sabat\u00e9, el legendario guerrillero, aparece incluso como personaje real en la historia.<br \/>\nComo cada a\u00f1o, Jordi anuncia ya que la novela de 2023 se titular\u00e1 &#8220;Algunos d\u00edas de abril&#8221; y tambi\u00e9n que con la de 2024, la n\u00famero 15, se cerrar\u00e1 un segundo ciclo de t\u00edtulos. Tocar\u00e1 esperar.<\/p>\n<p style=\"text-align: center;\"><strong>9 DE ABRIL: MASCARELL 12 A LA VENTA<\/strong><a href=\"http:\/\/sierraifabra.com\/wp-content\/uploads\/2021\/02\/Portada12.png\"><br \/>\n<img loading=\"lazy\" decoding=\"async\" class=\"size-medium wp-image-5691 aligncenter\" src=\"http:\/\/sierraifabra.com\/wp-content\/uploads\/2021\/02\/Portada12-211x300.png\" alt=\"\" width=\"211\" height=\"300\" srcset=\"https:\/\/sierraifabra.com\/wp-content\/uploads\/2021\/02\/Portada12-211x300.png 211w, https:\/\/sierraifabra.com\/wp-content\/uploads\/2021\/02\/Portada12.png 521w\" sizes=\"auto, (max-width: 211px) 100vw, 211px\" \/><\/a>La novela n\u00famero 12 de la serie Inspector Mascarell, <strong>&#8220;Algunos d\u00edas de enero&#8221;<\/strong>, sepuso a la venta en librerias el 9 de abril. Mientras, JordiSierra i Fabra ya ha avanzado que la n\u00famero 13, que se editar\u00e1 en 2022, llevar\u00e1 el t\u00edtulo <strong>&#8220;Algunos d\u00edas de febrero&#8221;<\/strong>.<\/p>\n<p style=\"text-align: center;\"><strong>LA &#8220;MALDICI\u00d3N&#8221; DE JORDI SIERRA I FABRA<\/strong><br \/>\nA lo largo de sus casi 50 de vida profesional, Sierra i Fabra se ha adelantado muchas veces a los acontecimientos a trav\u00e9s de sus novelas. Predijo golpes de Estado, cambios pol\u00edticos, Operaciones Triunfos, Grandes Hermanos&#8230; Y en la serie Mascaralle tenemos dos ejemplos de ello. En la quinta novela de la serie, <strong>&#8220;Seis d\u00edas de diciembre&#8221;<\/strong>, habl\u00f3 de los Monument Men cuando nadie lo hac\u00eda, y, casualmente, justo antes de la aparici\u00f3n de la novela, George Clooney estren\u00f3 la pel\u00edcula del mismo t\u00edtulo. Ahora la historia se repite. Jordi escribi\u00f3 el pr\u00f3ximo t\u00edtulo de Mascarell, <strong>&#8220;Algunos d\u00edas de enero&#8221;<\/strong>, que se editar\u00e1 en abril de 2021, en noviembre de 2019. En la novela uno de los personajes centrales es Otto Skorzeny, un nazi considerado el hombre m\u00e1s peligroso de Europa en el que Hitler confi\u00f3 muchas audaces misiones. Pues bien, ahora aparece en la televisi\u00f3n catalana un documental sobre la figura de tan siniestro personaje justo antes de la aparici\u00f3n de la novela. \u00bfSiempre adelantado, casualidad o &#8220;maldici\u00f3n&#8221;?<\/p>\n<p style=\"text-align: center;\"><strong>&#8220;ALGUNOS D\u00cdAS DE NOVIEMBRE&#8221;, VUELVE EL INSPECTOR MASCARELL EN 2020<br \/>\n<a href=\"http:\/\/sierraifabra.com\/wp-content\/uploads\/2020\/02\/Mascarell-11.png\"><img loading=\"lazy\" decoding=\"async\" class=\"alignnone wp-image-5252\" src=\"http:\/\/sierraifabra.com\/wp-content\/uploads\/2020\/02\/Mascarell-11-197x300.png\" alt=\"\" width=\"188\" height=\"286\" srcset=\"https:\/\/sierraifabra.com\/wp-content\/uploads\/2020\/02\/Mascarell-11-197x300.png 197w, https:\/\/sierraifabra.com\/wp-content\/uploads\/2020\/02\/Mascarell-11.png 464w\" sizes=\"auto, (max-width: 188px) 100vw, 188px\" \/><\/a><em><br \/>\n<\/em><\/strong>Con dos meses de retraso debido a la pandemia y el cierre de las librer\u00edas en Espa\u00f1a, vuelve el inspector Mascarell en su 11\u00aa \u00a0novela de la serie. En este caso deber\u00e1 investigar una extra\u00f1a muerte que le har\u00e1 sumergirse en un mundo ins\u00f3lito para \u00e9l: el del cine, el teatro y el de las famosas variet\u00e9s en la Espa\u00f1a de fines de 1951.<\/p>\n<p style=\"text-align: center;\"><strong>&#8220;SIETE DIAS DE JULIO&#8221; EN LA PRENSA DEL GRUPO VOCENTO<a href=\"http:\/\/sierraifabra.com\/wp-content\/uploads\/2020\/05\/Siete-dias.png\"><br \/>\n<img loading=\"lazy\" decoding=\"async\" class=\"size-medium wp-image-5293 aligncenter\" src=\"http:\/\/sierraifabra.com\/wp-content\/uploads\/2020\/05\/Siete-dias-300x208.png\" alt=\"\" width=\"300\" height=\"208\" srcset=\"https:\/\/sierraifabra.com\/wp-content\/uploads\/2020\/05\/Siete-dias-300x208.png 300w, https:\/\/sierraifabra.com\/wp-content\/uploads\/2020\/05\/Siete-dias-768x533.png 768w, https:\/\/sierraifabra.com\/wp-content\/uploads\/2020\/05\/Siete-dias.png 894w\" sizes=\"auto, (max-width: 300px) 100vw, 300px\" \/><\/a><\/strong>Lo mismo que sucedi\u00f3 antes de la pandemia con otros medios, ahora son los peri\u00f3dicos del grupo Vocento los que vender\u00e1n el best seller de Jordi Sierra i Fabra <strong>&#8220;Siete d\u00edas de julio&#8221;<\/strong> (segunda novela de la serie Miquel Mascarell, publicada en 2010) en una campa\u00f1a de <em>thrillers<\/em> que aglutina, entre otros, a autores de la talla de Stephen King, Ken Follet, Frederick Forsyth, Pierre Lemaitre, Mary Higgings Clark, Anne Perry, Jo Nesbo, P.D.James o John Grisham.<\/p>\n<p style=\"text-align: center;\"><strong>SE APLAZA DOS MESES LA APARICI\u00d3N DEL NUEVO T\u00cdTULO DE LA SERIE MIQUEL MASCARELL<\/strong><br \/>\nA causa de la crisis sanitaria que est\u00e1 viviendo Espa\u00f1a y el cierre de las librer\u00edas, se ha aplazado por parte de la editorial Random House la publicaci\u00f3n del n\u00famero 11 de la serie Miquel Mascarell. La fecha prevista, 2 de abril, se traslada al 4 de junio. Confiamos en que para entonces, los fans de Miquel puedan volver a disfrutar con sus casos policiacos, tanto en soporte cl\u00e1sico, como on line y, por primera vez, audio.<\/p>\n<p style=\"text-align: center;\"><strong>PEP MUNN\u00c9 GRABA EN AUDIO EL NUEVO LIBRO DE MIQUEL MASCARELL<\/strong><br \/>\n<a href=\"http:\/\/sierraifabra.com\/wp-content\/uploads\/2020\/02\/Con-Pep-Munn\u00e9-1.jpg\"><img loading=\"lazy\" decoding=\"async\" class=\"alignnone wp-image-5260\" src=\"http:\/\/sierraifabra.com\/wp-content\/uploads\/2020\/02\/Con-Pep-Munn\u00e9-1-300x283.jpg\" alt=\"\" width=\"181\" height=\"171\" srcset=\"https:\/\/sierraifabra.com\/wp-content\/uploads\/2020\/02\/Con-Pep-Munn\u00e9-1-300x283.jpg 300w, https:\/\/sierraifabra.com\/wp-content\/uploads\/2020\/02\/Con-Pep-Munn\u00e9-1-768x725.jpg 768w, https:\/\/sierraifabra.com\/wp-content\/uploads\/2020\/02\/Con-Pep-Munn\u00e9-1-1024x966.jpg 1024w, https:\/\/sierraifabra.com\/wp-content\/uploads\/2020\/02\/Con-Pep-Munn\u00e9-1.jpg 1173w\" sizes=\"auto, (max-width: 181px) 100vw, 181px\" \/><\/a><a href=\"http:\/\/sierraifabra.com\/wp-content\/uploads\/2020\/02\/Con-Pep-Munn\u00e9-2.jpg\"><img loading=\"lazy\" decoding=\"async\" class=\"alignnone wp-image-5261\" src=\"http:\/\/sierraifabra.com\/wp-content\/uploads\/2020\/02\/Con-Pep-Munn\u00e9-2-235x300.jpg\" alt=\"\" width=\"134\" height=\"171\" srcset=\"https:\/\/sierraifabra.com\/wp-content\/uploads\/2020\/02\/Con-Pep-Munn\u00e9-2-235x300.jpg 235w, https:\/\/sierraifabra.com\/wp-content\/uploads\/2020\/02\/Con-Pep-Munn\u00e9-2-768x982.jpg 768w, https:\/\/sierraifabra.com\/wp-content\/uploads\/2020\/02\/Con-Pep-Munn\u00e9-2-801x1024.jpg 801w, https:\/\/sierraifabra.com\/wp-content\/uploads\/2020\/02\/Con-Pep-Munn\u00e9-2.jpg 1147w\" sizes=\"auto, (max-width: 134px) 100vw, 134px\" \/><\/a><br \/>\n<strong>&#8220;Algunos d\u00edas de noviembre&#8221; <\/strong>ser\u00e1 el primer t\u00edtulo de la serie Inspector Mascarell que aparecer\u00e1 en todos los formatos posibles del mercado, entre ellos la versi\u00f3n audio. El actor Pep Munn\u00e9, principal cadidato a ser el prop\u00eco Mascarell en la pantalla, se encarga de la grabaci\u00f3n de la novela en unos estudios de Barcelona. Jordi Sierra i Fabra le visit\u00f3 uno de los d\u00edas de trabajo, como se ve en las fotos.<\/p>\n<p style=\"text-align: center;\"><strong>PERIODICOS NACIONALES INCLUYEN &#8220;SIETE D\u00cdAS DE JULIO&#8221; ENTRE SUS NUEVAS PROMOCIONES<a href=\"http:\/\/sierraifabra.com\/wp-content\/uploads\/2020\/05\/Siete-dias.png\"><br \/>\n<\/a><a href=\"http:\/\/sierraifabra.com\/wp-content\/uploads\/2020\/05\/7-dias.png\"><img loading=\"lazy\" decoding=\"async\" class=\"alignnone wp-image-5299\" src=\"http:\/\/sierraifabra.com\/wp-content\/uploads\/2020\/05\/7-dias-300x211.png\" alt=\"\" width=\"237\" height=\"167\" srcset=\"https:\/\/sierraifabra.com\/wp-content\/uploads\/2020\/05\/7-dias-300x211.png 300w, https:\/\/sierraifabra.com\/wp-content\/uploads\/2020\/05\/7-dias-768x539.png 768w, https:\/\/sierraifabra.com\/wp-content\/uploads\/2020\/05\/7-dias.png 880w\" sizes=\"auto, (max-width: 237px) 100vw, 237px\" \/><\/a><br \/>\n<\/strong>Hace un a\u00f1o fue <strong>&#8220;Cuatro d\u00edas de enero&#8221;<\/strong>. \u00a0Ahora es la segunda novela de la serie Mascarell, <strong>&#8220;Siete d\u00edas de julio&#8221;<\/strong>, la elegida por diversos peri\u00f3dicos nacionales para su campa\u00f1a de venta de libros invernal los domingos junto con el peri\u00f3dico.<\/p>\n<p style=\"text-align: center;\"><strong>\u00a1YA HAY PORTADAS PARA EL N\u00daMERO 11 DE LA SERIE!<\/strong><br \/>\n<a href=\"http:\/\/sierraifabra.com\/wp-content\/uploads\/2020\/02\/Mascarell-11.png\"><img loading=\"lazy\" decoding=\"async\" class=\"alignnone wp-image-5252\" src=\"http:\/\/sierraifabra.com\/wp-content\/uploads\/2020\/02\/Mascarell-11-197x300.png\" alt=\"\" width=\"168\" height=\"256\" srcset=\"https:\/\/sierraifabra.com\/wp-content\/uploads\/2020\/02\/Mascarell-11-197x300.png 197w, https:\/\/sierraifabra.com\/wp-content\/uploads\/2020\/02\/Mascarell-11.png 464w\" sizes=\"auto, (max-width: 168px) 100vw, 168px\" \/><\/a>\u00a0 \u00a0 \u00a0<a href=\"http:\/\/sierraifabra.com\/wp-content\/uploads\/2020\/02\/Mascarell-11-cat..png\"><img loading=\"lazy\" decoding=\"async\" class=\"alignnone wp-image-5253\" src=\"http:\/\/sierraifabra.com\/wp-content\/uploads\/2020\/02\/Mascarell-11-cat.-198x300.png\" alt=\"\" width=\"169\" height=\"256\" srcset=\"https:\/\/sierraifabra.com\/wp-content\/uploads\/2020\/02\/Mascarell-11-cat.-198x300.png 198w, https:\/\/sierraifabra.com\/wp-content\/uploads\/2020\/02\/Mascarell-11-cat..png 510w\" sizes=\"auto, (max-width: 169px) 100vw, 169px\" \/><\/a><br \/>\n<strong>&#8220;Algunos d\u00edas de noviembre&#8221;<\/strong> (Plaza y Jan\u00e9s en castellano) y <strong>&#8220;Uns quants dies de novembre&#8221;<\/strong> (Rosa dels Vents en catal\u00e1n), titulo n\u00famero 11 de la serie Mascarell, se editar\u00e1 el 2 de abril. Las portadas muestran una moto con sidecar parecida a la que maneja David Fortuny, para desesperaci\u00f3n de Miquel Mascarell.<\/p>\n<p style=\"text-align: center;\">CANCELADO:<br \/>\nSuspendido a causa de la crisis sanitaria el Festival de Novela Negra de Lloret de Mar del d\u00eda 3 de abril en el que Jordi deb\u00eda tomar parte presentando el t\u00edtulo n\u00ba11 de la serie Mascarell,\u00a0<strong>&#8220;Algunos d\u00edas de noviembre&#8221; \/ &#8220;Uns quants dies de novembre&#8221;<\/strong><\/p>\n<p style=\"text-align: center;\">Con motivo de la Semana Negra de Barcelona, Jordi Sierra i Fabra intervino en la mesa redonda que tuvo lugar el domingo 9 de febrero, a las 11 de la ma\u00f1ana,\u00a0en el Fossat del Mercat de Sant Antoni, c\/ Compte d\u2019Urgell, junto a Marius Serra y Marc Pastor.<\/p>\n<p style=\"text-align: center;\">Jordi Sierra i Fabra ha concluido la escritura de <strong>\u201cAlgunos d\u00edas de enero\u201d \/ &#8220;Uns quants dies de gener&#8221;<\/strong>, duod\u00e9cima entrega de la serie Mascarell, que se editar\u00e1 en marzo de 2021. Como siempre, cuando aparece una novela, Jordi ya tiene la siguiente a punto, para avivar el fuego de los adictos a la serie.<\/p>\n<p>&nbsp;<\/p>\n","protected":false},"excerpt":{"rendered":"<p>NOTICIAS DE LA SERIE\u00a0INSPECTOR MASCARELL \u00a1YA EST\u00c1 AQU\u00cd LA PORTADA DEL NUEVO MASCARELL! Como se avanz\u00f3 en 2025, Jordi se resisti\u00f3 a dejar de escribir sobre su personaje m\u00e1s emblem\u00e1tico. Para satisfacer las peticiones de los fans, escribi\u00f3 la novela que quiz\u00e1 le faltaba a&hellip; <a class=\"read-more\" href=\"https:\/\/sierraifabra.com\/?page_id=5022&#038;lang=es\">Read more<\/a><\/p>\n","protected":false},"author":101012,"featured_media":0,"parent":5007,"menu_order":0,"comment_status":"closed","ping_status":"closed","template":"","meta":{"footnotes":""},"class_list":["post-5022","page","type-page","status-publish","hentry"],"aioseo_notices":[],"_links":{"self":[{"href":"https:\/\/sierraifabra.com\/index.php?rest_route=\/wp\/v2\/pages\/5022","targetHints":{"allow":["GET"]}}],"collection":[{"href":"https:\/\/sierraifabra.com\/index.php?rest_route=\/wp\/v2\/pages"}],"about":[{"href":"https:\/\/sierraifabra.com\/index.php?rest_route=\/wp\/v2\/types\/page"}],"author":[{"embeddable":true,"href":"https:\/\/sierraifabra.com\/index.php?rest_route=\/wp\/v2\/users\/101012"}],"replies":[{"embeddable":true,"href":"https:\/\/sierraifabra.com\/index.php?rest_route=%2Fwp%2Fv2%2Fcomments&post=5022"}],"version-history":[{"count":0,"href":"https:\/\/sierraifabra.com\/index.php?rest_route=\/wp\/v2\/pages\/5022\/revisions"}],"up":[{"embeddable":true,"href":"https:\/\/sierraifabra.com\/index.php?rest_route=\/wp\/v2\/pages\/5007"}],"wp:attachment":[{"href":"https:\/\/sierraifabra.com\/index.php?rest_route=%2Fwp%2Fv2%2Fmedia&parent=5022"}],"curies":[{"name":"wp","href":"https:\/\/api.w.org\/{rel}","templated":true}]}}