{"id":5947,"date":"2022-02-15T09:06:00","date_gmt":"2022-02-15T08:06:00","guid":{"rendered":"http:\/\/sierraifabra.com\/?page_id=5947"},"modified":"2023-02-13T11:43:38","modified_gmt":"2023-02-13T10:43:38","slug":"entrega-y-acta-del-premio-jordi-sierra-i-fabra-2022","status":"publish","type":"page","link":"https:\/\/sierraifabra.com\/?page_id=5947&lang=es","title":{"rendered":"ENTREGA Y ACTA DEL PREMIO JORDI SIERRA I FABRA 2022"},"content":{"rendered":"<h1 style=\"text-align: center;\">Entrega del Premio Jordi Sierra i Fabra 2022<br \/>\n<a href=\"http:\/\/sierraifabra.com\/wp-content\/uploads\/2022\/06\/Premio1.jpeg\"><img loading=\"lazy\" decoding=\"async\" class=\"alignnone wp-image-6075\" src=\"http:\/\/sierraifabra.com\/wp-content\/uploads\/2022\/06\/Premio1-225x300.jpeg\" alt=\"\" width=\"151\" height=\"201\" srcset=\"https:\/\/sierraifabra.com\/wp-content\/uploads\/2022\/06\/Premio1-225x300.jpeg 225w, https:\/\/sierraifabra.com\/wp-content\/uploads\/2022\/06\/Premio1-768x1024.jpeg 768w, https:\/\/sierraifabra.com\/wp-content\/uploads\/2022\/06\/Premio1-360x480.jpeg 360w, https:\/\/sierraifabra.com\/wp-content\/uploads\/2022\/06\/Premio1.jpeg 1536w\" sizes=\"auto, (max-width: 151px) 100vw, 151px\" \/><\/a> \u00a0 <a href=\"http:\/\/sierraifabra.com\/wp-content\/uploads\/2022\/06\/Premio2.jpeg\"><img loading=\"lazy\" decoding=\"async\" class=\"alignnone wp-image-6083\" src=\"http:\/\/sierraifabra.com\/wp-content\/uploads\/2022\/06\/Premio2-225x300.jpeg\" alt=\"\" width=\"153\" height=\"204\" srcset=\"https:\/\/sierraifabra.com\/wp-content\/uploads\/2022\/06\/Premio2-225x300.jpeg 225w, https:\/\/sierraifabra.com\/wp-content\/uploads\/2022\/06\/Premio2-768x1024.jpeg 768w, https:\/\/sierraifabra.com\/wp-content\/uploads\/2022\/06\/Premio2-360x480.jpeg 360w, https:\/\/sierraifabra.com\/wp-content\/uploads\/2022\/06\/Premio2.jpeg 1536w\" sizes=\"auto, (max-width: 153px) 100vw, 153px\" \/><\/a> \u00a0 <a href=\"http:\/\/sierraifabra.com\/wp-content\/uploads\/2022\/06\/Premio3.jpeg\"><img loading=\"lazy\" decoding=\"async\" class=\"alignnone wp-image-6084\" src=\"http:\/\/sierraifabra.com\/wp-content\/uploads\/2022\/06\/Premio3-300x225.jpeg\" alt=\"\" width=\"267\" height=\"200\" srcset=\"https:\/\/sierraifabra.com\/wp-content\/uploads\/2022\/06\/Premio3-300x225.jpeg 300w, https:\/\/sierraifabra.com\/wp-content\/uploads\/2022\/06\/Premio3-768x576.jpeg 768w, https:\/\/sierraifabra.com\/wp-content\/uploads\/2022\/06\/Premio3-1024x768.jpeg 1024w, https:\/\/sierraifabra.com\/wp-content\/uploads\/2022\/06\/Premio3.jpeg 2048w\" sizes=\"auto, (max-width: 267px) 100vw, 267px\" \/><\/a><\/h1>\n<p>El d\u00eda 15 de junio tuvo lugar la entrega del XVII Premio Internacional Jordi Sierra i Fabra para J\u00f3venes. El acto se celebr\u00f3 en la escuela de la ganadora, Sare Cadaval Fleming, la Ikastola Larramendi de Mungia, Bizcaia, con asistencia de su familia al completo y las amigas y amigos de su entorno adem\u00e1s de responsables del centro. Por parte de la Fundaci\u00f3 Jordi Sierra i Fabra hizo acto de presencia el mismo Jordi, que entreg\u00f3 a Sare la estatuilla i el cheque con el importe del premio, y por parte del Grupo Editorial SM la directora de ediciones Berta M\u00e1rquez, la editora de la novela Alejandra Gonz\u00e1lez y la responsable de comunicaci\u00f3n Carme S\u00e1nchez.<br \/>\nUna vez m\u00e1s, fue un acto sencillo, cargado de adrenalina positica, con parlamentos de los implicados y la emoci\u00f3n de Sare, que en el suyo no pudo evitar las l\u00e1grimas. Y es que, hay que recordarlo, ella es hasta ahora la m\u00e1s joven ganado del Premio, con 14 a\u00f1os (lo cual implica que empez\u00f3 a escribir su novela a los 13, un buen caso de precocidad).<\/p>\n<h1 class=\"entry-title\" style=\"text-align: center;\">Acta del Premio Jordi Sierra i Fabra 2022<\/h1>\n<p style=\"text-align: center;\"><strong>LA FUNDACIO JORDI SIERRA I FABRA ANUNCIA:<\/strong><strong>ACTA DE LA CONCESI\u00d3N DEL XVII PREMIO JORDI SIERRA I FABRA PARA J\u00d3VENES 2022<\/strong><\/p>\n<p><strong>\u00a0<\/strong>\u00a0\u00a0\u00a0\u00a0\u00a0\u00a0\u00a0\u00a0 Reunido en la ciudad de Barcelona a 16 de febrero de 2022, el jurado del D\u00e9cimo s\u00e9ptimo Premio Jordi Sierra i Fabra para J\u00f3venes, integrado por D\u00aa Berta M\u00e1rquez (editora del Grupo Editorial SM), D\u00aa Elena O&#8217;Callaghan (escritora), D\u00aa \u00c1frica V\u00e1zquez (escritora y ganadora del Premio Jordi Sierra i Fabra 2008), D. Pep Dur\u00e1n (librero y representando a la Fundaci\u00f3 JSiF) y D. Arturo Padilla (escritor y primer ganador del Premio Jordi Sierra i Fabra en 2006), se han acordado los siguientes fallos:<\/p>\n<p style=\"text-align: center;\"><strong><u>GANADOR DEL PREMIO JORDI SIERRA I FABRA\u00a0<\/u><\/strong><strong><u>PARA J\u00d3VENES 2022:<\/u><\/strong><\/p>\n<h2 style=\"text-align: center;\"><strong>Sare Cadaval Fleming<br \/>\n<\/strong><strong>de Mungia, Bizkaia<br \/>\n<\/strong><strong>por &#8220;El canto del abismo&#8221;<\/strong><\/h2>\n<p style=\"text-align: center;\"><strong>\u00a0<\/strong><strong><u>FINALISTAS<\/u><\/strong><\/p>\n<p style=\"text-align: center;\"><strong>\u00a0<\/strong>Primer finalista:<\/p>\n<p style=\"text-align: center;\"><strong>Clara G\u00f3mez Rodr\u00edguez<br \/>\n<\/strong><strong>de La Pobla de Vallbona, Valencia<br \/>\n<\/strong><strong>y<br \/>\n<\/strong><strong>Nieves Solera Guerrero<br \/>\n<\/strong><strong>de Valencia<br \/>\n<\/strong><strong>por &#8220;Al caer el sol&#8221;<\/strong><\/p>\n<p style=\"text-align: center;\"><strong>\u00a0<\/strong>Segundo finalista:<\/p>\n<p style=\"text-align: center;\"><strong>Inmaculada Toscano Zayas<br \/>\n<\/strong><strong>de La Puebla del R\u00edo, Sevilla<br \/>\n<\/strong><strong>por &#8220;La estrella del desv\u00e1n&#8221;<\/strong><strong>\u00a0<\/strong><\/p>\n<p style=\"text-align: center;\">Tercer finalista:<\/p>\n<p style=\"text-align: center;\"><strong>\u00a0<\/strong><strong>Candela Tolosa Colmenero<br \/>\n<\/strong><strong>de Teruel<br \/>\n<\/strong><strong>por &#8220;Adelaide&#8221;<\/strong><strong>\u00a0<\/strong><\/p>\n<p style=\"text-align: center;\">Cuarto finalista (ex aequo, por orden alfab\u00e9tico):<\/p>\n<p style=\"text-align: center;\"><strong>\u00a0<\/strong><strong>Gabriel Andr\u00e9s Torres Anuel<br \/>\n<\/strong><strong>de Caracas, Venezuela<br \/>\n<\/strong><strong>por &#8220;Los surfistas de Mikonos&#8221;<\/strong><strong>\u00a0<\/strong><\/p>\n<p style=\"text-align: center;\"><strong>Luc\u00eda Feduchy Morales<br \/>\nde Alcobendas, Madrid<br \/>\n<\/strong><strong>por &#8220;Qu\u00e9mame despu\u00e9s de leerme&#8221;<\/strong><strong>\u00a0<\/strong><\/p>\n<p style=\"text-align: center;\"><strong>Mariela Rodr\u00edguez Dold\u00e1n<br \/>\n<\/strong><strong>de Rivas Vaciamadrid, Madrid<br \/>\n<\/strong><strong>por &#8220;Entre letras y ciruelas&#8221;<\/strong><\/p>\n<p style=\"text-align: center;\"><strong><u>LISTA DE HONOR ORO (POR ORDEN ALFABETICO)<\/u><\/strong><\/p>\n<p style=\"text-align: center;\"><strong>Alejandro Burrueco Mar\u00edn<br \/>\n<\/strong>de Benidorm, Alicante<br \/>\npor &#8220;La tinta de mis actos&#8221;<strong>\u00a0<\/strong><\/p>\n<p style=\"text-align: center;\"><strong>Clara Herrero Hern\u00e1ndez<br \/>\n<\/strong>de Parla, Madrid<br \/>\npor &#8220;Dioses ingenuos&#8221;<strong>\u00a0<\/strong><\/p>\n<p style=\"text-align: center;\"><strong>Lola Collazo Couto<br \/>\n<\/strong>de Carballo, A Coru\u00f1a<br \/>\npor &#8220;Al otro lado de la ventana&#8221;<strong>\u00a0<\/strong><\/p>\n<p style=\"text-align: center;\"><strong>Mar\u00eda Snoussi Aroca<br \/>\n<\/strong>de Cuernavaca, M\u00e9xico<br \/>\npor &#8220;Microrelatos a dos dedos&#8221;<strong>\u00a0<\/strong><\/p>\n<p style=\"text-align: center;\"><strong>Sara Vaquero Ponz<br \/>\n<\/strong>de Zaragoza<br \/>\npor &#8220;Aviones de papel&#8221;<\/p>\n<p style=\"text-align: center;\"><strong>\u00a0<\/strong><strong><u>LISTA DE HONOR PLATA (POR ORDEN ALFABETICO)<\/u><\/strong><\/p>\n<p style=\"text-align: center;\"><strong>Anunciaci\u00f3n Marqu\u00e9s Copariate<br \/>\n<\/strong>de Madrid<br \/>\npor &#8220;Ra\u00edces en el bosque del tiempo&#8221;<\/p>\n<p style=\"text-align: center;\"><strong>Elena Dominguez Pinaderos<br \/>\n<\/strong>de Madrid<br \/>\npor &#8220;Voraz&#8221;<\/p>\n<p style=\"text-align: center;\"><strong>El\u00edas Jos\u00e9 Torres Anuel<br \/>\n<\/strong>de Caracas, Venezuela<br \/>\npor &#8220;Todos somos extraterrestres&#8221;<\/p>\n<p style=\"text-align: center;\"><strong>Jimena Romero Castro<br \/>\n<\/strong>de Guadalajara<br \/>\npor &#8220;Historia de un arcoiris&#8221;<strong>\u00a0<\/strong><\/p>\n<p style=\"text-align: center;\"><strong>Julia Fern\u00e1ndez Mart\u00ednez<br \/>\n<\/strong>de Valdecabras, Cuenca<br \/>\npor &#8220;La desolaci\u00f3n de los monstruos&#8221;<strong>\u00a0<\/strong><\/p>\n<p style=\"text-align: center;\"><strong>Natalia Ramos P\u00e9rez<br \/>\n<\/strong>de Valencia<br \/>\npor &#8220;H\u00e9roe ca\u00eddo&#8221;<\/p>\n<p style=\"text-align: left;\">\u00a0 \u00a0 \u00a0 \u00a0 \u00a0 Descenso de originales que han optado al premio con relaci\u00f3n al a\u00f1o 2020, el primer a\u00f1o de la pandemia. Varios concursantes que se presentaban por segunda vez, y, en dos casos, por tercera y cuarta vez, lo cual denota esfuerzo, sacrificio, confianza y perseverancia m\u00e1s all\u00e1 de los resultados. Escribir es una marat\u00f3n sin fin, cada libro es siempre el primero, y el peaje del aprendizaje es duro, aunque suele confortar. Escribir es una necesidad para muchos y muchas, como lo es respirar. A lo largo de los ya 17 a\u00f1os del premio, no pocos son los que nunca han llegado a la final y en cambio han publicado posteriormente libros al crecer y evolucionar. Y cuidado: digo publicar, no autopublicar.<br \/>\nTres obras han sido escritas a cuatro manos, un hecho curioso. Contando con esa duplicidad, ha habido cinco chicos candidatos por treinta y dos chicas. Destaca este a\u00f1o el n\u00famero de originales llegados de Venezuela. Por g\u00e9neros se han presentado 12 novelas realistas, 12 de fantas\u00eda, 6 compilaciones de cuentos, 1 de terror, 2 surrealistas y 1 de piratas. Es la primera vez que tantas compilaciones de relatos son presentadas al premio. El comit\u00e9 lector tambi\u00e9n destaca la inclusi\u00f3n temas reales mezclados con lo fant\u00e1stico (salvaci\u00f3n del mundo, por ejemplo), as\u00ed como la menor presencia de temas relaciones con los institutos. Abundan las narraciones con enfermedades y terapias, la preocupaci\u00f3n social y la moda de utilizar lugares y nomenclaturas extranjeras, principalmente anglosajonas.<br \/>\nLo mismo que en la anterior convocatoria, algunas apreciaciones a destacar sobre los originales son estas: el nivel medio sigue subiendo y la ortograf\u00eda se cuida m\u00e1s (para algo est\u00e1n los correctores de los programas de texto en los ordenadores). Entre lo negativo, de nuevo, la obsesi\u00f3n de personalizar mucho la historia, cuando a\u00fan no se ha vivido lo suficiente, y la de emitir opiniones muy personales sin justificar. Tambi\u00e9n el hecho de que en los relatos hist\u00f3ricos la documentaci\u00f3n casi nunca est\u00e1 a la altura, ni contrastada, y haya errores muy llamativos. Wikipedia no es la mejor herramienta, est\u00e1 plagada de fallos.<br \/>\nSare Cadaval Fleming naci\u00f3 el 28 de julio de 2007 y se ha convertido en la m\u00e1s joven ganadora del Premio. Vive en Mungia, Bizkaia, y tiene un hermano menor que ella. Esta era su segunda novela y la primera vez que se presentaba al concurso. Su vocaci\u00f3n por escribir se inici\u00f3 a los 11 a\u00f1os. Estudia en la Larramendi Ikastola. &#8220;El canto del abismo&#8221; es una trepidante novela de fantas\u00eda \u00e9pica con un mundo muy original y personajes s\u00f3lidos y bien construidos. Entre sus muchas subtramas, tiene un romance de lo m\u00e1s at\u00edpico, ya que ella es una pirata muy osada y \u00e9l un pr\u00edncipe m\u00e1s bien t\u00edmido. La aventura se inicia con un viaje hacia lo desconocido, un lugar del que nadie ha regresado jam\u00e1s. Otros personajes curiosos de la trama los encontramos en la tripulaci\u00f3n del barco (gemelos, una bruja, una mujer que finge ser un hombre, etc.).<br \/>\n&#8220;Al caer el sol&#8221;, novela que ha quedado en segundo lugar, est\u00e1 escrita a cuatro manos, y es la primera vez que una obra as\u00ed, con dos cabezas, llega a la final del premio. La trama se basa en una terapia sicol\u00f3gica de un grupo de personas con distintos problemas y est\u00e1 narrada a dos voces, con dos protagonistas. En ella encontramos temas candentes como la enfermedad, el duelo, las adicciones, los abusos, etc.<br \/>\n&#8220;La estrella del desv\u00e1n&#8221;, la tercera clasificada, ha sido escrita por Inmaculada Toscano Zayas, que qued\u00f3 clasificada en la Lista de Honor Oro en la convocatoria de 2020 y fue finalista en la del a\u00f1o pasado. Un enorme m\u00e9rito y una enorme constancia no exenta de calidad. Narra el genocidio de Ruanda desde la perspectiva de una activista, una chica estudiante de magisterio que llega al pa\u00eds africano para dar clases de ingl\u00e9s y se encuentra metida de lleno en la guerra que hutus y tutsis mantuvieron hace a\u00f1os. Un tema delicado y del que no hay ninguna referencia en la LIJ espa\u00f1ola, de ah\u00ed su valor.<br \/>\nPor \u00faltimo, destacan que otra de las finalistas ha sido Luc\u00eda Feduchy, que ya obtuvo plaza en la final del a\u00f1o pasado.<br \/>\nComo siempre, y me repito a\u00f1o a a\u00f1o, es importante destacar la utilidad de las recomendaciones que se os hacen a trav\u00e9s de la revista literaria de las Fundaciones Jordi Sierra i Fabra, <a href=\"http:\/\/www.lapaginaescrita.com\">www.lapaginaescrita.com<\/a>, as\u00ed como de los anexos a las bases que anualmente se cuelgan en las p\u00e1ginas <a href=\"http:\/\/www.sierraifabra.com\">www.sierraifabra.com<\/a> y <a href=\"http:\/\/www.fundaciosierraifabra.org\">www.fundaciosierraifabra.org<\/a>. S\u00f3lo escribiendo (y leyendo, por supuesto) se aprende a escribir. El hecho de saber hacerlo mejor o peor ha de ir acompa\u00f1ado de la necesaria est\u00e9tica para presentar una novela. No es lo mismo escribir una novela que hacer un correo electr\u00f3nico o un mensaje por m\u00f3vil. Enhorabuena a todos y todas las participantes que han emprendido el camino de aceptar este maravilloso reto: escribir. Y que nadie piense que ha ganado una obra y las dem\u00e1s han perdido porque no es as\u00ed. Una gana, pero las dem\u00e1s compiten. El m\u00e9rito de escribir una novela es vuestro, pero el placer de verla terminada no tiene precio. Ese orgullo no os lo quita nadie.<br \/>\nLa entrega del XVII Premio Literario Jordi Sierra i Fabra, dependiendo de nuevo la maldita pandemia como ya sucedi\u00f3 estos \u00faltimos dos a\u00f1os, se realizar\u00e1 en el transcurso de un acto abierto al p\u00fablico en lugar y hora que se anunciar\u00e1 oportunamente, con la presentaci\u00f3n de la novela ganadora ya editada.<\/p>\n<p style=\"text-align: left;\">\u00a0\u00a0\u00a0\u00a0\u00a0\u00a0 <strong>Jordi Sierra i Fabra, 16 de febrero de 2022<\/strong><\/p>\n<p>&nbsp;<\/p>\n<p>&nbsp;<\/p>\n<p>&nbsp;<\/p>\n","protected":false},"excerpt":{"rendered":"<p>Entrega del Premio Jordi Sierra i Fabra 2022 \u00a0 \u00a0 El d\u00eda 15 de junio tuvo lugar la entrega del XVII Premio Internacional Jordi Sierra i Fabra para J\u00f3venes. El acto se celebr\u00f3 en la escuela de la ganadora, Sare Cadaval Fleming, la Ikastola Larramendi&hellip; <a class=\"read-more\" href=\"https:\/\/sierraifabra.com\/?page_id=5947&#038;lang=es\">Read more<\/a><\/p>\n","protected":false},"author":101012,"featured_media":0,"parent":592,"menu_order":0,"comment_status":"closed","ping_status":"closed","template":"","meta":{"footnotes":""},"class_list":["post-5947","page","type-page","status-publish","hentry"],"aioseo_notices":[],"_links":{"self":[{"href":"https:\/\/sierraifabra.com\/index.php?rest_route=\/wp\/v2\/pages\/5947","targetHints":{"allow":["GET"]}}],"collection":[{"href":"https:\/\/sierraifabra.com\/index.php?rest_route=\/wp\/v2\/pages"}],"about":[{"href":"https:\/\/sierraifabra.com\/index.php?rest_route=\/wp\/v2\/types\/page"}],"author":[{"embeddable":true,"href":"https:\/\/sierraifabra.com\/index.php?rest_route=\/wp\/v2\/users\/101012"}],"replies":[{"embeddable":true,"href":"https:\/\/sierraifabra.com\/index.php?rest_route=%2Fwp%2Fv2%2Fcomments&post=5947"}],"version-history":[{"count":0,"href":"https:\/\/sierraifabra.com\/index.php?rest_route=\/wp\/v2\/pages\/5947\/revisions"}],"up":[{"embeddable":true,"href":"https:\/\/sierraifabra.com\/index.php?rest_route=\/wp\/v2\/pages\/592"}],"wp:attachment":[{"href":"https:\/\/sierraifabra.com\/index.php?rest_route=%2Fwp%2Fv2%2Fmedia&parent=5947"}],"curies":[{"name":"wp","href":"https:\/\/api.w.org\/{rel}","templated":true}]}}