{"id":7211,"date":"2025-10-17T17:10:08","date_gmt":"2025-10-17T15:10:08","guid":{"rendered":"https:\/\/sierraifabra.com\/?page_id=7211"},"modified":"2025-10-17T17:10:08","modified_gmt":"2025-10-17T15:10:08","slug":"serie-hilari-soler","status":"publish","type":"page","link":"https:\/\/sierraifabra.com\/?page_id=7211&lang=es","title":{"rendered":"Serie Hilari Soler"},"content":{"rendered":"<h3><strong>\u00bfQUI\u00c9N ES HILARI SOLER?<br \/>\n<\/strong><\/h3>\n<p>Nada m\u00e1s llegar a Vallirana para mis cuatro meses de encierro en 2012, recuper\u00e9 por fin uno de los guiones aplazados de 2011. Sin saberlo, iba a crear un nuevo personaje, Hilario Soler. La serie con el ex inspector Mascarell ya hab\u00eda cobrado forma, pero estaba todav\u00eda centrada en la parte final de los a\u00f1os 40 y me apetec\u00eda escribir algo de la \u00e9poca en la que yo ten\u00eda 16-17 a\u00f1os. Hilario Soler es un inspector de polic\u00eda prodemocr\u00e1tico, convencido de que la dictadura acabar\u00e1 pronto, por eso es un marginado de la comisar\u00eda y est\u00e1 en el punto de mira de los superiores, que le pasan todos los marrones posibles.<\/p>\n<p>La d\u00e9cada de los 60 era una \u00e9poca por explorar policialmente. Adem\u00e1s de recrear el tiempo de mis 16 a\u00f1os (el segundo libro transcurr\u00eda en noviembre de 1963, en plenos d\u00edas del asesinato del presidente Kennedy), quer\u00eda &#8220;vengarme&#8221; de los fantasmas de mi juventud centrados en la falta de libertad, el miedo a los militares y la desconfianza hacia las sotanas. Por eso el primer Hilario Soler hablaba de la censura a trav\u00e9s de la muerte de un censor, el segundo habl\u00f3 del Ej\u00e9rcito a trav\u00e9s del asesinato de una ni\u00f1a a manos de un general, y en el tercero hablar\u00eda del tr\u00e1fico de beb\u00e9s auspiciado por curas y monjas en aquella Espa\u00f1a oscura.<\/p>\n<p>Una vez editados los tres libros en catal\u00e1n, Ara Llibres decidi\u00f3 no seguir con la serie y apareci\u00f3 Harper Collins, aunque escogieron lanzarlos en formato bolsillo para la versi\u00f3n castellana. Adem\u00e1s de venderse individualmente, hicieron un pack con los tres primeros vol\u00famenes. El cuarto libro ya solo se edit\u00f3 en castellano.<\/p>\n<p>Mi idea era seguir con Hilario Soler, pero Harper editaba los libros de la serie en formato bolsillo y eso hizo que las ventas no fueran tan firmes como el entusiasmo de los adictos. Ya no llegu\u00e9 a escribir el quinto.<\/p>\n<p>&nbsp;<\/p>\n<h3><strong>LIBROS DE LA SERIE <\/strong><strong>HILARI SOLER<\/strong><\/h3>\n<h4><strong>La mort del censor \/ La muerte del censor<\/strong><\/h4>\n<ul>\n<li>Guion previo: 13 al 19 de enero de 2011<\/li>\n<li>Escrito: 7 al 18 de mayo de 2012<\/li>\n<li>Publicado: septiembre de 2013 por Ara Llibres en catal\u00e1n y enero de 2017 por Harper Collins<\/li>\n<\/ul>\n<p>Nada m\u00e1s llegar a Vallirana para mis cuatro meses de encierro en 2012, recuper\u00e9 por fin uno de los guiones aplazados de 2011. Sin saberlo, iba a crear un nuevo personaje, Hilario Soler. La serie con el exinspector Mascarell ya hab\u00eda cobrado forma, pero estaba todav\u00eda centrada en la parte final de los a\u00f1os 40 y me apetec\u00eda escribir algo de la \u00e9poca en la que yo ten\u00eda 16-17 a\u00f1os. Hilario Soler es un inspector de polic\u00eda prodemocr\u00e1tico, convencido de que la dictadura acabar\u00e1 pronto, por eso es un marginado de la comisar\u00eda y est\u00e1 en el punto de mira de los superiores, que le pasan todos los marrones posibles. En este primer libro el asesinado es uno de los temibles censores franquistas de entonces, 1963, y los sospechosos, los habituales: un cantante con las canciones machacadas, un escritor maldito, etc. En 1963 ya estaban sacando la cabeza Els 16 jutges (cantautores con canciones protesta, en catal\u00e1n, perseguidos por el r\u00e9gimen) y muchos escritores ve\u00edan masacradas sus novelas con p\u00e1ginas tachadas cuando no ellos mismos eran tildados de todo, en especial de &#8220;rojos&#8221; o &#8220;desafectos&#8221;. La novela se public\u00f3 inicialmente solo en catal\u00e1n, pero ya se habl\u00f3 de hacer al menos dos m\u00e1s. Tard\u00f3 m\u00e1s de tres a\u00f1os en publicarse en castellano.<\/p>\n<p>El guion de &#8220;La muerte del censor&#8221; lo escrib\u00ed en la paradisiaca isla de Providencia, en enero de 2011, una min\u00fascula porci\u00f3n de tierra a media hora en aeroplano de San Andr\u00e9s, que a su vez y aunque es colombiana, est\u00e1 frente a las costas de Nicaragua. Ten\u00eda una caba\u00f1a a tres metros del agua.<\/p>\n<p>&nbsp;<\/p>\n<h4><strong>L&#8217;ombra del sabre \/ Filo de sable<\/strong><\/h4>\n<ul>\n<li>Guion previo: del 16 al 24 de marzo de 2013<\/li>\n<li>Escrito: del 16 al 28 de mayo de 2013<\/li>\n<li>Publicado: septiembre de 2014 por Ara Llibres en catal\u00e1n y marzo de 2017 por Harper Collins en castellano<\/li>\n<\/ul>\n<p>El primer libro importante de verano de 2013 en Vallirana fue el segundo de mi nuevo personaje Hilario Soler. El primero hab\u00eda gustado y la d\u00e9cada de los 60 era una \u00e9poca a explorar policialmente. Adem\u00e1s de recrear el tiempo de mis 16 a\u00f1os (este transcurr\u00eda en noviembre de 1963, en plenos d\u00edas del asesinato del presidente Kennedy), quer\u00eda &#8220;vengarme&#8221; de los fantasmas de mi juventud centrados en la falta de libertad, el miedo a los militares y la desconfianza hacia las sotanas. Por eso el primer Hilario Soler hablaba de la censura a trav\u00e9s de la muerte de un censor, este habl\u00f3 del Ej\u00e9rcito a trav\u00e9s del asesinato de una ni\u00f1a a manos de un general, y en el tercero hablar\u00eda del tr\u00e1fico de beb\u00e9s auspiciado por curas y monjas en aquella Espa\u00f1a oscura. &#8220;Filo de sable&#8221; segu\u00eda al inspector Hilario Soler y al subinspector Quesada all\u00e1 donde los dej\u00e9 en &#8220;La muerte del censor&#8221;. Iba a cerrar la trilog\u00eda con el tercero. De nuevo apareci\u00f3 en catal\u00e1n porque todav\u00eda no hab\u00eda editorial para el castellano.<\/p>\n<p>El guion de &#8220;Filo de sable&#8221; lo escrib\u00ed en Medell\u00edn y lo conclu\u00ed en el aeropuerto de Bogot\u00e1 antes de regresar a Espa\u00f1a. La idea final la tuve el 14 de marzo, dos d\u00edas antes de ponerme a desarrollarla.<\/p>\n<p>&nbsp;<\/p>\n<h4><strong>A l&#8217;altra banda del infern \/ Al otro lado del infierno<\/strong><\/h4>\n<ul>\n<li>Guion previo: del 26 de noviembre al 1 de diciembre de 2014<\/li>\n<li>Escrito: del 9 al 21 de diciembre de 2014<\/li>\n<li>Publicado: junio de 2015 por Ara Llibres en catal\u00e1n y septiembre de 2017 por Harper Collins en castellano.<\/li>\n<\/ul>\n<p>Ya hab\u00eda publicado dos novelas de mi personaje Hilario Soler, el inspector de comienzos de los a\u00f1os 60. Hab\u00eda &#8220;ajustado&#8221; cuentas con la censura y la falta de libertades en la primera y con los militares en la segunda. Faltaba la Santa Madre Iglesia. En su tercer caso, Hilario y el subinspector Quesada se enfrentan a la muerte violenta de una monja. La investigaci\u00f3n los lleva a descubrir una red de tr\u00e1fico de beb\u00e9s que les son arrebatadas a madres siempre solitarias diciendo que hab\u00edan muerto al nacer. El final, de parte de la \u00e9tica m\u00e1s que de la justicia, probaba los valores de la pareja policial. Inicialmente titul\u00e9 la novela &#8220;Con Dios de nuestro lado&#8221; (en referencia a la canci\u00f3n de Bob Dylan), pero lo cambi\u00e9 al final.<\/p>\n<p>Aunque tuve la idea final para la historia el 29 de abril de 2014 en un viaje en tren a Madrid, inici\u00e9 el guion previo de la novela volando de Barcelona a Nueva York el 26 de noviembre del mismo a\u00f1o. Iba all\u00ed para embeberme de informaci\u00f3n con destino a la que iba a ser una de mis grandes obras, &#8220;El gran sue\u00f1o&#8221; (grande en tama\u00f1o y pretensiones). Cuando termin\u00e9 con la de Hilario Soler, todav\u00eda tuve tiempo de trabajar en otro proyecto ilusionante, &#8220;Las palabras heridas&#8221;. La energ\u00eda de Nueva York siempre me ha iluminado. Hac\u00eda mucho fr\u00edo y nevaba, pero yo sacaba mi libreta en cualquier parte, incluso de noche, viendo espect\u00e1culos en Broadway.<\/p>\n<p>Una vez editados los tres libros en catal\u00e1n, Ara Llibres decidi\u00f3 no seguir con la serie y apareci\u00f3 Harper Collins, aunque escogieron lanzarlos en formato bolsillo para la versi\u00f3n castellana. Adem\u00e1s de venderse individualmente, hicieron un pack con los tres vol\u00famenes.<\/p>\n<p>&nbsp;<\/p>\n<h4><strong>Solo una pel\u00edcula amarga<\/strong><\/h4>\n<ul>\n<li>Guion previo: 9-14, 21-22 y 26-28 de mayo de 2017<\/li>\n<li>Escrito: 24 de julio al 8 de agosto de 2017<\/li>\n<li>Publicado: septiembre de 2018 por Harper Collins<\/li>\n<\/ul>\n<p>Quer\u00eda seguir explorando los primeros a\u00f1os 60 a trav\u00e9s del inspector Hilario Soler, y escrib\u00ed una cuarta novela de la serie, esta centrada en homenajear a Luis Garc\u00eda Berlanga y su pel\u00edcula &#8220;El verdugo&#8221;. Porque la trama va de eso, de dos asesinatos cometidos por uno verdugo del r\u00e9gimen, decidido a hacer justicia a\u00f1os despu\u00e9s de dejar su trabajo. Es un libro con una primorosa documentaci\u00f3n que, como dice el t\u00edtulo, resulta amargo para qui\u00e9nes hayan vivido aquel tiempo&#8230; y para los que no y lo descubren gracias a la lectura. Mi idea era seguir con Hilario Soler, pero Harper editaba los libros de la serie en formato bolsillo y eso hizo que las ventas no fueran tan firmes como el entusiasmo de los adictos. Ya no llegu\u00e9 a escribir el quinto.<\/p>\n<p>El guion del libro, una vez completada la documentaci\u00f3n, lo inici\u00e9 en Ibiza, lo continu\u00e9 en Tur\u00edn, y lo termin\u00e9 en dos viajes en AVE ida y vuelta a Madrid, de ah\u00ed que lo hiciera en tres tandas. Lo escrib\u00ed de un tir\u00f3n&#8230; salvo el 26 de julio, el d\u00eda de mi 70 cumplea\u00f1os.<\/p>\n<p>&nbsp;<\/p>\n","protected":false},"excerpt":{"rendered":"<p>\u00bfQUI\u00c9N ES HILARI SOLER? Nada m\u00e1s llegar a Vallirana para mis cuatro meses de encierro en 2012, recuper\u00e9 por fin uno de los guiones aplazados de 2011. Sin saberlo, iba a crear un nuevo personaje, Hilario Soler. La serie con el ex inspector Mascarell ya&hellip; <a class=\"read-more\" href=\"https:\/\/sierraifabra.com\/?page_id=7211&#038;lang=es\">Read more<\/a><\/p>\n","protected":false},"author":101012,"featured_media":0,"parent":7127,"menu_order":0,"comment_status":"closed","ping_status":"closed","template":"","meta":{"footnotes":""},"class_list":["post-7211","page","type-page","status-publish","hentry"],"aioseo_notices":[],"_links":{"self":[{"href":"https:\/\/sierraifabra.com\/index.php?rest_route=\/wp\/v2\/pages\/7211","targetHints":{"allow":["GET"]}}],"collection":[{"href":"https:\/\/sierraifabra.com\/index.php?rest_route=\/wp\/v2\/pages"}],"about":[{"href":"https:\/\/sierraifabra.com\/index.php?rest_route=\/wp\/v2\/types\/page"}],"author":[{"embeddable":true,"href":"https:\/\/sierraifabra.com\/index.php?rest_route=\/wp\/v2\/users\/101012"}],"replies":[{"embeddable":true,"href":"https:\/\/sierraifabra.com\/index.php?rest_route=%2Fwp%2Fv2%2Fcomments&post=7211"}],"version-history":[{"count":0,"href":"https:\/\/sierraifabra.com\/index.php?rest_route=\/wp\/v2\/pages\/7211\/revisions"}],"up":[{"embeddable":true,"href":"https:\/\/sierraifabra.com\/index.php?rest_route=\/wp\/v2\/pages\/7127"}],"wp:attachment":[{"href":"https:\/\/sierraifabra.com\/index.php?rest_route=%2Fwp%2Fv2%2Fmedia&parent=7211"}],"curies":[{"name":"wp","href":"https:\/\/api.w.org\/{rel}","templated":true}]}}