{"id":841,"date":"2015-08-18T12:13:56","date_gmt":"2015-08-18T12:13:56","guid":{"rendered":"http:\/\/thewalrushub.com\/jordi\/?page_id=841"},"modified":"2026-02-10T18:11:25","modified_gmt":"2026-02-10T17:11:25","slug":"llistat-de-premis","status":"publish","type":"page","link":"https:\/\/sierraifabra.com\/?page_id=841&lang=ca","title":{"rendered":"Llistat de Premis i guardons institucionals"},"content":{"rendered":"<p><strong><span style=\"font-size: medium;\">(En negreta, els premis en catal\u00e0)<\/span><\/strong><\/p>\n<p>1975 -Premi Villa de Bilbao per &#8220;La revoluci\u00f3n del 32 de Triciembre&#8221;<br \/>\n1979 -Premi Ateneo de Sevilla per &#8220;En Canarias se ha puesto el sol&#8221;<br \/>\n1981 -Premi Gran Angular 1980 per &#8220;El cazador&#8221;<br \/>\n1983 -Premi Gran Angular 1982 per &#8220;&#8230;en un lugar llamado Tierra&#8221;<br \/>\n1990 &#8211;<strong>Premi Vaixell de Vapor per &#8220;Un llibre monstruos&#8221;<\/strong><br \/>\n1991 -Premi Gran Angular 1990 per &#8220;El \u00faltimo set&#8221;<br \/>\n1992 -Premi de la CCEI per &#8220;El \u00faltimo set&#8221;<br \/>\n1993 &#8211;<strong>Premi Columna Jove per &#8220;El temps de l\u00b4oblit&#8221;<\/strong><br \/>\n1994 -Premi Edeb\u00e9 de Literatura Infantil 1993 per &#8220;Aydin&#8221;<br \/>\n1996 &#8211;<strong>Premi Joaquim Ruyra per &#8220;Concert en Sol Major&#8221;<\/strong><br \/>\n1998 &#8211;<strong>Premi Columna Jove per &#8220;L\u00b4or dels d\u00e9us&#8221;<\/strong><br \/>\n1998 &#8211;<strong>Premi Vaixell de Vapor per &#8220;Les hist\u00f2ries perdudes&#8221;<\/strong><br \/>\n1999 -Premi de la CCEI per &#8220;Donde est\u00e9 mi coraz\u00f3n&#8221;.<br \/>\n1999 -Premi A La Orilla Del Viento (M\u00e8xic) per &#8220;Historias de Medio Mundo&#8221;.<br \/>\n2000 -Premi Voces El\u00e9ctricas de Narrativa Musical per &#8220;Mis salvajes rockeros&#8221;.<br \/>\n2001 -Premi de la CCEI per &#8220;El fabuloso Mundo de las Letras&#8221;.<br \/>\n2002 -Premi Abril per &#8220;En un lugar llamado guerra&#8221;.<br \/>\n2003 -Premi Liburu Gaztea per &#8220;Dormido sobre los espejos&#8221;.<br \/>\n2003 &#8211;<strong>Premi Ram\u00f3n Muntaner per &#8220;A l\u00b4altra banda del mirall&#8221;.<\/strong><br \/>\n2004 &#8211;<strong>Premi N\u00e8stor Luj\u00e1n de Novel.la Hist\u00f3rica per &#8220;La pell de la revolta&#8221;.<\/strong><br \/>\n2005 &#8211;<strong>Premi Protagonista Jove per &#8220;A l\u00b4altra banda del mirall&#8221;.<\/strong><br \/>\n2005 -Premi Internacional de Literatura Infantil Julio C. Coba (Ecuador) per &#8220;La palabra m\u00e1s hermosa&#8221;.<br \/>\n2005 &#8211;<strong>Premi Fiter i Rossell\u00a0 de narrativa (Andorra) per &#8220;Sinaia&#8221;.<\/strong><br \/>\n2006 -Premi Edeb\u00e9 Juvenil per &#8220;Trucant a les portes del cel&#8221;.<br \/>\n2007 -Premi Nacional de Literatura Infantil i Juvenil per &#8220;Kafka i la mu\u00f1eca viajera&#8221;.<br \/>\n2007 &#8211;<strong>Premi Bancaixa Ciutat d\u00b4Alzira de Narrativa Juvenil per &#8220;Els focs de la mem\u00f2ria&#8221;.<br \/>\n<\/strong>2008<strong>. Premi Bibliotecari d\u00b4Honor, otorgat per l\u00b4Associaci\u00f3 de Bibliotecaris de Valencia.<\/strong><br \/>\n2009 &#8211;<strong>Premi Protagonista Jove per &#8220;Kafka i la nina que se&#8217;n va anar de viatge&#8221;.<\/strong><br \/>\n2010 -Premi El Barco de Vapor per &#8220;Historia de un segundo&#8221;.<br \/>\n2010 -Premi Ibby-Asahi de Promoci\u00f3 de la Lectura per les Fundacions Jordi Sierra i Fabra de Barcelona i Medell\u00edn.<br \/>\n2011 -Premi Ciudad de Torrevieja de Novela per &#8220;Sombras en el tiempo&#8221;.<br \/>\n2011 &#8211;<strong>Premi Barcanova de Literatura Juvenil per &#8220;L&#8217;estrany&#8221;<\/strong><br \/>\n2012 -Premi Cervantes per a Joves per el conjunt de l&#8217;obra i la tasca de les Fundacions a Barcelona i Medell\u00edn.<br \/>\n2012 &#8211;<strong>Premi Vicent Silvestre de Literatura Infantil per &#8220;El dia que Gluck va arriba a la Terra&#8221;.<\/strong><br \/>\n2013 &#8211;<strong>Premi La Galera Joves Lectors per &#8220;L&#8217;extraordinari enginy parlant del professor Palermo&#8221;.<\/strong><br \/>\n2013 -Premi Anaya per &#8220;Parco&#8221;.<br \/>\n2013 -Premi de les LletresLorenzo Luzuriaga per el conjunt de l&#8217;obra i la tasca de les Fundacions a Barcelona i Medell\u00edn.<br \/>\n2013 -Premi Iberoamericano de LIJ per el conjunt de l&#8217;obra.<br \/>\n2014. Premi Templi de la revista digital El Templo de las Mil Puertas al millor libre de 2013 de serie o saga, per \u201cEl caso del martillo blanco\u201d.<br \/>\n2015 -Premi Apel.les Mestres per &#8220;El orinal de Fay\u00e1n&#8221;.<br \/>\n2015 &#8211;<strong>Medalla d&#8217;Honor de Barcelona per la Fundaci\u00f3 Jordi Sierra i Fabra.<\/strong><br \/>\n2016 &#8211;<strong>Premi Edeb\u00e9 Infantil per &#8220;L&#8217;aprenent de bruixot i Els Envisibles&#8221;.<br \/>\n<\/strong>2017<strong> -Premi Atrapallibres a\u00a0per &#8220;L&#8217;aprenent de bruixot i Els Envisibles&#8221;.<br \/>\n<\/strong>2017<strong> &#8211;<\/strong>Medalla d&#8217;Or al M\u00e8rit en les Belles Arts.<br \/>\n2018 &#8211;<strong>Creu de Sant Jordi, otorgada per la Generalitat de Catalunya.<br \/>\n<\/strong>2019 &#8211;<strong>Premi Gonz\u00e1lez Ledesma 2020 a tota una trajectoria profesional.<br \/>\n<\/strong>2020<strong> -Premi Enderrock Estrella per la contribuci\u00f3 a la Historia de la M\u00fasica.<br \/>\n<\/strong>2020 -Premi Lazarillo 2019 per &#8220;Com ll\u00e0grimes en la pluja&#8221;.<br \/>\n2021 &#8211;<strong>Premi Menjallibres per &#8220;Hores salvatges&#8221;.<br \/>\n<\/strong>2021. Premi Critic\u00f3n per &#8220;Las palabras heridas&#8221;.<br \/>\n2022.\u00a0Premi Torre del Agua del FestiLIJ3C per tota una vida literaria.<br \/>\n2022. Premi Frei Martin Sarmiento de llengua gallega per &#8220;Como l\u00e1grimas na chuvvia&#8221;<br \/>\n2023. Premio Iluro per una vida entregada a la literatura<br \/>\n2024. Premi Antonio de Sancha de la Asociaci\u00f3n de Editores de Madrid.<br \/>\n2025. Ordre al M\u00e8rit Don Juan del Corral, categoria Or, otorgada per l&#8217;Ajuntament de Medell\u00edn, Col\u00f3mbia.<br \/>\n2026. Premio Fundaci\u00f3n Cuatrogatos (Miami, Florida, EEUU) per &#8220;K-lle&#8221;.<\/p>\n<p><strong style=\"color: #161616;\">RECONEIXEMENTS INTERNACIONALS<\/strong><\/p>\n<p><span style=\"font-size: medium;\"><strong>1990<\/strong> &#8211; Selecci\u00f3 &#8220;White ravens&#8221; de la Internationale Jugendbibliothek de Munich per &#8220;El joven Lennon&#8221;.<br \/>\n<strong>1999<\/strong> &#8211; Selecci\u00f3 &#8220;White ravens&#8221; de la Internationale Jugendbibliothek de Munich per &#8220;Un hombre con un tenedor en una tierra de sopas&#8221;.<br \/>\n<strong>2000<\/strong> &#8211; Selecci\u00f3 &#8220;White ravens&#8221; de la Internationale Jugendbibliothek de Munich per &#8220;Les hist\u00f2ries perdudes&#8221;.<br \/>\nFinalista per votaci\u00f3 popular entre escolars de Catalunya del Premi Protagonista Jove, per &#8220;Les hist\u00f2ries perdudes&#8221;.<br \/>\n<strong>2003<\/strong>.\u00a0Finalista per votaci\u00f3 popular entre escolars de Catalunya del Premi Protagonista Jove, per &#8220;En un lloc anomenat Guerra&#8221;.<br \/>\n<strong>2005<\/strong> &#8211; Llista d\u00b4Honor &#8220;Els millors llibres per a nens i joves 2005&#8221; del Banc del llibre de Caracas, Venezuela (Secci\u00f3 del IBBY vene\u00e7ola) per &#8220;La pell de la mem\u00f2ria&#8221;.<br \/>\n<strong>2005<\/strong> &#8211; Candidat al Premi Andersen de Literatura Infantil i juvenil 2006.<br \/>\n<strong>2007<\/strong> &#8211; Selecci\u00f3 &#8220;White Ravens&#8221; de la Internationale Jugendbibliothek de Munich per &#8220;Trucant a les portes del cel&#8221;.<br \/>\n<strong>2007<\/strong> &#8211; La Fundaci\u00f3 Jordi Sierra i Fabra es candidata al Premi Asahi de cooperaci\u00f3 a la convocatoria de 2008.<br \/>\n<strong>2008<\/strong> &#8211; La fundaci\u00f3 Jordi Sierra i Fabra es finalista del Premi Asahi de cooperaci\u00f3 2008.<br \/>\nFinalista per votaci\u00f3 popular entre escolars de Catalunya del Premi Protagonista Jove, per &#8220;Gauditronix&#8221;.<br \/>\n<strong>2008<\/strong> &#8211; &#8220;Kafka i la nina que se&#8217;n va anar de viatge&#8221; rep el premi a la millor traducci\u00f3 i adaptaci\u00f3 a Brasil per part de la Funda\u00e7ao Nacional do Livro Infantil e Juvenil.<br \/>\n<strong>2009<\/strong> &#8211; Candidat pe segona vegada al Premi Hans Christian Andersen de literatura infantil i juvenil 2010.<br \/>\n<strong>2009<\/strong> &#8211; La Fundaci\u00f3 Jordi Sierra i Fabra es finalista del Premi Asahi de cooperaci\u00f3 a la convocatoria de 2010.<br \/>\n<strong>2010<\/strong> &#8211; La Fundaci\u00f3 Jordi Sierra i Fabra rep el Premi IBBY-Asahi de Promoci\u00f3 de la Lectura per el seu treball en el Plan Lector de Medell\u00edn, Colombia, fet conjuntament per la Fundaci\u00f3 Taller de Letras Jordi Sierra i Fabra i l&#8217;alcaldia de la ciutat.<br \/>\n<strong>2011<\/strong> &#8211; &#8220;Kafla y la mu\u00f1eca viajera&#8221; es escollit com un dels deu milors llibres de la primera d\u00e9cada del segle XXI, en la categor\u00eda infantil i juvenil, per el diari El Pa\u00eds.<br \/>\n<strong>2011<\/strong> &#8211; Llista d&#8217;Honor de IBBY 2012 per &#8220;Hist\u00f2ria d&#8217;un segon&#8221;.<br \/>\n<b>2015<\/b> &#8211; La Fundaci\u00f3 Jordi Sierra i Fabra rep la Medalla d&#8217;Honor de la Ciutat de Barcelona.<br \/>\n<b>2015<\/b> &#8211; &#8220;Trucant a les portes del cel&#8221; rep el premi otorgat per la Funda\u00e7ao Nacional do Livro Infantil e Juvenil a la millor novel.la juvenil tradu\u00efda a Brasil.<br \/>\n<strong>2015<\/strong> &#8211;\u00a0Candidat per primera vegada al Premi Astrid Lindgren.<br \/>\n<strong>2017<\/strong>\u2013 \u201cEl grito de la mariposa\u201d rep el premi a la millor traducci\u00f3n \u00a0al euskera.<br \/>\n<strong>2017<\/strong>&#8211; Medalla d&#8217;Or al M\u00e8rit de las Bellas Artes.<br \/>\n<strong>2017<\/strong> &#8211; Candidat per segona vegada al Premi Astrid Lindgren.<br \/>\n<strong>2018<\/strong> -Creu de Sant Jordi, otorgada per la Generalitat de Catalunya.<br \/>\n<strong>2018<\/strong> -La Fundaci\u00f3 Jordi Sierra i Fabra \u00e9s candidata al Premi Astris Lindgren.<br \/>\n<strong>2019<\/strong> &#8211; Candidat per tercera vegada al Premi Hans Christian Andersen de literatura infantil i juvenil 2020 i tamb\u00e9 per tercera vegada al Premi Astrid Lindgren 2020.<br \/>\n<strong>2020<\/strong> &#8211; Candidat per quarta vegada al Premi Astrid Lindgren de 2021.<br \/>\n<strong>2020<\/strong> &#8211; Candidat per quarta vegada al Premi Andersen del 2022.<\/span><\/p>\n<p><strong style=\"color: #161616;\">ALTRES PREMIS I DISTINCIONS<\/strong><\/p>\n<p><span style=\"font-size: medium;\">1974 &#8211; Finalista (2n lloc) Ciudad de Murcia per &#8220;El mundo de las ratas doradas&#8221;.<br \/>\n1978 &#8211; Finalista (4rt lloc) Premi Planeta.<br \/>\n1982 &#8211; Llista d\u00b4Honor CCEI per &#8220;El cazador&#8221;.<br \/>\n1984 &#8211; Llista d\u00b4Honor CCEI per &#8220;&#8230;en un lugar llamado Tierra&#8221;.<br \/>\n1985 &#8211; Finalista (2n lloc) Premi Gran Angular 1984 per &#8220;El \u00faltimo verano Miwok&#8221;.<br \/>\n1986 &#8211; Finalista (3er lloc) Premi Gran Angular 1985 per &#8220;El j\u00f3ven Lennon&#8221;.<br \/>\n1987 &#8211; Llista d\u00b4Honor CCEI per &#8220;Regreso a un lugar llamado Tierra&#8221;.<br \/>\n1988 &#8211; Llista d\u00b4Honor CCEI per &#8220;El \u00faltimo verano Miwok&#8221; i per &#8220;El testamento de un lugar llamado Tierra&#8221;.<br \/>\n1989 &#8211; Finalista (2n lloc) Premi Vaixell de Vapor per &#8220;Temps de gebre&#8221;.<br \/>\n1990 &#8211; Selecci\u00f3 &#8220;White ravens&#8221; de la Internationale Jugendbibliothek de Munich per &#8220;El joven Lennon&#8221;.<br \/>\n1991 &#8211; Nominat al Premio Nacional de Lit. Juvenil per &#8220;La balada de Siglo XXI&#8221;.<br \/>\n1992 &#8211; Llista d\u00b4Honor CCEI per &#8220;La f\u00e1brica de nubes&#8221; (a m\u00e9s de guanyar amb &#8220;El \u00faltimo set&#8221;)<br \/>\n1993 &#8211; Finalista (2n lloc) Premi Barco de Vapor 1992 per &#8220;Las alas del sol&#8221;.<br \/>\nLlista d\u00b4Honor CCEI per &#8220;El hombre que perdi\u00f3 su imagen&#8221;.<br \/>\nSelecci\u00f3 &#8220;Los mejores libros del a\u00f1o&#8221; de la Fundaci\u00f3 Germ\u00e1n S\u00e1nchez Ruip\u00e9rez per &#8220;Banda sonora&#8221;.<br \/>\n1994 &#8211; Selecci\u00f3 &#8220;Los mejores libros del a\u00f1o&#8221; de la Fundaci\u00f3 Germ\u00e1n S\u00e1nchez Ruip\u00e9rez per &#8220;Malas tierras&#8221;.<br \/>\nLlista d\u00b4Honor de la revista CLIJ per &#8220;Noche de viernes&#8221;.<br \/>\n1995 &#8211; Llista d\u00b4Honor CCEI per &#8220;Las alas del sol&#8221;, &#8220;Los tigres del valle&#8221; i &#8220;Cuando los genios andan sueltos&#8221;.<br \/>\nFinalista (2n lloc) premi Espasa Humor per &#8220;El regreso de Johnny Pickup&#8221;.<br \/>\nNominat al Premi Nacional de Literatura Juvenil per &#8220;Las alas del sol&#8221;.<br \/>\n1996 &#8211; Llibre m\u00e9s venut de l\u00b4any, col.lecci\u00f3 Alerta Roja d\u00b4Ed. Cru\u00eflla: &#8220;L\u00b4estel del mat\u00ed&#8221;.<br \/>\n1997 &#8211; &#8220;Libro de Oro&#8221; de Ediciones SM per les vendes d\u00b4&#8221;El joven Lennon&#8221;.<br \/>\nLlista d\u00b4Honor CCEI per &#8220;El ni\u00f1o que viv\u00eda en las estrellas&#8221;.<br \/>\nFinalista (2n lloc) Premi Gran Angular en catal\u00e0 per &#8220;La mem\u00f2ria dels \u00e9ssers perduts&#8221;.<br \/>\n1998 &#8211; Llista d\u00b4Honor CCEI per &#8220;Retrato de un adolescente manchado&#8221;.<br \/>\nLlibre m\u00e9s venut de l\u00b4any, col.lecci\u00f3 Alerta Roja de Ed. Cru\u00eflla: &#8220;Camps de maduixes&#8221;.<br \/>\n1999 &#8211; Llista d\u00b4Honor CCEI per &#8220;Un hombre con un tenedor en una tierra de sopas&#8221; (a m\u00e9s de guanyar amb &#8220;Donde est\u00e9 mi coraz\u00f3n&#8221;).<br \/>\nSelecci\u00f3 &#8220;White ravens&#8221; de la Internationale Jugendbibliothek de Munich per &#8220;Un hombre con un tenedor en una tierra de sopas&#8221;.<br \/>\nLlibre m\u00e9s venut de l\u00b4any, col.lecci\u00f3 Alerta Roja de Ed. Cru\u00eflla: &#8220;Camps de maduixes&#8221;.<br \/>\n2000 &#8211; &#8220;&#8230;en un lugar llamado Tierra&#8221; rep el &#8220;Libro de oro&#8221; per les seves vendes a Ediciones SM.<br \/>\nLlista d\u00b4Honor CCEI per &#8220;Las chicas de alambre&#8221;.<br \/>\nLlibre m\u00e9s venut de l\u00b4any, col.lecci\u00f3 Alerta Roja de Ed. Cru\u00eflla: &#8220;Camps de maduixes&#8221;.<br \/>\n&#8220;Libro de Platino&#8221; d\u00b4Alfaguara per les vendes de &#8220;Noche de viernes&#8221;.<br \/>\nFinalista per votaci\u00f3 popular entre escolars de Catalunya del Premi Protagonista Jove, per \u201cLes hist\u00f2ries perdudes\u201d.<br \/>\n2001 &#8211; &#8220;Placa de Plata&#8221; d\u00b4Ediciones SM per les vendes de &#8220;La f\u00e1brica de nubes&#8221;.<br \/>\n&#8220;Placa de Plata&#8221; d\u00b4Ed. Cru\u00eflla per les vendes de &#8220;Camps de maduixes&#8221;.<br \/>\nFinalista del Premi Internacional de Literatura Infantil Julio C. Coba, Equador, amb &#8220;La biblioteca de los libros vac\u00edos&#8221;.<br \/>\nLibre m\u00e9s venut de l\u00b4any, col.lecci\u00f3 Alerta Roja d\u00b4 Ed. Cru\u00eflla: &#8220;Camps de maduixes&#8221;.<br \/>\n2002 &#8211; &#8220;Campos de fresas&#8221; rep el &#8220;Libro de oro&#8221; per les seves vendes a Ediciones SM.<br \/>\n2003 &#8211; Llibre m\u00e9s venut de l\u00b4any, col.lecci\u00f3 Alerta Roja de Ed. Cru\u00eflla: &#8220;Camps de maduixes&#8221;.<br \/>\nFinalista per votaci\u00f3 popular entre escolars de Catalunya del Premi Protagonista Jove, per \u201cEn un lloc anomenat Guerra\u201d.<br \/>\n2004 &#8211; Llista d\u00b4Honor de la revista CLIJ per &#8220;El meu primer llibre d\u00b4\u00d2pera&#8221;<br \/>\nLlista d\u00b4honor CCEI per &#8220;Sin tiempo para so\u00f1ar&#8221;.<br \/>\nLlibre m\u00e9s venut de l\u00b4any, col.lecci\u00f3 Alerta Roja de Ed. Cru\u00eflla: &#8220;Camps de maduixes&#8221;.<br \/>\n&#8220;Placa de Plata&#8221; d\u00b4Ed. Cru\u00eflla per les vendes de &#8220;La biblioteca dels llibres buits&#8221;.<br \/>\n2005 &#8211; Llista d\u00b4Honor &#8220;Els millors llibres per a nens i joves 2005&#8221; del Banc del llibre de Caracas, Venezuela (Secci\u00f3 del IBBY vene\u00e7ola) per &#8220;La pell de la mem\u00f2ria&#8221;.<br \/>\nPlaca d\u00b4Or d\u00b4Ed. Cru\u00eflla per les vendes de &#8220;Camps de maduixes&#8221;.<br \/>\nLlibre m\u00e9s venut de l\u00b4any, col.lecci\u00f3 Alerta Roja de Ed. Cru\u00eflla: &#8220;Camps de maduixes&#8221;.<br \/>\nLlista d\u00b4Honor CCEI per &#8220;Los olvidados&#8221;.<br \/>\nCandidat al Premi Andersen de Literatura Infantil i juvenil.<br \/>\n2006 &#8211; Llista d&#8217;honor de la revista CLIJ per &#8220;Material sensible (cuentos crueles)&#8221;.<br \/>\nSelecci\u00f3 dels tres millors llibres policiacs de l&#8217;any en catal\u00e0 per Brigada 21 per l\u00b4obra &#8220;Assassinat a El Club&#8221;.<br \/>\nPremi &#8220;Lector 2006&#8221; de la Junta de Castilla i Lle\u00f3, Biblob\u00fas Escolar i el IES de Alca\u00f1ices, Zamora al millor llibre de l&#8217;any, per &#8220;Campos de fresas&#8221;.<br \/>\nLlibre m\u00e9s venut de l\u00b4any, col.lecci\u00f3 Alerta Roja de Ed. Cru\u00eflla: &#8220;Camps de maduixes&#8221;.<br \/>\nNominat al Premi Nacional deLIJ per &#8220;Material sensible&#8221;.<br \/>\n<strong>2007<\/strong> &#8211; Llista d&#8217;honor de la revista CLIJ per &#8220;Kafka y la mu\u00f1eca viajera&#8221; i &#8220;Llamando a las puertas del cielo&#8221;<br \/>\nSelecci\u00f3 &#8220;White Ravens&#8221; de la Internationale Jugendbibliothek de Munich per &#8220;Trucant a les portes del cel&#8221;<br \/>\nLlibre m\u00e9s venut de l\u00b4any (10e.any consecutiu), col.lecci\u00f3 Alerta Roja de Ed. Cru\u00eflla: &#8220;Camps de maduixes&#8221;.<br \/>\nLlista de honor de la CCEI per &#8220;Mendigo en la playa de oro&#8221; i &#8220;El rastro de el anillo Magno&#8221;.<br \/>\nLa Fundaci\u00f3 Jordi Sierra i Fabra es candidata al Premi Asahi de cooperaci\u00f3 i finalista a la convocatoria de 2008.<br \/>\n<strong>2008<\/strong> &#8211; Premi Bibliotecari d\u00b4Honor de l\u00b4Associaci\u00f3 de Bibliotecaris de Valencia.<br \/>\nLlista d&#8217;honor de la revista CLIJ per &#8220;\u00d3peras contadas para ni\u00f1os&#8221;.<br \/>\nSegon millor llibre de l&#8217;any, categoria Best Young Adult Fiction, en el 10Th, Annual International Latino Book Awards Winners.<br \/>\nLlista de Honor de la CCEI per &#8220;La gran aventura&#8221;.<br \/>\nFinalista per votaci\u00f3 popular entre escolars de Catalunya del Premi Protagonista Jove, per \u201cGauditronix\u201d.<br \/>\n<strong>2009<\/strong> &#8211; Selecci\u00f3 dels millors llibres del any 2008 per la revista Faristol: &#8220;Kafka i la nina que se&#8217;n va anar de viatge&#8221; i &#8220;Els focs de la mem\u00f2ria&#8221;.<br \/>\nLlista d&#8217;honor de la revista CLIJ per &#8220;Les filles de les tempestes, Vol.1: L&#8217;enigma maia&#8221; i &#8220;La fabulosa llegenda del rei Art\u00fas&#8221;.<br \/>\n<span style=\"font-size: medium;\"><strong>2010<\/strong> &#8211; Llista d&#8217;honor de la revista CLIJ per &#8220;La isla del poeta&#8221;.<br \/>\nSelecci\u00f3 New Spanish Books 2010 al Reine Unit per &#8220;El funeral celeste&#8221;.<br \/>\nSelecci\u00f3 &#8220;Millors libres del 2009&#8221; de la revista Faristol: &#8220;Poe&#8221; i &#8220;Anatomia d&#8217;un &#8216;incident a\u00efllat'&#8221;.<br \/>\n<strong>2011<\/strong> &#8211; &#8220;Kafka i la nina que s&#8217;en va anar de viatge es escollit un dels 10 millors llibres de la primera d\u00e9cada del segle XXI, en la cateroria infantil i juvenil, per el diari El Pa\u00eds.<br \/>\n<\/span><span style=\"font-size: medium;\">Llista d&#8217;honor de la revista CLIJ per &#8220;Diario de un pardillo&#8221;.<br \/>\n<strong>2012<\/strong> &#8211; Llista d&#8217;honor de la revista CLIJ per &#8220;Un poco de abril, algo de mayo, todo septiembre&#8221;.<br \/>\n<\/span>Premi Autor Compromes 2012 otorgat per la revista Literaria El Tiramilla.<br \/>\n<strong>2013<\/strong> &#8211; Llista d&#8217;honor de la revista CLIJ per &#8220;Quiz\u00e1s ma\u00f1ana la palabra amor&#8230;&#8221;<br \/>\nLa novel.la &#8220;L&#8217;extraordinari inginy parlant del profesor Palermo&#8221; es seleccionada per els Newspanishbooks 2013.<br \/>\n&#8220;Parco&#8221; es escollit segon millor llibre juvenil de 2013 per 30 experts de Babelia, suplement de cultura del diari El Pa\u00eds.<br \/>\n<b>2014<\/b> &#8211; Premi Templi de la revista digital El Templo de las Mil Puertas al millor llibre de 2013 en categoria de serie o saga, per &#8220;El caso del martillo blanco&#8221; (quarta novel.la de Berta Mir).<br \/>\n<span style=\"font-size: medium;\">Millor llibre del any, categoria Best Young Adult Fiction, en el Annual International Latino Book Awards Winners, per &#8220;Tamb\u00e9 van ser joves&#8221;.<\/span><br \/>\nLlista d&#8217;honor de la Revista CLIJ per &#8220;Parco&#8221;.<br \/>\nLlista d&#8217;honor de la CCEI per &#8220;El cor de jade&#8221; i &#8220;16 mujeres muy, muy importantes&#8221;.<br \/>\n<b>2015<\/b> &#8211; Llista d&#8217;Honor de la Revista CLIJ per &#8220;Zigzag&#8221;.<br \/>\n<b>2016<\/b>\u00a0&#8211; Llista d&#8217;Honor de la Revista CLIJ per &#8220;Desnuda&#8221;.<br \/>\n&#8220;Parco&#8221; es escollit un dels 15 llibres m\u00e9s importants dels darrers anys en el CILELIJ de M\u00e9xic.<br \/>\n<\/span><strong>2017<\/strong> &#8211; Selecci\u00f3 &#8220;Els millors llibres de 2016&#8221; per &#8220;Tres dies d&#8217;agost&#8221; a la revista Qu\u00e9 Leer.<br \/>\nLlista d&#8217;Honor de la Revista CLIJ per &#8220;El Club dels Estranys&#8221;, &#8220;El grito de la mariposa&#8221; y &#8220;Todas las chicas se llaman Clara&#8221;.<br \/>\n<strong>2018<\/strong>. Set obres en la relaci\u00f3 de &#8220;Millors llibres de 2017&#8221; segons la OEPLI:\u00a0\u201cLes paraules ferides\u201d (Siruela\/Ara Llibres\/Galaxia\/Elkar),\u00a0\u201cLa gota de pluja que ten\u00eda por\u201d (Cruilla\/SM), \u201cQuerido hijo; tienes cuatro padres\u201d (Loqueleo),\u00a0\u201cCuentos de grandes cuadros\u201d (Verbum),\u00a0\u201cLa vengan\u00e7a del professor de matem\u00e0tiques\u201d (Anaya\/Barcanova),\u00a0\u201c\u00a1Qu\u00e9 fuerte (la adolescencia)!\u201d Planeta) i la\u00a0\u201cHistoria del Rock\u201d (Siruela).<br \/>\nLlista d&#8217;Honor de la Revista CLIJ per &#8220;Les paraules ferides&#8221;, &#8220;Historia del Rock&#8221; y &#8220;Bob Dylan: 99 razones para amarlo (o no)&#8221;.<br \/>\n<strong>2019<\/strong>. Quatre obres en la relaci\u00f3 de &#8220;Millors llibres de 2018&#8243; segons la OEPLI:\u00a0:\u00a0\u201cUna bolsa de patatas fritas en la Polinesia&#8221; (SM), &#8220;El gran sue\u00f1o&#8221; (Loqueleo), &#8220;36 preguntas para conocerte y 4 minutos para amarte&#8221; (Edeb\u00e9) y &#8220;Palmyra&#8221; (Bru\u00f1o).<br \/>\nLlista d&#8217;Honor de la Revista CLIJ per &#8220;El gran sue\u00f1o&#8221; y &#8220;Paradise rock&#8221;.<br \/>\n<strong>2020<\/strong>.\u00a0Llista d&#8217;Honor de la Revista CLIJ per &#8220;El que jo penso (de tot)&#8221; i &#8220;Querido hijo: te vas con los abuelos&#8221;.<br \/>\n<strong>2021<\/strong>. &#8220;El largo regreso&#8221; \u00e9s seleccionat entre els millors llibres del any 2020 per la Fundaci\u00f3 4 Gatos.<br \/>\nLlista d&#8217;Honor de la Revista CLIJ per &#8220;Declaraci\u00f3 des Drets dels Infants&#8221;.<br \/>\n<strong>2022<\/strong>. Llista d&#8217;Honor de la Revista CLIJ per &#8220;DJ&#8221;.<br \/>\nTres obras en la relaci\u00f3 de &#8220;Millors llibres de 2021&#8221; segons la OEPLI: &#8220;Cazando flores en la oscuridad&#8221;, &#8220;Como l\u00e1grimas en la lluvia&#8221; y &#8220;La chica el\u00e1stica que pod\u00eda saltar un poco lejos&#8221;.<br \/>\n<strong>2023<\/strong>. Llista d&#8217;Honor de la Revista CLIJ per &#8220;El largo y tortuoso camino&#8221;.<br \/>\nTres obres en la relaci\u00f3 de &#8220;Millors llibres de 2022&#8221; segons la OEPLI: &#8220;El largo y tortuoso camino&#8221;, &#8220;Las \u00faltimas 30 p\u00e1ginas&#8221; y &#8220;Teor\u00eda del azar c\u00f3smico para principiantes&#8221;.<br \/>\n<strong>2024<\/strong>.\u00a0 Dos obres en la relaci\u00f3 de &#8220;Millors llibres de 2023&#8221; segons la OEPLI: &#8220;Metaverso&#8221; i &#8220;Escape Book&#8221;.<\/p>\n<p>&nbsp;<\/p>\n","protected":false},"excerpt":{"rendered":"<p>(En negreta, els premis en catal\u00e0) 1975 -Premi Villa de Bilbao per &#8220;La revoluci\u00f3n del 32 de Triciembre&#8221; 1979 -Premi Ateneo de Sevilla per &#8220;En Canarias se ha puesto el sol&#8221; 1981 -Premi Gran Angular 1980 per &#8220;El cazador&#8221; 1983 -Premi Gran Angular 1982 per&hellip; <a class=\"read-more\" href=\"https:\/\/sierraifabra.com\/?page_id=841&#038;lang=ca\">Read more<\/a><\/p>\n","protected":false},"author":101012,"featured_media":0,"parent":0,"menu_order":0,"comment_status":"closed","ping_status":"closed","template":"","meta":{"footnotes":""},"class_list":["post-841","page","type-page","status-publish","hentry"],"aioseo_notices":[],"_links":{"self":[{"href":"https:\/\/sierraifabra.com\/index.php?rest_route=\/wp\/v2\/pages\/841","targetHints":{"allow":["GET"]}}],"collection":[{"href":"https:\/\/sierraifabra.com\/index.php?rest_route=\/wp\/v2\/pages"}],"about":[{"href":"https:\/\/sierraifabra.com\/index.php?rest_route=\/wp\/v2\/types\/page"}],"author":[{"embeddable":true,"href":"https:\/\/sierraifabra.com\/index.php?rest_route=\/wp\/v2\/users\/101012"}],"replies":[{"embeddable":true,"href":"https:\/\/sierraifabra.com\/index.php?rest_route=%2Fwp%2Fv2%2Fcomments&post=841"}],"version-history":[{"count":0,"href":"https:\/\/sierraifabra.com\/index.php?rest_route=\/wp\/v2\/pages\/841\/revisions"}],"wp:attachment":[{"href":"https:\/\/sierraifabra.com\/index.php?rest_route=%2Fwp%2Fv2%2Fmedia&parent=841"}],"curies":[{"name":"wp","href":"https:\/\/api.w.org\/{rel}","templated":true}]}}