{"id":843,"date":"2015-08-18T12:14:47","date_gmt":"2015-08-18T12:14:47","guid":{"rendered":"http:\/\/thewalrushub.com\/jordi\/?page_id=843"},"modified":"2026-02-10T18:12:03","modified_gmt":"2026-02-10T17:12:03","slug":"literary-awards","status":"publish","type":"page","link":"https:\/\/sierraifabra.com\/?page_id=843&lang=en","title":{"rendered":"Literary Awards and Institutional Acknowledgments"},"content":{"rendered":"<p><strong>Year of award\u00a0\u00a0\u00a0\u00a0\u00a0 Prize Name<\/strong><\/p>\n<p><strong>1975<\/strong> &#8211; Villa de Bilbao to <em>La revoluci\u00f3n del 32 de Triciembre<\/em> (The 32<sup>nd<\/sup> Tricember Revolution)<br \/>\n<strong>1979<\/strong> &#8211; Ateneo de Sevilla to <em>En Canarias se ha puesto el sol<\/em> (The Sun has Set in the Canary Islands)<br \/>\n<strong>1981<\/strong> &#8211; Gran Angular 1980 to <em>El cazador<\/em> (The Hunter)<br \/>\n<strong>1983<\/strong> &#8211; Gran Angular 1982 to <em>&#8230;En un lugar llamado Tierra<\/em> (\u2026In a place Called Earth)<br \/>\n<strong>1990<\/strong> &#8211; Vaixell de Vapor to <em>Un llibre monstru\u00f3s<\/em> (A Monster Book)<br \/>\n<strong>1991<\/strong> &#8211; Gran Angular 1990 to <em>El \u00faltimo set<\/em> (The Last Set)<br \/>\n<strong>1992<\/strong> &#8211; CCEI to <em>El \u00faltimo set<\/em> (The Last Set)<br \/>\n<strong>1993<\/strong> &#8211; Columna Jove to <em>El temps de l\u2019oblit<\/em> (The Time of Oblivion)<br \/>\n<strong>1994<\/strong> &#8211; Edeb\u00e9 for Children&#8217;s Literature to <em>Aydin<br \/>\n<\/em><strong>1996<\/strong> &#8211; Joaquim Ruyra to <em>Concert en Sol Major<\/em> (Concert in G Major)<br \/>\n<strong>1998<\/strong> &#8211; Columna Jove to <em>L&#8217;or dels d\u00e9us<\/em> (The Gold of the Gods)<br \/>\n<strong>1998<\/strong> &#8211; Vaixell de Vapor to <em>Les hist\u00f2ries perdudes<\/em> (The Lost Stories)<br \/>\n<strong>1999<\/strong> &#8211; CCEI to <em>Donde est\u00e9 mi coraz\u00f3n<\/em> (Wherever my Heart Is)<br \/>\n<strong>1999<\/strong> &#8211; A La Orilla Del Viento (M\u00e9xico) to <em>Historias de Medio Mundo<\/em> (Stories of Half the World)<br \/>\n<strong>2000<\/strong> &#8211; Voces El\u00e9ctricas de Narrativa Musical to <em>Mis salvajes rockeros<\/em> (My Wild Rockers)<br \/>\n<strong>2001<\/strong> &#8211; CCEI to <em>El fabuloso Mundo de las Letras<\/em> (The Wonderful World of Letters)<br \/>\n<strong>2002<\/strong> &#8211; Abril to <em>En un lugar llamado guerra<\/em> (In a Place Called War)<br \/>\n<strong>2003<\/strong> &#8211; Liburu Gaztea to <em>Dormido sobre los espejos<\/em> (Sleeping on the Mirrors)<br \/>\n<strong>2003<\/strong> &#8211; Ram\u00f3n Muntaner to <em>A l&#8217;altra banda del mirall<\/em> (On the Other Side of the Mirror)<br \/>\n<strong>2004<\/strong> &#8211; N\u00e8stor Luj\u00e1n of Historical Novel to <em>La pell de la revolta<\/em> (The Skin of the Revolution)<br \/>\n<strong>2005<\/strong> &#8211; Protagonista Jove to <em>A l\u2019altra banda del mirall<\/em> (On the Other Side of the Mirror)<br \/>\n<strong>2005<\/strong> &#8211; Julio C. Coba International Award for Children\u2019s Literature (Ecuador) to <em>La palabra m\u00e1s hermosa<\/em> (The Most Beautiful Word)<br \/>\n<strong>2005<\/strong> &#8211; Fiter i Rossell (Andorra) to <em>Sinaia<br \/>\n<\/em><strong>2006<\/strong> &#8211; Edeb\u00e9 for Young People&#8217;s Literature to <em>Llamando a las puertas del cielo<\/em> (Knocking on Heaven\u00b4s Door)<br \/>\n<strong>2007<\/strong> &#8211; National Award of the Spanish Ministry of Culture to <em>Kafka y la mu\u00f1eca viajera<\/em> (Kafka and the travelling doll)<br \/>\n<strong>2007 <\/strong>&#8211; Bancaixa Ciutat d\u00b4Alzira for Young People\u2019s Literature to <em>Els focs de la mem\u00f2ria<\/em> (The Fires of Memory)<br \/>\n<strong>2008<\/strong> &#8211; Librarian of Honour Award, by Valencia\u2019s Librarian Association.<br \/>\n<strong>2009 <\/strong>&#8211; Protagonista Jove to <em>Kafka i la nina que se\u00b4n va anar de viatge<\/em> (Kafka and the travelling doll)<br \/>\n<strong>2010<\/strong> &#8211; Barco de Vapor to <em>Historia de un segundo<\/em> (History of a Second)<br \/>\n<strong>2010<\/strong> &#8211; Ibby-Asahi Award to the best international cultura pronotion projectc for the Jordi Sierra i Fabra&#8217;s Foundations in Barcelona (Spain) and Medell\u00edn (Colombia).<br \/>\n<strong>2011 <\/strong>&#8211; Ciudad de Torrevieja to <em>Sombras en el tiempo<\/em> (Shadows in Time)<br \/>\n<strong>2011 <\/strong>&#8211; Barcanova to <em>L&#8217;estrany<\/em> (The Stranger)<br \/>\n<strong>2012 <\/strong>&#8211; Chico Cervantes for the joint efforts and commitment of the Jordi Sierra i Fabra cultural foundations in Spain and Colombia<br \/>\n<strong>2012 <\/strong>&#8211; Silvestre Vicent for Children&#8217;s Literature to <em>El d\u00eda que Gluck lleg\u00f3 a la Tierra<\/em> (The Day Gluck Arrived to Earth)<br \/>\n<strong>2013 <\/strong>&#8211; La Galera Young Readers to <em>El extraordinario ingenio parlante del profesor Palermo<\/em> (Professor Palermo\u2019s Extraordinary Speaking Device)<br \/>\n<strong>2013 <\/strong>&#8211; Anaya to <em>Parco<br \/>\n<\/em><strong>2013 <\/strong>&#8211; Lorenzo Luzuriaga National Literary Prize for the joint efforts and commitment of the Jordi Sierra i Fabra cultural foundations in Spain and Colombia<br \/>\n<strong>2013 <\/strong>&#8211; LIJ Iberoamericano for the joint efforts and commitment of the Jordi Sierra i Fabra cultural foundations in Spain and Colombia.<br \/>\n<strong>2014<\/strong>. Templi Award of magazin El Templo de las Mil Puertas at the best book \u00a0serie or saga, for <em>El caso del martillo blanco (<\/em>The case of white hammer).<br \/>\n<strong>2015<\/strong> &#8211; Apel.les Mestres Prize for <em>El orinal de Fay\u00e1n<\/em> (Fayan&#8217;s urinal)<br \/>\n<strong>2015<\/strong> &#8211; Honour Medal of Barcelona for the Jordi Sierra i Fabra&#8217;s Foundation.<br \/>\n<strong>2016<\/strong> &#8211;\u00a0Edeb\u00e9 for Children&#8217;s Literature to <em>El aprendiz de brujo y Los Invisibles\u00a0<\/em>(The Sorcerer&#8217;s Apprentice and The Invisibles).<br \/>\n<strong>2017<\/strong> &#8211; Atrapallibres for the best book for children&#8217;s in catalonian for <em>L&#8217;aprenent de bruixot i els Invisibles<\/em> (The Sorcerer&#8217;s Apprentice and The Invisibles).<br \/>\n<strong>2017<\/strong> &#8211;\u00a0Gold Medal for Merit in Fine Arts.<br \/>\n<strong>2018<\/strong> &#8211; Creu de Sant Jordi, Generalitat of Catalunya, biggest catalan prize.<br \/>\n<strong>2019<\/strong> &#8211; Gonz\u00e1lez Ledesma Award 2020 for a professional career.<br \/>\n<strong>2020<\/strong> &#8211; Enderrock Estrella Award for the contribution of the History of Rock Music.<br \/>\n<strong>2020<\/strong> &#8211; Lazarillo Award (the most old prize in Spain) for <em>Como l\u00e1grimas en la lluvia<\/em> (Like tears in the rain).<br \/>\n<strong>2021<\/strong> &#8211; Menjallibres Award for <em>Hores salvatges<\/em> (Wild hours).<br \/>\n<strong>2021<\/strong> &#8211; Critic\u00f3n Award for <em>Las palabras heridas<\/em> (The wounded words)<br \/>\n<strong>2022<\/strong> &#8211; Torre del Agua Award, FestiLIJ3C Festival, for a whole literary life.<br \/>\n<strong>2022<\/strong> &#8211; Frei Mart\u00edn Sarmiento Award por &#8220;Como l\u00e1grimas en la lluvia&#8221; in Galician language.<br \/>\n<strong>2023<\/strong> &#8211; Iluro Award for a whole literary life.<br \/>\n<strong>2024<\/strong> &#8211; Antonio de Sancha Award of Asociaci\u00f3n de Editores de Madrid.<br \/>\n<strong>2025<\/strong> &#8211; Don Juan del Corral Order of Merit, Gold category, by the City Council of Medell\u00edn, Colombia.<br \/>\n<strong>2026<\/strong> &#8211; Fundaci\u00f3n Cuatrogatos prize (Miami, Florida, EEUU) for &#8220;K-lle&#8221;.<\/p>\n<p><strong>SPECIAL MENTIONS<\/strong><\/p>\n<p><strong>1990<\/strong> &#8211; Included in the \u201cWhite ravens\u201d selection by the Internationale Jugendbibliothek in Munich for <em>El joven Lennon<\/em>(The Young Lennon).<br \/>\n<strong>1999<\/strong> &#8211;\u00a0Included in the \u201cWhite ravens\u201d selection by the Internationale Jugendbibliothek in Munich for <em>Un hombre con un tenedor en una tierra de sopas<\/em> (A Man with a Fork in Soupland).<br \/>\n<strong>2000<\/strong> &#8211; Included in the \u201cWhite ravens\u201d selection by the Internationale Jugendbibliothek in Munich for <em>Les hist\u00f2ries perdudes<\/em> (The Lost Tales).<br \/>\n<strong>2005<\/strong> &#8211; Spanish candidate for the Hans Christian Andersen Award 2006.<br \/>\n<strong>2007<\/strong> &#8211; Included in the \u201cWhite ravens\u201d selection by the Internationale Jugendbibliothek in Munich for <em>Llamando a las puertas del cielo<\/em> (Knocking on Heaven\u00b4s Door).<br \/>\n<strong>2007 <\/strong>&#8211; The Jordi Sierra i Fabra Foundation is candidate for the Asahi Award of International Cooperation and finalist in the 2008 edition (IBBY).<br \/>\n<strong>2008 &#8211; <\/strong><em>Kafka and the travelling doll<\/em> wins the best translation and adaptation award in Brasil from the Funda\u00e7ao Nacional do Livro Infantil e Juvenil.<br \/>\n<strong>2009 <\/strong>&#8211; For the second time, Spanish candidate for the Hans Christian Andersen Award 2010.<br \/>\n<strong>2009 <\/strong>&#8211; The Jordi Sierra i Fabra Foundation is candidate for the Asahi Award for International Cooperation and finalist in the 2010 edition (IBBY).<br \/>\n<strong>2010<\/strong>&#8211; The Jordi Sierra i Fabra Foundation wins the IBBY-Asahi Prize for the Promotion of Reading, for a project developed in Medell\u00edn, Colombia, between the Jordi Sierra i Fabra\u00a0 Taller de Letras Foundation and the city Town Hall.<br \/>\n<strong>2011<\/strong>&#8211; Honorary 2012 IBBY List for <em>Historia de un segundo <\/em>(History of a second ).<br \/>\n<strong>2015<\/strong>&#8211; The Jordi Sierra i Fabra Foundation awared with The Honour Medal of Barcelona City.<br \/>\n<strong>2015<\/strong>&#8211;\u00a0For the first time, Spanish candidate for the Astrid Lindgren Award.<br \/>\n<strong>2015<\/strong>&#8211; <em>Knocking on heaven&#8217;s door<\/em>\u00a0wins the price Funda\u00e7ao Nacional do Livro Infantil e Juvenil in Brazil for the best book in translation categorie.<br \/>\n<strong>2017 &#8211; <\/strong><em>The cry of the butterfly<\/em>\u00a0wins the best translation and adaptation award in euskera language.<br \/>\n<strong>2017<\/strong> &#8211;\u00a0Gold Medal for Merit in Fine Arts.<br \/>\n<strong>2017<\/strong> &#8211;\u00a0For the second time, Spanish candidate for the Astrid Lindgren Award.<br \/>\n<strong>2018<\/strong> &#8211; Creu de Sant Jordi, Generalitat of Catalunya, biggest catalan prize.<br \/>\n<strong>2018<\/strong> &#8211; The Jordi Sierra i Fabra Foundation, is Spanish candidate for the Astrid Lindgren Award.<br \/>\n<strong>2019 <\/strong>&#8211; For the third time, Spanish candidate for the Hans Christian Andersen Award 2020 and the Astrid Lindgren Award 2020.<\/p>\n<p>&nbsp;<\/p>\n<p><strong>OTHER PRIZES AND AWARDS<br \/>\n<\/strong><\/p>\n<p><strong>1974<\/strong> &#8211; Finalist (2<sup>nd<\/sup> position) to the Ciudad de Murcia Prize for <em>El mundo de las ratas doradas<\/em> (The World of the Golden Rats).<br \/>\n<strong>1978<\/strong> &#8211; Finalist (4<sup>th<\/sup> position) to the Planeta Award.<br \/>\n<strong>1982<\/strong> &#8211; Honorary CCEI List for <em>El cazador<\/em> (The Hunter).<br \/>\n<strong>1984<\/strong> &#8211; Honorary CCEI List for <em>&#8230;En un lugar llamado Tierra<\/em> (In a Place Called Earth)<br \/>\n<strong>1985<\/strong> &#8211; Finalist (2<sup>nd<\/sup> position) to the 1984 Gran Angular Award for <em>El \u00faltimo verano Miwok<\/em> (The Last Miwok Summer).<br \/>\n<strong>1986<\/strong> &#8211; Finalist (3<sup>rd<\/sup> position) to the 1985 Gran Angular Award for <em>El Joven Lennon<\/em> (The Young Lennon).<br \/>\n<strong>1987<\/strong> &#8211; Honorary CCEI List for <em>Regreso a un lugar llamado Tierra<\/em> (Return to a Place Called Earth).<br \/>\n<strong>1988<\/strong> &#8211; Honorary CCEI List for <em>El \u00faltimo verano Miwok<\/em>\u00a0(The Last Miwok Summer) and <em>El testamento de un lugar llamado Tierra<\/em> (The Testament of a Place Called Earth).<br \/>\n<strong>1989<\/strong> &#8211; Finalist (2<sup>nd<\/sup> position) to the Vaixell de Vapor Prize for <em>Temps de gebre<\/em> (Frosting Time).<br \/>\n<strong>1991<\/strong> &#8211; Nominated to the National Prize of Literature for Young People for <em>La balada de Siglo XXI<\/em> (The Ballad of the 21<sup>st<\/sup> Century).<br \/>\n<strong>1992<\/strong> &#8211; Honorary CCEI List for <em>La f\u00e1brica de nubes<\/em> (The Cloud Factory), apart from winning with <em>El \u00faltimo set<\/em> (The Last Set).<br \/>\n<strong>1993<\/strong> &#8211; Finalist (2<sup>nd<\/sup> position) to the 1992 Barco de Vapor Prize for <em>Las alas del sol<\/em> (The Wings of the Sun).<br \/>\nHonorary CCEI List for <em>El hombre que perdi\u00f3 su imagen<\/em> (The Man Who Lost his Image).<br \/>\nIncluded among \u201cLos mejores libros del a\u00f1o\u201d (The Best Books of the Year) by Fundaci\u00f3n Germ\u00e1n S\u00e1nchez Ruip\u00e9rez for <em>Banda sonora<\/em> (Soundtrack).<br \/>\n<strong>1994<\/strong> &#8211; Included among \u201cLos mejores libros del a\u00f1o\u201d (The Best Books of the Year) by Fundaci\u00f3n Germ\u00e1n S\u00e1nchez Ruip\u00e9rez\u00a0for <em>Malas tierras<\/em> (Bad Lands).<br \/>\nHonorary List of the CLIJ magazine for <em>Noche de viernes<\/em> (Friday Night).<br \/>\n<strong>1995<\/strong> &#8211; Honorary CCEI List for <em>Las alas del sol<\/em> (The Wings of the Sun), <em>Los tigres del valle<\/em> (The Valley Tigers) and<em>Cuando los genios andan sueltos<\/em> (When Geniuses Wander Free).<br \/>\nFinalist (2<sup>nd<\/sup> position) to the Espasa Humor Prize for <em>El regreso de Johnny Pickup<\/em> (Johnny Pickup is Back).<br \/>\nNominated to the National Prize for Young People\u2019s Literature for <em>Las alas del sol<\/em> (The Wings of the Sun).<br \/>\n<strong>1996<\/strong> &#8211; Best selling book of the year, in Cru\u00eflla\u2019s Alerta Roja collection: <em>L&#8217;estel del mat\u00ed<\/em> (The Morning Star).<br \/>\n<strong>1997<\/strong> &#8211; Golden Book by Ediciones SM for the sales of <em>El joven Lennon<\/em> (The Young Lennon).<br \/>\nHonorary CCEI List for <em>El ni\u00f1o que viv\u00eda en las estrellas<\/em> (The Boy Who Lived in the Stars).<br \/>\nFinalist (2<sup>nd<\/sup> position) to the Gran Angular Prize in Catalan for <em>La mem\u00f2ria dels \u00e9ssers perduts<\/em> (The Memory of the Lost Beings).<br \/>\n<strong>1998<\/strong> &#8211;\u00a0 Honorary CCEI List for <em>Retrato de un adolescente manchado<\/em> (Portrait of a Marked Teenager).<br \/>\nBest selling book of the year, in Cru\u00eflla\u2019s Alerta Roja collection: <em>Camps de maduixes<\/em> (Strawberry Fields).<br \/>\n<strong>1999<\/strong> &#8211; Honorary CCEI List for <em>Un hombre con un tenedor en una tierra de sopas<\/em> (A Man with a Fork in Soupland), apart from winning with <em>Donde est\u00e9 mi coraz\u00f3n<\/em> (Wherever my Heart Is).<br \/>\nBest selling book of the year, in Cru\u00eflla\u2019s Alerta Roja collection: <em>Camps de maduixes<\/em> (Strawberry Fields).<br \/>\n<strong>2000<\/strong> &#8211; Golden Book by Ediciones SM for the sales of <em>&#8230;En un lugar llamado Tierra<\/em> (\u2026In a Place Called Earth).<br \/>\nHonorary CCEI List for <em>Las chicas de alambre<\/em> (The Wire Girls).<br \/>\nBest selling book of the year: <em>Camps de maduixes<\/em> (Strawberry Fields).<br \/>\nPlatinum Book by Alfaguara for the sales of <em>Noche de viernes<\/em> (Friday Night).<br \/>\n<strong>2001<\/strong> &#8211;\u00a0Silver Plate by Ediciones SM for the sales of <em>La f\u00e1brica de nubes<\/em> (The Cloud Factory).<br \/>\nFinalist to the International Julio C. Coba Prize (Ecuador) for <em>La biblioteca de los libros vac\u00edos<\/em> (The Library of the Empty Books).<br \/>\nBest selling book of the year, in Cru\u00eflla\u2019s Alerta Roja collection: <em>Camps de maduixes<\/em> (Strawberry Fields).<br \/>\nSilver Plate by Editorial Cru\u00eflla for <em>Camps de maduixes<\/em> (Strawberry Fields).<br \/>\n<strong>2002<\/strong> &#8211; Golden Book by Ediciones SM for the sales of <em>Campos de fresas<\/em> (Strawberry Fields).<br \/>\n<strong>2003<\/strong> &#8211; Best selling book of the year, in Cru\u00eflla\u2019s Alerta Roja collection: <em>Camps de maduixes<\/em> (Strawberry Fields).<br \/>\n<strong>2004<\/strong> &#8211; Honorary List in the CLIJ magazine with <em>Mi primer libro de \u00f3pera<\/em> (My First Opera Book).<br \/>\nBest selling book of the year, in Cru\u00eflla\u2019s Alerta Roja collection: <em>Camps de maduixes<\/em> (Strawberry Fields).<br \/>\nSilver Plate by Editorial Cru\u00eflla for <em>La biblioteca dels llibres buits<\/em> (The Library of the Empty Books).<br \/>\nHonorary CCEI List for <em>Sin tiempo para so\u00f1ar<\/em> (No Time to Dream)<br \/>\n<strong>2005<\/strong> &#8211; Honorary list of the best children and young people\u2019s books of the year by Banco del Libro de Caracas, Venezuela (Venezuelan section of the IBBY) with <em>La piel de la memoria<\/em> (The Skin of Memory).<br \/>\nBest selling book of the year, in Cru\u00eflla\u2019s Alerta Roja collection: <em>Camps de maduixes<\/em> (Strawberry Fields).<br \/>\nGolden Plate by Editorial Cru\u00eflla for <em>Camps de maduixes<\/em> (Strawberry Fields).<br \/>\nHonorary CCEI List for <em>Los olvidados<\/em> (The Forgotten).<br \/>\n<strong>2006<\/strong> &#8211; Honorary list in the CLIJ Magazine for <em>Material sensible &#8211; Cuentos crueles<\/em> (Sensitive Material \u2013 Cruel Stories).<br \/>\nSelected among the 3 best mystery books in Catalan of the year by Brigada 21 for <em>Assassinat a El Club<\/em> (Murder in The Club).<br \/>\nLector Prize, from the Junta de Castilla y Le\u00f3n, Bibliob\u00fas Escolar y el IES de Alca\u00f1ices, Zamora, for <em>Campos de fresas<\/em> (Strawberry Fields).<br \/>\nBest selling book of the year, in Cru\u00eflla\u2019s Alerta Roja collection: <em>Camps de maduixes<\/em> (Strawberry Fields).<br \/>\n<strong>2007<\/strong> &#8211; Honorary list in the CLIJ Magazine for <em>Kafka y la mu\u00f1eca viajera<\/em> (Kafka and the travelling doll) and <em>Llamando a las puertas del cielo<\/em> (Knocking on Heaven&#8217;s Door).<br \/>\nBest selling book of the year (ten ongoing years), in Cru\u00eflla\u2019s Alerta Roja collection: <em>Camps de maduixes<\/em> (Strawberry Fields).<br \/>\nHonorary CCEI List for <em>Mendigo en la playa de oro<\/em> (Beggar in the Beach of Gold) and <em>El rastro del anillo Magno<\/em> (The Tracks of the Great Ring).<br \/>\nHonorary list in the Faristol Magazine of best 2006-07 books for <em>Gauditronix<\/em> and <em>La gran aventura<\/em> (The Great Adventure).<br \/>\n<strong>2008<\/strong> &#8211; Librarian of Honour Award, by Valencia\u2019s Librarian Association.<br \/>\nHonorary List of the CLIJ magazine by <em>\u00d3peras contadas a los ni\u00f1os<\/em> (Operas told to kids).<br \/>\nSecond best book of the year in the Best Young Adult Fiction category for <em>La gran aventura<\/em> (The Great Adventure) at the 10<sup>th<\/sup> Annual International Latino Book Awards Winners.<br \/>\nHonorary CCEI List for <em>La gran aventura<\/em> (The Great Adventure).<br \/>\n<strong>2009<\/strong> &#8211; Selected among the best 2008 books by the Faristol magazine for <em>Kafka y la mu\u00f1eca viajera<\/em> (Kafka and the travelling doll) and <em>Els focs de la mem\u00f2ria<\/em> (The Fires of Memory).<br \/>\nHonorary List of the CLIJ magazine for <em>Hijas de las tormentas, Vol. 1: El enigma Maya<\/em> (The Daughters of the Storm, Vol. 1: The Mayan Enigma) and <em>La fabulosa leyenda del Rey Arturo<\/em> (The Fabulous Legend of King Arthur).<br \/>\n<strong>2010<\/strong> &#8211; Honorary List of the CLIJ magazine for <em>La Isla del Poeta<\/em> (The Poet\u2019s Island).<br \/>\nNew 2010 UK Books in Spanish for <em>El funeral celestial<\/em> (The Celestial Funeral).<br \/>\nSelected among the Best Books of 2009 by the Faristol magazine for <em>Poe<\/em> and <em>Anatom\u00eda de un incidente aislado<\/em>(Anatomy of a isolated incident).<br \/>\n<strong>2011<\/strong> &#8211; <em>Kafka y la mu\u00f1eca viajera<\/em> (Kafka and the Travelling Doll) is chosen one of the ten best books of the first decade of the century, in the Children&#8217;s Books category, by the newspaper <em>El Pa\u00eds<\/em>.<br \/>\nHonorary List of the CLIJ magazine for <em>Diario de un freakie<\/em> (Diary of a Nerd).<br \/>\n<strong>2012<\/strong> &#8211; Honorary List of the CLIJ magazine by <em>Un poco de abril, algo de mayo, todo septiembre<\/em> (A Bit of April, Some of May, All of September).<br \/>\nEngaged Author Prize awarded by the literary magazine <em>La Tiramilla<\/em>.<br \/>\n<strong>2013<\/strong> &#8211; Honorary List of the CLIJ magazine for <em>Quiz\u00e1 ma\u00f1ana la palabra amor\u2026<\/em> (Maybe tomorrow the word love&#8230;).<br \/>\nThe novel <em>El extraordinario ingenio parlante del profesor Palermo<\/em> (Professor Palermo\u2019s Extraordinary Speaking Device) is selected for the Newspanishbooks 2013.<br \/>\n<em>Parco<\/em> is chosen second best 2013 children&#8217;s book by 30 experts from <em>Babelia<\/em>, the culture supplement of the newspaper <em>El Pa\u00eds<\/em>.<br \/>\n<strong>2014<\/strong> \u2013 Templi Award (El Templo de las Mil Puertas Magazine on Line) for the best book in Saga Category for <em>El caso del martillo blanco<\/em> (The Case of the White Hammer)<br \/>\nBest book of the year in the Best Young Adult Fiction category for <em>Tambi\u00e9n fueron j\u00f3venes<\/em> (They Were Also Young) at the 16<sup>th<\/sup> Annual International Latino Book Awards Winners.<br \/>\nHonorary List of the CLIJ magazine for <em>Parco.<br \/>\n<\/em>Honorary List of the CCEI for <em>El coraz\u00f3n de jade<\/em> (The Jade&#8217;s Heart) y <em>16 mujeres muy, muy importantes<\/em> (16 womens very, very important).<br \/>\n<b>2015<\/b> &#8211; Honorary List of the CLIJ magazine for &#8220;<em>Zigzag<\/em>&#8220;.<br \/>\n<b>2016<\/b>\u00a0&#8211; Honorary List of the CLIJ magazine for &#8220;<em>Desnuda<\/em>&#8221; (Naked).<br \/>\n<strong>2017<\/strong> &#8211; Honorary List of the Qu\u00e9 Leer magazine, best books of 2016 por &#8220;Three days in august&#8221;.<br \/>\nHonorary List of the CLIJ magazine for &#8220;Todas las chicas se llaman Clara&#8221; (All the girls are called\u00a0Clara), &#8220;El Club de los Raros&#8221; (The Club of the Rare) y &#8220;El grito de la mariposa&#8221; (The cry of the butterfly).<br \/>\n<strong>2018<\/strong> &#8211;\u00a0Seven books of Jordi in the selected list of most quality books in OEPLI Spain in 2017: <em>\u201cLas palabras heridas\u201d<\/em> (The wounded words)<em>, \u201cHistoria del Rock\u201d<\/em> (The Rock History)<em>, \u201cLa venganza del profesor de matem\u00e1ticas\u201d<\/em> (The revenge of the math teacher<em>), \u201c\u00a1Qu\u00e9 fuerte!\u201d(<\/em>How strong!<em>), \u201cCuentos de grandes cuadros\u201d<\/em>(Tales of great paintings<em>), \u201cQuerido hijo: tienes cuatro padres\u201d(<\/em>Dear son: you have four parents) and<em>\u00a0\u201cLa gota de lluvia que ten\u00eda miedo\u201d<\/em> (The raindrop that was afraid).<br \/>\nHonorary List of the CLIJ magazine for <em>\u201cLas palabras heridas\u201d<\/em> (The wounded words)<em>, \u201cHistoria del Rock\u201d<\/em> (The Rock History)<i>\u00a0and <\/i><em>&#8220;Bob Dylan. 99 razones para amarlo (o no)<\/em><i>&#8221; (Bob Dylan;\u00a099 reasons to love him (or not))&#8221;.<br \/>\n<strong>2019<\/strong> &#8211; Four\u00a0books of Jordi in the selected list of most quality books in OEPLI Spain in 2018: <\/i><em>&#8220;Una bolsa de patatas fritas en la Polinesia&#8221; <\/em><i>(A bag of chips in Polynesia), <\/i><em>&#8220;El gran sue\u00f1o&#8221;\u00a0<\/em><i>(The big dream), <\/i><em>&#8220;36 preguntas para conocerte y 4 minutos para amarte&#8221;<\/em><i>(36 questions to meet you and 4 minutes to love you) and <\/i><em>&#8220;Palmyra&#8221;<\/em><i> (Palmyra).<br \/>\nHonorary List of the CLIJ magazine for <em>\u201cEl gran sue\u00f1o&#8221; (<\/em><\/i>The big sleep<i><em>) and &#8220;Paradise rock&#8221;.<br \/>\n<\/em><strong>2020<\/strong> &#8211;\u00a0Honorary List of the CLIJ magazine for <em>\u201cQuerido hijo: te vas con los abuelos&#8221; <\/em><\/i>(Dear son: you go with the grandparents)<i><em> y &#8220;Lo que yo creo (de todo)&#8221; <\/em><\/i>(What I believe in everything)<i><em>.<br \/>\n<\/em><\/i><strong>2021<\/strong> &#8211;<i><em> &#8220;El largo regreso&#8221; (<\/em><\/i>The long return) is selected in The Best Books of 2020 for the 4 Gatos Foundation.<br \/>\n<i>Honorary List of the CLIJ magazine for <em>\u201cDeclaraci\u00f3n de los Derechos del Ni\u00f1o&#8221;.<\/em><\/i><br \/>\n<strong>2022<\/strong> &#8211;\u00a0\u00a0<i>Honorary List of the CLIJ magazine for <em>\u201cDJ&#8221;.<br \/>\n<\/em><\/i>Three books of Jordi in the selected list of most quality books in OEPLI Spain in 2021<i><em>: &#8220;La chica el\u00e1stica que pod\u00eda saltar un poco lejos&#8221;, &#8220;Cazando flores en la oscuridad&#8221; y &#8220;Como l\u00e1grimas en la lluvia&#8221;<br \/>\n<\/em><\/i><strong>2023 <\/strong>&#8211; <i>Honorary List of the CLIJ magazine for <\/i><em>&#8220;The long and winding road&#8221;<\/em> (El largo y tortuoso camino).<br \/>\n<i>Three books of Jordi in the selected list of most quality books in OEPLI Spain in 2022<\/i>: <em>&#8220;The long and winding road&#8221;<\/em> (El largo y tortuoso camino), <em>&#8220;The last 30 pages&#8221;<\/em> (Las \u00faltimas 30 p\u00e1ginas) and <em>&#8220;Cosmic chance theory for beginners&#8221;<\/em> (Teor\u00eda del azar c\u00f3smico para principiantes).<br \/>\n<strong>2024<\/strong>. <i>Two books of Jordi in the selected list of most quality books in OEPLI Spain in 2023<\/i>: &#8220;Metaverso&#8221; and &#8220;Escape book&#8221;<\/p>\n<p>&nbsp;<\/p>\n","protected":false},"excerpt":{"rendered":"<p>Year of award\u00a0\u00a0\u00a0\u00a0\u00a0 Prize Name 1975 &#8211; Villa de Bilbao to La revoluci\u00f3n del 32 de Triciembre (The 32nd Tricember Revolution) 1979 &#8211; Ateneo de Sevilla to En Canarias se ha puesto el sol (The Sun has Set in the Canary Islands) 1981 &#8211; Gran&hellip; <a class=\"read-more\" href=\"https:\/\/sierraifabra.com\/?page_id=843&#038;lang=en\">Read more<\/a><\/p>\n","protected":false},"author":101012,"featured_media":0,"parent":0,"menu_order":0,"comment_status":"closed","ping_status":"closed","template":"","meta":{"footnotes":""},"class_list":["post-843","page","type-page","status-publish","hentry"],"aioseo_notices":[],"_links":{"self":[{"href":"https:\/\/sierraifabra.com\/index.php?rest_route=\/wp\/v2\/pages\/843","targetHints":{"allow":["GET"]}}],"collection":[{"href":"https:\/\/sierraifabra.com\/index.php?rest_route=\/wp\/v2\/pages"}],"about":[{"href":"https:\/\/sierraifabra.com\/index.php?rest_route=\/wp\/v2\/types\/page"}],"author":[{"embeddable":true,"href":"https:\/\/sierraifabra.com\/index.php?rest_route=\/wp\/v2\/users\/101012"}],"replies":[{"embeddable":true,"href":"https:\/\/sierraifabra.com\/index.php?rest_route=%2Fwp%2Fv2%2Fcomments&post=843"}],"version-history":[{"count":0,"href":"https:\/\/sierraifabra.com\/index.php?rest_route=\/wp\/v2\/pages\/843\/revisions"}],"wp:attachment":[{"href":"https:\/\/sierraifabra.com\/index.php?rest_route=%2Fwp%2Fv2%2Fmedia&parent=843"}],"curies":[{"name":"wp","href":"https:\/\/api.w.org\/{rel}","templated":true}]}}