{"id":848,"date":"2015-08-18T12:25:10","date_gmt":"2015-08-18T12:25:10","guid":{"rendered":"http:\/\/thewalrushub.com\/jordi\/?page_id=848"},"modified":"2026-04-22T18:17:01","modified_gmt":"2026-04-22T16:17:01","slug":"llistat-dobres-en-catala","status":"publish","type":"page","link":"https:\/\/sierraifabra.com\/?page_id=848&lang=ca","title":{"rendered":"Llistat d&#8217;Obres en Catal\u00e0"},"content":{"rendered":"<p><strong>(Obres editades en catal\u00e0 fins a 2026)<\/strong><br \/>\n<span style=\"font-size: medium;\"><br \/>\n1 &#8211; Serrat &#8211; 1988 Abril &#8211; Ed. Thor<br \/>\n2 &#8211; Raskundanpelkuf &#8211; 1988 Decembre &#8211; Ed. B<br \/>\n3 &#8211; Quan la L\u00f3gica falla, el Sistema crida a&#8230; Zuk-1- 1989 Maig &#8211; Pirene<br \/>\n4 &#8211; Lambert!!! &#8211; 1989 Setembre &#8211; Anaya<br \/>\n5 &#8211; Clau: MX &#8211; 1989 Octubre &#8211; Cru\u00eflla<br \/>\n6 &#8211; Histories sorprenents &#8211; 1989 Novembre &#8211; Edelvives<br \/>\n7 &#8211; El cas del quadre desaparegut &#8211; 1989 Novembre &#8211; Ed. B<br \/>\n8 &#8211; La guitarra d\u00b4en John Lennon &#8211; 1990 Mar\u00e7 &#8211; Timun Mas<br \/>\n9 &#8211; A la recerca d\u00b4en Jim Morrison &#8211; 1990 Mar\u00e7 &#8211; Timun Mas<br \/>\n10 &#8211; &#8230;en un lloc anomenat Terra &#8211; 1990 Abril &#8211; Cru\u00eflla<br \/>\n11 &#8211; El gran festival de rock &#8211; 1990 Setembre &#8211; Timun Mas<br \/>\n12 &#8211; Temps de gebre &#8211; 1990 Octubre &#8211; Cru\u00eflla<br \/>\n13 &#8211; John Lennon &#8211; 1990 Decembre &#8211; Empuries<br \/>\n14 &#8211; Un llibre monstru\u00f3s &#8211; 1990 Decembre &#8211; Cru\u00eflla<br \/>\n15 &#8211; El planeta blanc &#8211; 1990 Decembre &#8211; Edelvives<br \/>\n16 &#8211; La generaci\u00f2 rock &#8211; 1991 Febrer &#8211; Columna<br \/>\n17 &#8211; \u00c1nima de blues &#8211; 1991 Mar\u00e7 &#8211; Timun Mas<br \/>\n18 &#8211; Una altra can\u00e7o al parad\u00eds &#8211; 1991 Novembre &#8211; Timun Mas<br \/>\n19 &#8211; Sting &#8211; 1991 Decembre &#8211; La Magrana<br \/>\n20 &#8211; La llegenda de Patr\u00e1coras &#8211; 1992 Gener &#8211; Alimara\/Susaeta<br \/>\n21 &#8211; El sons del silenci &#8211; 1992 Febrer &#8211; Timun Mas<br \/>\n22 &#8211; El jove Lennon &#8211; 1992 Abril &#8211; Cru\u00eflla<br \/>\n23 &#8211; Bruce Springsteen &#8211; 1992 Juny &#8211; Empuries<br \/>\n24 &#8211; El mirall del futur &#8211; 1992 Setembre &#8211; Edeb\u00e9<br \/>\n25 &#8211; La gota de pluja &#8211; 1992 Octubre &#8211; Toray<br \/>\n26 &#8211; Unitat de plaer &#8211; 1993 Febrer &#8211; Columna<br \/>\n27 &#8211; Kaopi &#8211; 1993 Novembre &#8211; Grup Promotor\/Alfaguara<br \/>\n28 &#8211; El temps de l\u00b4oblit &#8211; 1993 Decembre &#8211; Columna<br \/>\n29 &#8211; La vall dels tigres &#8211; 1994 Mar\u00e7 &#8211; Edeb\u00e9<br \/>\n30 &#8211; Aydin &#8211; 1994 Abril &#8211; Edeb\u00e9<br \/>\n31 &#8211; Banda sonora &#8211; 1994 Juny &#8211; Columna<br \/>\n32 &#8211; La f\u00e1brica de n\u00favols &#8211; 1994 Juny &#8211; Cru\u00eflla<br \/>\n33 &#8211; Una pizza per a A.F.Mac, detectiu privat &#8211; 1994 Juny &#8211; Grijalbo Mondadori<br \/>\n34 &#8211; Nomes per Zuk-1- 1994 Octubre &#8211; Pirene<br \/>\n35 &#8211; L\u00b4assassi del Sgt. Pepper\u00b4s &#8211; 1994 Novembre &#8211; Edeb\u00e9<br \/>\n36 &#8211; Mai no serem estrelles del rock &#8211; 1995 Mar\u00e7 &#8211; Columna<br \/>\n37 &#8211; Un cabell blanc en un cap pelut &#8211; 1995 Octubre &#8211; Bru\u00f1o<br \/>\n38 &#8211; Males terres &#8211; 1995 Decembre &#8211; Cru\u00eflla<br \/>\n39 &#8211; Nit de divendres &#8211; 1995 &#8211; Voramar<br \/>\n40 &#8211; La nau fant\u00e0stica &#8211; 1995 &#8211; Anaya<br \/>\n41 &#8211; L\u00b4estel del mat\u00ed &#8211; 1996 Gener &#8211; Cru\u00eflla<br \/>\n42 &#8211; Els miralls de la nit &#8211; 1996 Mar\u00e7 &#8211; Columna<br \/>\n43 &#8211; El nen que vivia als estels &#8211; 1996 Abril &#8211; Grup Promotor\/Alfaguara<br \/>\n44 &#8211; Not\u00edcies fresques &#8211; 1996 Juny &#8211; Columna<br \/>\n&#8212;\u00a0 &#8211; El cas del quadre desaparegut &#8211; 1996 Octubre &#8211; La Galera<br \/>\n45 &#8211; Jugant en les ombres de la llum &#8211; 1996 Novembre &#8211; Edeb\u00e9<br \/>\n46 &#8211; Nit de lluna a l\u00b4Estret &#8211; 1997 Gener &#8211; Grijalbo Mondadori<br \/>\n47 &#8211; Concert en Sol Major &#8211; 1997 Mar\u00e7 &#8211; Columna\/La Galera<br \/>\n48 &#8211; Camps de maduixes &#8211; 1997 Setembre &#8211; Cru\u00eflla<br \/>\n49 &#8211; Els grans s\u00b4han tornat boixos &#8211; 1998 Mar\u00e7 &#8211; Columna<br \/>\n50 &#8211; All\u00e1 on sigui el meu cor &#8211; 1998 Abril &#8211; Edeb\u00e9<br \/>\n51 &#8211; La mem\u00f2ria dels \u00e9ssers perduts &#8211; 1998 Juliol &#8211; Cru\u00eflla<br \/>\n&#8212;\u00a0 &#8211; Flashback (Clau: MX) &#8211; 1998 Novembre &#8211; Cru\u00eflla<br \/>\n52 &#8211; Les veus de la ciutat &#8211; 1998 Novembre &#8211; Columna<br \/>\n53 &#8211; Les hist\u00f2ries perdudes &#8211; 1999 Febrer &#8211; Cru\u00eflla<br \/>\n54 &#8211; El vol del Drac &#8211; 1999 Abril &#8211; Cru\u00eflla<br \/>\n55 &#8211; V\u00edctor Jara (Rebentant els silencis) &#8211; 1999 Maig &#8211; Cru\u00eflla<br \/>\n56 &#8211; L\u00b4or dels D\u00e9us &#8211; 1999 Maig &#8211; Columna<br \/>\n57 &#8211; R\u00e0bia &#8211; 2000 Maig &#8211; Cru\u00eflla<br \/>\n58 &#8211; 50 raons per SER \/ NO SER del Bar\u00e7a &#8211; 2000 Juliol &#8211; Columna<br \/>\n59 &#8211; Adormit sobre els miralls &#8211; 2000 Setembre &#8211; Editors Associats\/La Galera<br \/>\n60 &#8211; Zack Galaxy, una aventura intergal\u00e0ctica &#8211; 2000 Octubre &#8211; Grup promotor\/Alfaguara<br \/>\n61 &#8211; Els homes de les cadires &#8211; 2000 Novembre &#8211; Cru\u00eflla<br \/>\n62 &#8211; Les F\u00faries &#8211; 2001 Octubre &#8211; Grup Promotor\/Alfaguara<br \/>\n63 &#8211; L\u00b4assassinat del professor de matem\u00e0tiques &#8211; 2002 Mar\u00e7 &#8211; Barcanova<br \/>\n64 &#8211; El dolor invisible &#8211; 2002 Maig &#8211; Empuries<br \/>\n65 &#8211; En un lloc anomenat guerra &#8211; 2002 Maig &#8211; Edirors Associats\/La Galera<br \/>\n66 &#8211; La biblioteca dels llibres buits &#8211; 2002 Juny &#8211; Cru\u00eflla<br \/>\n67 &#8211; El meu primer llibre d\u00b4\u00d2pera (Deu \u00f2peras explicades per a infants) &#8211; Decembre 2002 &#8211; Empuries<br \/>\n68 &#8211; El fantasma de la biblioteca &#8211; Abril 2003 &#8211; Cru\u00eflla<br \/>\n69 &#8211; Buscant a Bob &#8211; Abril 2003 &#8211; Barcanova<br \/>\n70 &#8211; S\u00f3c especial per als meus amics &#8211; Maig 2003 &#8211; Edeb\u00e9\/Fundaci\u00f3 Catalana S\u00edndrome de Down<br \/>\n71 &#8211; Qu\u00e8 ser\u00e9 quan sigui gran? &#8211; Maig 2003 &#8211; Edeb\u00e9\/Fundaci\u00f3 Catalana S\u00edndrome de Down<br \/>\n72 &#8211; Els meus germans i jo &#8211; Maig 2003 &#8211; Edeb\u00e9\/Fundaci\u00f3 Catalana S\u00edndrome de Down<br \/>\n73 &#8211; El soldat i la nena &#8211; Setembre 2003 &#8211; Destino<br \/>\n74 &#8211; La pell de la mem\u00f2ria &#8211; Octubre 2003 &#8211; Baula<br \/>\n75 &#8211; A l\u00e1ltra banda del mirall &#8211; Octubre 2003 &#8211; Empuries<br \/>\n76 &#8211; La m\u00fasica del vent &#8211; Gener 2004 &#8211; Columna<br \/>\n77 &#8211; L\u00b4home que va perdre la seva imatge &#8211; Mar\u00e7 2004 &#8211; Barcanova<br \/>\n78 &#8211; Frontera &#8211; Mar\u00e7 2004 &#8211; Cru\u00eflla<br \/>\n79 &#8211; La bomba (una faula en tres dimensions) &#8211; Abril 2004 &#8211; Baula<br \/>\n80 &#8211; El somriure del diable &#8211; Juny 2004 &#8211; Bromera<br \/>\n81 &#8211; Zones interiors &#8211; Juliol 2004 &#8211; Columna<br \/>\n82 &#8211; Estimat Ronaldinho &#8211; Setembre 2004 &#8211; Empuries<br \/>\n83 &#8211; Les veus de Mart &#8211; Setembre 2004 &#8211; La Galera<br \/>\n84 &#8211; Schizoid &#8211; Octubre 2004 &#8211; Pag\u00e8s Editors<br \/>\n85 &#8211; La pell de la revolta &#8211; Decembre 2004 &#8211; Columna<br \/>\n86 &#8211; Solituds de l\u00b4Anna &#8211; Febrer 2005 &#8211; Bromera<br \/>\n87 &#8211; El CD diab\u00f2lic &#8211; Febrer 2005 &#8211; Cru\u00eflla<br \/>\n88 &#8211; La porta del parad\u00eds &#8211; Mar\u00e7 2005 &#8211; Edeb\u00e9<br \/>\n89 &#8211; Les noies de Filferro &#8211; Mar\u00e7 2005 &#8211; Grup Promotor<br \/>\n90 &#8211; Assassinat a El Club &#8211; Mar\u00e7 2005 &#8211; Columna<br \/>\n91 &#8211; Beltib\u00e8ria i Saragat\u00e0nia &#8211; Abril 2005 &#8211; Planeta Oxford<br \/>\n92 &#8211; Sis hist\u00f3ries al voltant d\u00b4en M\u00e0rius &#8211; Abril 2005 &#8211; Planeta Oxford<br \/>\n93 &#8211; 97 maneres de dir t\u00b4estimo &#8211; Juliol 2005 &#8211; Columna<br \/>\n94 &#8211; Fora de joc &#8211; Juliol 2005 &#8211; Cru\u00eflla<br \/>\n95 &#8211; L\u00b4extraordinari F\u00e8lix Feli\u00e7 &#8211; Octubre 2005 &#8211; Algar<br \/>\n96 &#8211; El jove Lennon (Edici\u00f3 2005) &#8211; Octubre 2005 &#8211; Columna<br \/>\n97 &#8211; El viatge de Narayan &#8211; Gener 2006 &#8211; Fundaci\u00f3 La Caixa<br \/>\n98 &#8211; Contes i poemes per a un\u00a0 mes qualsevol &#8211; Gener 2006 &#8211; Planeta Oxford<br \/>\n99 &#8211; Sinaia &#8211; Febrer 2006 &#8211; Columna<br \/>\n100 &#8211; Trucant a les portes del cel &#8211; Abril 2006 &#8211; Edeb\u00e9<br \/>\n101 &#8211; I li van dir Colom &#8211; Maig 2006 &#8211; Edeb\u00e9<br \/>\n102 &#8211; Sense retorn &#8211; Juny 2006 &#8211; Cru\u00eflla<br \/>\n103 &#8211; Gauditronix &#8211; Setembre 2006 &#8211; Edeb\u00e9<br \/>\n104 &#8211; \u00d2peres explicades per a nens &#8211; Setembre 2006 &#8211; Empuries<br \/>\n105 &#8211; Les mil i una nits (&#8230;o gaireb\u00e9) &#8211; Setembre 2006 &#8211; Edeb\u00e9<br \/>\n106 &#8211; Hist\u00f2ria i poder del rock catal\u00e0 &#8211; Abril 2007 &#8211; Enderrock<br \/>\n107 &#8211; La gran aventura &#8211; Abril 2007 &#8211; Bamb\u00fa<br \/>\n108 &#8211; La casa vella &#8211; Abril 2007 &#8211; Destino<br \/>\n109 &#8211; Radiografia de noia amb tatuatge &#8211; Octubre 2007 &#8211; La Galera<br \/>\n110 &#8211; C\u00e0sting &#8211; Octubre 2007 &#8211; Columna<br \/>\n111 &#8211; Els focs de la mem\u00f2ria &#8211; Febrer 2008 &#8211; Bromera<br \/>\n112 &#8211; Quatre dies de gener &#8211; Mar\u00e7 2008 &#8211; Plaza y Jan\u00e9s Rosa dels Vents<br \/>\n113 &#8211; Les filles de les tempestes: Vol.1 L&#8217; enigma maia &#8211; Mar\u00e7 2008 &#8211; Edeb\u00e9<br \/>\n114 &#8211; El nen que va caure en un forat &#8211; Abril 2008 &#8211; <span style=\"font-size: medium;\">Zorro Rojo115 &#8211; Kafka i la nina que se&#8217;n va anar de viatge &#8211; Maig 2008 &#8211; Empuries<br \/>\n116 &#8211; Les ales del sol &#8211; Maig 2008 &#8211; Perif\u00e8ric Edicions<br \/>\n117 &#8211; Les filles de les tempestes: Vol.2 La creu del Nil &#8211; Octubre 2008 &#8211; Edeb\u00e9<br \/>\n118 &#8211; La fabulosa llegenda del Rei Art\u00fas &#8211; Octubre 2008 &#8211; Edeb\u00e9<br \/>\n119 &#8211; El festival de les paraules &#8211; Octubre 2008 &#8211; Ed. El Pirata<br \/>\n120 &#8211; Rashyagur el n\u00f2mada &#8211; Octubre 2008 &#8211;<br \/>\n121 &#8211; N\u00favols al cel &#8211; Novembre 2008 &#8211; Interm\u00f3n Oxfam<br \/>\n122 &#8211; L&#8217;escola &#8211; Decembre 2008 &#8211; Bromera<br \/>\n123 &#8211; L&#8217;emprenta del silenci &#8211; Gener 2009 &#8211; Columna<br \/>\n124 &#8211; Les filles de les tempestes: Vol.3 El cinque cristall &#8211; Febrer 2009 &#8211; Edeb\u00e9<br \/>\n125 &#8211; Anatomia d&#8217;un &#8220;incident a\u00efllat&#8221; &#8211; Febrer 2009 &#8211; Cru\u00eflla<br \/>\n126 &#8211; Pel.licula verge (Contes perversos) &#8211; Abril 2009 &#8211; Interm\u00f3n Oxfam<br \/>\n127 &#8211; La paraule m\u00e9s bonica &#8211; Maig 2009 &#8211; Grup 62<br \/>\n128 &#8211; Nom\u00e9s tu&#8230; &#8211; Setembre 2009 &#8211; Columna<br \/>\n129 &#8211; Poe &#8211; Setembre 2009 &#8211; Zorro Rojo<br \/>\n130 &#8211; Gulliver XXI &#8211; Setembre 2009 &#8211; Edeb\u00e9<br \/>\n131 &#8211; Sala de conflictes &#8211; Setembre 2009 &#8211; Baula<br \/>\n132 &#8211; Material sensible (Contes cruels) &#8211; Octubre 2009 &#8211; Perif\u00e8ric Edicions<br \/>\n133 &#8211; El llibre de la Marat\u00f3 de TV3 (Diversos autors) &#8211; Novembre 2009 &#8211; Bromera\/Cosset\u00e0nia\/Angle<br \/>\n134 &#8211; La resta \u00e9s silenci &#8211; Decembre 2009 &#8211; Abacus\/Ara llibres<br \/>\n135 &#8211; Set dies de juliol &#8211; Mar\u00e7 2010 &#8211; Plaza y Jan\u00e9s Rosa dels Vents<br \/>\n136 &#8211; Les guerres d&#8217;en Jordi &#8211; Mar\u00e7 2010 &#8211; Estrella Polar \/ Grup 62<br \/>\n137 &#8211; Tester (Provador) &#8211; Maig 2010 &#8211; Edeb\u00e9<br \/>\n138 &#8211; Hist\u00f2ria d&#8217;un segon &#8211; Octubre 2010 &#8211; Cru\u00eflla<br \/>\n\u2014 &#8211; M\u00e9s enll\u00e0 dels dos rius (Kaopi) &#8211; Octubre 2010 &#8211; Interm\u00f3n Oxfam<br \/>\n139 &#8211; Jo &#8211; Octubre 2010 &#8211; Tandem<br \/>\n140 &#8211; Cinc dies d&#8217;octubre &#8211; Mar\u00e7 2011 &#8211; Plaza y Jan\u00e9s Rosa dels Vents<br \/>\n141 &#8211; El cas del fans accident &#8211; Mar\u00e7 2011 &#8211; Grup 62<br \/>\n\u2014 &#8211; Nit de Lluna al Estret &#8211; Mar\u00e7 2011 &#8211; Interm\u00f3n Oxfam<br \/>\n142 &#8211; La rosa de Sant Jordi &#8211; Abril 2011 &#8211; Grup Promotor Alfaguara<br \/>\n143 &#8211; L&#8217;assassinat del professor de m\u00fasica &#8211; Abril 2011 &#8211; Barcanova<br \/>\n144 &#8211; El cas del lloro que parlava massa &#8211; Juliol 2011 &#8211; Grup 62<br \/>\n145 &#8211; Un ensurt a mitjanit i altres contes &#8211; Juliol 2011 &#8211; Grup 62<br \/>\n\u2014 &#8211; La m\u00fasica del vent (ed.resumida) &#8211; Setembre 2011 &#8211; Educaula<br \/>\n146 &#8211; 16 m\u00fasics molt, molt importants &#8211; Octubre 2011 &#8211; Bru\u00f1o<br \/>\n\u2014 &#8211; Les histories perdudes &#8211; Novembre 2011 &#8211; HakaBooks.com<br \/>\n\u2014 &#8211; Males terres &#8211; Decembre 2011 &#8211; HakaBooks.com<br \/>\n\u2014 &#8211; La f\u00e0brica de n\u00favols &#8211; Gener 2012 &#8211; HakaBooks.com<br \/>\n147 &#8211; El cas del xantatgista pel-roig &#8211; Gener 2012 &#8211; Grup 62<br \/>\n148 &#8211; Top Model (La porta del Parad\u00eds) &#8211; Gener 2012 &#8211;\u00a0 HakaBooks.com<br \/>\n149 &#8211; El drac, la princesa, Sant Jordi i la rosa &#8211; Mar\u00e7 2012 &#8211; Bru\u00f1o<br \/>\n150 &#8211; Ombres en el temps &#8211; Abril 2012 &#8211; Rosa dels Vents<br \/>\n151 &#8211; L&#8217;estrany &#8211; Abril 2012 &#8211; Barcanova<br \/>\n152 &#8211; El detectiu &#8211; Juny 2012 &#8211; Cru\u00eflla<br \/>\n153 &#8211; Somnis trencats &#8211; Juny 2012 &#8211; Bromera<br \/>\n154 &#8211; T\/.Error &#8211; Juny 2012 &#8211; Oxford<br \/>\n155 &#8211; La tomba misteriosa &#8211; Setembre 2012 &#8211; Bamb\u00fa<br \/>\n156 &#8211; Coses que l&#8217;avi no pot fer &#8211; Octubre 2012 &#8211; Fil D&#8217;Aram<br \/>\n157 &#8211; El vestit nou de l&#8217;Emperador &#8211; Octubre 2012 &#8211; Edeb\u00e9<br \/>\n158 &#8211; Les mongetes m\u00e0giques &#8211; Octubre 2012 &#8211; Edeb\u00e9<br \/>\n159 &#8211; La bella i la bestia &#8211; Octubre 2012 &#8211; Edeb\u00e9<br \/>\n160 &#8211; Manual d&#8217;instruccions &#8211; Mar\u00e7 2013 &#8211; Edeb\u00e9<br \/>\n161 &#8211; Dos dies de maig &#8211; Mar\u00e7 2013 &#8211; Rosa dels Vents<br \/>\n162 &#8211; Jordi i&#8230; la resta del m\u00f3n &#8211; Mar\u00e7 2013 &#8211; Grup 62<br \/>\n163 &#8211; El dia que en Gluck va arribar a la Terra &#8211; Mar\u00e7 2013 &#8211; Bromera<br \/>\n164 &#8211; El cor de jade &#8211; Maig 2013 &#8211; Cru\u00eflla<br \/>\n165 &#8211; Tamb\u00e9 van ser joves &#8211; Juliol 2013 &#8211; Casals<br \/>\n166 &#8211; La tardor de l&#8217;arbre rondinaire &#8211; Octubre 2013 &#8211; Bru\u00f1o<br \/>\n167 &#8211; 1714 &#8211; Setembre 2013 &#8211; La Galera<br \/>\n168 &#8211; La mort del censor &#8211; Setembre 2013 &#8211; Ara Llibres<br \/>\n169 &#8211; El pais dels dracs &#8211; Setembre 2013 &#8211; Bromera<br \/>\n170 &#8211; Sis dies de desembre &#8211; Febrer 2014 &#8211; Rosa dels Vents<br \/>\n171 &#8211; La sang de la terra &#8211; Mar\u00e7 2014 &#8211; Onada<br \/>\n172 &#8211; Fantasmes &#8211; Mar\u00e7 2014 &#8211; Grup Promotor<br \/>\n173 &#8211; Per un grapat de petons &#8211; Maig 2014 &#8211; Bromera<br \/>\n174 &#8211; L&#8217;ombra del sabre &#8211; Setembre 2014 &#8211; Ara Llibres<br \/>\n175 &#8211; La veritable hist\u00f2ria del caganer &#8211; Novembre 2014 &#8211; Cru\u00eflla<br \/>\n176 &#8211; Els dits de la m\u00e0 &#8211; Febrer 2015 &#8211; Edeb\u00e9<br \/>\n177 &#8211; El senyor Troglodita surt a ca\u00e7ar &#8211; Febrer 2015 &#8211; Edeb\u00e9<br \/>\n178 &#8211; El senyor Troglodita busca n\u00f2via &#8211; Febrer 2015 &#8211; Edeb\u00e9<br \/>\n179 &#8211; El senyor Troglodita inventa el futbol &#8211; Febrer 2015 &#8211; Edeb\u00e9<br \/>\n180 &#8211; El senyor Troglodita va d&#8217;excursi\u00f3 &#8211; Febrer 2015 &#8211; Edeb\u00e9<br \/>\n181 &#8211; Nou dies d&#8217;abril &#8211; Febrer 2015 &#8211; Rosa dels Vents<br \/>\n182 &#8211; Al altra banda de l&#8217;infern &#8211; Juny 2015 &#8211; Ara Llibres<br \/>\n183 &#8211; S\u00f2c una m\u00e0quina! &#8211; Setembre 2015 &#8211; Bromera<br \/>\n184 &#8211; Tres dies d&#8217;agost &#8211; Mar\u00e7 2016 &#8211; Rosa dels Vents<br \/>\n185 &#8211; L&#8217;aprenent de bruixot i Els Invisibles &#8211; Mar\u00e7 2016 &#8211; Edeb\u00e9<br \/>\n\u2014 \u00a0 &#8211; La rosa de Sant Jordi \u2014 Loqueleo 2016<br \/>\n\u2014 \u00a0 &#8211; Fantasmes \u2014 Loqueleo 2016<br \/>\n\u2014 \u00a0 \u00a0&#8211; L&#8217;extraordinari F\u00e8lix Feli\u00e7 \u2014 Loqueleo 2016<br \/>\n\u2014 \u00a0 \u00a0&#8211; \u00a0Les noies de Filferro \u2014 Loqueleo 2016<br \/>\n\u2014 \u00a0 \u00a0&#8211; El nen que vivia als estels \u2014 Loqueleo 2016<br \/>\n186 &#8211; El Club dels Estranys &#8211; Setembre 2016 &#8211; Cru\u00eflla<br \/>\n187 &#8211; Contes curts d&#8217;animals en perill &#8211; Octubre 2016 &#8211; Br\u00faixola<br \/>\n188 &#8211; 100 Hist\u00f2ries al voltant dels Beatles &#8211; Gener 2017 &#8211; Cossetania<br \/>\n189 &#8211; Les paraules ferides &#8211;\u00a0Mar\u00e7 2017 &#8211;\u00a0Ara Llibres<br \/>\n190 &#8211; Vuit dies de mar\u00e7 &#8211; Maig 2017 &#8211; Rosa dels Vents<br \/>\n191 &#8211; La gota de pluja que tenia por &#8211; Setembre 2017 &#8211; Cru\u00eflla<br \/>\n192 &#8211; La vengan\u00e7a del professor de matem\u00e0tiques &#8211; Febrer 2018 &#8211; Barcanova<br \/>\n193 &#8211; Deu dies de juny &#8211; Abril 2018 &#8211; Rosa dels Vents<br \/>\n194 &#8211; Tu a Sants i jo a Mollerussa &#8211; Setembre 2018 &#8211; Rosa dels Vents<br \/>\n195 &#8211; El que penso (sobre tot) &#8211; Octubre 2018 &#8211; Kalandraka<br \/>\n196 &#8211; Contes de grans quadres &#8211; Octubre 2018 &#8211; Verbum<br \/>\n197 &#8211; Dies dolents (per\u00f2 dolents de deb\u00f2) &#8211; Novembre 2018 &#8211; Bromera<br \/>\n198 &#8211; L&#8217;aprenent de bruixot i Els Invisibles al rescat &#8211; Febrer 2019 &#8211; Edeb\u00e9<br \/>\n199 &#8211; Un dia de setembre i uns quants d&#8217;octubre &#8211; Abril 2019 &#8211; Rosa dels Vents<br \/>\n200 &#8211; Hores salvatges &#8211; Abril 2019 &#8211; Tandem\/Algar<br \/>\n201 &#8211; La ve\u00efna m\u00e9s dolenta de totes les ve\u00efnes &#8211; Setembre 2019 &#8211; La Galera<br \/>\n202 &#8211; Els Drets del Nen &#8211; Octubre 2019 &#8211; Baula<br \/>\n203 &#8211; Uns quants dies de novembre &#8211; Maig 2020 &#8211; Rosa dels Vents<br \/>\n204 &#8211; Pau Casals i el nen que tocava el viol\u00ed &#8211; Juny 2020 &#8211; La Galera<br \/>\n205 &#8211; La conspiraci\u00f3 del coltan &#8211; Setembre 2020 &#8211; Enciclopedia<br \/>\n206 &#8211; Com ll\u00e0grimes en la pluja &#8211; Mar\u00e7 2021 &#8211; Cru\u00eflla<br \/>\n207 &#8211; Uns quants diez de gener &#8211; Abril 2021 &#8211; Rosa dels Vents<br \/>\n208 &#8211; Dos estranys de vacances &#8211; Junio 2021 &#8211; La Galera<br \/>\n209 &#8211; La conjura d&#8217;Herat &#8211; Setembre 2021 &#8211; Enciclopedia<br \/>\n210 &#8211; Uns quants dies de febrer &#8211; Abril 2022 &#8211; Rosa dels Vents<br \/>\n211 &#8211; La veritable hist\u00f2ria del Ti\u00f3 &#8211; Setembre 2022 &#8211; Cru\u00eflla<br \/>\n212 &#8211; La conexi\u00f3 maltesa &#8211; Setembre 2022 &#8211; Enciclopedia<br \/>\n213 &#8211; El pitjor mestre del m\u00f3n &#8211; Gener 2023 &#8211; La Galera<br \/>\n214 &#8211; El passat que vindr\u00e0 &#8211; Mar\u00e7 2023 &#8211; Univers<br \/>\n215 &#8211; Uns quants dies d&#8217;abril &#8211; Mar\u00e7 2023 &#8211; Rosa dels Vents<br \/>\n216 &#8211; Jo, Laia &#8211; Setembre 2023 &#8211; Fanbooks<br \/>\n217 &#8211; El llarg vol d&#8217;en Nu &#8211; Setembre 2023 &#8211; La Galera<br \/>\n218 &#8211; La constant picassiana &#8211; Setembre 2023 &#8211; Univers<br \/>\n219 &#8211; Contes divertits (Diversos autors) \u2014 Octubre 2023 &#8211; Bru\u00f1o<br \/>\n220 &#8211; La creadora de records &#8211; Febrer 2024 &#8211; Bromera<br \/>\n221 &#8211; Kafka i la nina viatgera (teatre) &#8211; Abril 2024 &#8211; Bromera<br \/>\n222 &#8211; La conversi\u00f3 d&#8217;en Habib &#8211; Setembre 2025 &#8211; Univers<br \/>\n223 &#8211; La Novena Directriu &#8211; Octubre 2025 &#8211; Andana<br \/>\n224 &#8211; Soc tartamut, i qu\u00e9? &#8211; Mar\u00e7 2026 &#8211; Verbum<br \/>\n225 &#8211; Escriure, quina passsada! &#8211; Abril 2026 &#8211; BoldLetters<br \/>\n226 &#8211; La neva que levitava &#8211; Abril 2026 &#8211; Baula<br \/>\n227 &#8211; L&#8217;escriptora invisible &#8211;\u00a0 Maig 2026 &#8211; Fanbooks<\/span><\/span><\/p>\n<p>PER M\u00c9S INFORMACI\u00d3 I TOTAL D\u00b4OBRES EN TOTES LES LLENG\u00dcES, VEGEU &#8220;<a href=\"http:\/\/sierraifabra.com\/?page_id=89\">OBRAS<\/a>&#8221; EN AQUEST WEB<\/p>\n","protected":false},"excerpt":{"rendered":"<p>(Obres editades en catal\u00e0 fins a 2026) 1 &#8211; Serrat &#8211; 1988 Abril &#8211; Ed. Thor 2 &#8211; Raskundanpelkuf &#8211; 1988 Decembre &#8211; Ed. B 3 &#8211; Quan la L\u00f3gica falla, el Sistema crida a&#8230; Zuk-1- 1989 Maig &#8211; Pirene 4 &#8211; Lambert!!! &#8211; 1989&hellip; <a class=\"read-more\" href=\"https:\/\/sierraifabra.com\/?page_id=848&#038;lang=ca\">Read more<\/a><\/p>\n","protected":false},"author":101012,"featured_media":0,"parent":0,"menu_order":0,"comment_status":"closed","ping_status":"closed","template":"","meta":{"footnotes":""},"class_list":["post-848","page","type-page","status-publish","hentry"],"aioseo_notices":[],"_links":{"self":[{"href":"https:\/\/sierraifabra.com\/index.php?rest_route=\/wp\/v2\/pages\/848","targetHints":{"allow":["GET"]}}],"collection":[{"href":"https:\/\/sierraifabra.com\/index.php?rest_route=\/wp\/v2\/pages"}],"about":[{"href":"https:\/\/sierraifabra.com\/index.php?rest_route=\/wp\/v2\/types\/page"}],"author":[{"embeddable":true,"href":"https:\/\/sierraifabra.com\/index.php?rest_route=\/wp\/v2\/users\/101012"}],"replies":[{"embeddable":true,"href":"https:\/\/sierraifabra.com\/index.php?rest_route=%2Fwp%2Fv2%2Fcomments&post=848"}],"version-history":[{"count":3,"href":"https:\/\/sierraifabra.com\/index.php?rest_route=\/wp\/v2\/pages\/848\/revisions"}],"predecessor-version":[{"id":7428,"href":"https:\/\/sierraifabra.com\/index.php?rest_route=\/wp\/v2\/pages\/848\/revisions\/7428"}],"wp:attachment":[{"href":"https:\/\/sierraifabra.com\/index.php?rest_route=%2Fwp%2Fv2%2Fmedia&parent=848"}],"curies":[{"name":"wp","href":"https:\/\/api.w.org\/{rel}","templated":true}]}}