{"id":89,"date":"2015-07-01T12:33:42","date_gmt":"2015-07-01T12:33:42","guid":{"rendered":"http:\/\/thewalrushub.com\/jordi\/?page_id=89"},"modified":"2026-04-16T11:23:09","modified_gmt":"2026-04-16T09:23:09","slug":"obras","status":"publish","type":"page","link":"https:\/\/sierraifabra.com\/?page_id=89&lang=es","title":{"rendered":"Obras"},"content":{"rendered":"<div class=\"column-group columns-4\"><\/p>\n<p><div class=\"column column-number-1 column-span-1\"><\/p>\n<p><a href=\"http:\/\/sierraifabra.com\/?page_id=3714&amp;lang=es\"><img loading=\"lazy\" decoding=\"async\" class=\"alignnone wp-image-1767 size-medium\" src=\"http:\/\/sierraifabra.com\/wp-content\/uploads\/2015\/07\/Kafkayla-197x300.jpg\" alt=\"Kafkayla\" width=\"197\" height=\"300\" srcset=\"https:\/\/sierraifabra.com\/wp-content\/uploads\/2015\/07\/Kafkayla-197x300.jpg 197w, https:\/\/sierraifabra.com\/wp-content\/uploads\/2015\/07\/Kafkayla.jpg 413w\" sizes=\"auto, (max-width: 197px) 100vw, 197px\" \/><\/a><\/p>\n<h4><a href=\"\/?page_id=3714&amp;lang=es\">Obras Publicadas<\/a><\/h4>\n<p><span style=\"font-size: medium;\">Lista actualizada a abril de 2026 (Espa\u00f1a y Latinoam\u00e9rica)<\/span><\/p>\n<p>\n<\/div><\/p>\n<p><div class=\"column column-number-2 column-span-1\"><\/p>\n<p><a href=\"http:\/\/sierraifabra.com\/?page_id=3719&amp;lang=es\"><img loading=\"lazy\" decoding=\"async\" class=\"alignnone wp-image-1722 size-medium\" src=\"http:\/\/sierraifabra.com\/wp-content\/uploads\/2015\/07\/puertascielo-192x300.jpg\" alt=\"puertascielo\" width=\"192\" height=\"300\" \/><\/a><\/p>\n<h4><a href=\"\/?page_id=3719&amp;lang=es\">Obras Por Editoriales<\/a><\/h4>\n<p><span style=\"font-size: medium;\">Total de obras publicadas en Espa\u00f1a y Latinoam\u00e9rica, por editoriales, en las diversas lenguas nacionales, hasta abril de 2026.<\/span><\/p>\n<p>\n<\/div><\/p>\n<p><div class=\"column column-number-3 column-span-1\"><\/p>\n<p><a href=\"http:\/\/sierraifabra.com\/?page_id=3724&amp;lang=es\"><img loading=\"lazy\" decoding=\"async\" class=\"alignnone wp-image-1719 size-medium\" src=\"http:\/\/sierraifabra.com\/wp-content\/uploads\/2015\/07\/cuatrodiasenero-192x300.jpg\" alt=\"cuatrodiasenero\" width=\"192\" height=\"300\" \/><\/a><\/p>\n<h4><a href=\"\/?page_id=3724&amp;lang=es\">Novedades<\/a><\/h4>\n<p><span style=\"font-size: medium;\">\u00daltimas novedades literarias en Espa\u00f1a y Latinoam\u00e9rica<\/span><\/p>\n<p>\n<\/div><\/p>\n<p><div class=\"column column-number-4 last column-span-1\"><\/p>\n<p><a href=\"http:\/\/sierraifabra.com\/?page_id=3736&amp;lang=es\"><img loading=\"lazy\" decoding=\"async\" class=\"alignnone wp-image-1717 size-medium\" src=\"http:\/\/sierraifabra.com\/wp-content\/uploads\/2015\/07\/asesinatoprofemates-192x300.jpg\" alt=\"asesinatoprofemates\" width=\"192\" height=\"300\" \/><\/a><\/p>\n<h4><a href=\"\/?page_id=3736&amp;lang=es\">Libros Editados<\/a><\/h4>\n<p><span style=\"font-size: medium;\">Publicaciones entre el 2000 y el 2010.<\/span><\/p>\n<p>&nbsp;<\/p>\n<p>\n<\/div><\/p>\n<p><\/div>\n<div class=\"column-group columns-4\"><\/p>\n<p><div class=\"column column-number-1 column-span-1\"><\/p>\n<p><a href=\"http:\/\/sierraifabra.com\/?page_id=3742&amp;lang=es\"><img loading=\"lazy\" decoding=\"async\" class=\"alignnone wp-image-1721 size-medium\" src=\"http:\/\/sierraifabra.com\/wp-content\/uploads\/2015\/07\/elsecreto-192x300.jpg\" alt=\"elsecreto\" width=\"192\" height=\"300\" \/><\/a><\/p>\n<h4><a href=\"\/?page_id=3742&amp;lang=es\">Obra In\u00e9dita En Latinoam\u00e9rica<\/a><\/h4>\n<p><span style=\"font-size: medium;\">Libros no editados originalmente en Espa\u00f1a<\/span><\/p>\n<p>\n<\/div><\/p>\n<p><div class=\"column column-number-2 column-span-1\"><\/p>\n<p><a href=\"http:\/\/sierraifabra.com\/?page_id=3730&amp;lang=es\"><img loading=\"lazy\" decoding=\"async\" class=\"alignnone wp-image-1720 size-medium\" src=\"http:\/\/sierraifabra.com\/wp-content\/uploads\/2015\/07\/chicasalambre-192x300.jpg\" alt=\"chicasalambre\" width=\"192\" height=\"300\" \/><\/a><\/p>\n<h4><a href=\"\/?page_id=3730&amp;lang=es\">Res\u00famenes<\/a><\/h4>\n<p><span style=\"font-size: medium;\">Res\u00famenes, cu\u00e1ndo, c\u00f3mo, d\u00f3nde y por qu\u00e9 los escrib\u00ed. Hasta octubre de 2025.<br \/>\n<strong>\u00a1Descarga el PDF!<\/strong><br \/>\n<\/span><\/p>\n<p>\n<\/div><\/p>\n<p><div class=\"column column-number-3 column-span-1\"><\/p>\n<p><a href=\"http:\/\/sierraifabra.com\/?page_id=898&amp;lang=es\"><img loading=\"lazy\" decoding=\"async\" class=\"alignnone wp-image-60 size-full\" src=\"http:\/\/sierraifabra.com\/wp-content\/uploads\/2015\/06\/camposdefresas.jpeg\" alt=\"camposdefresas\" width=\"180\" height=\"281\" \/><\/a><\/p>\n<h4><a href=\"\/?page_id=898&amp;lang=es\">Top Best Sellers<\/a><\/h4>\n<p><span style=\"font-size: medium;\">Los libros de Jordi Sierra i Fabra con m\u00e1s de 5 ediciones y reimpresiones en Espa\u00f1a a 16 de abril de 2026.<br \/>\n2.789 ediciones &#8211; 165 libros<\/span><\/p>\n<p>\n<\/div><\/p>\n<p><div class=\"column column-number-4 last column-span-1\"><\/p>\n<p><a href=\"http:\/\/sierraifabra.com\/?page_id=3749&amp;lang=es\"><img loading=\"lazy\" decoding=\"async\" class=\"alignnone wp-image-1718 size-medium\" src=\"http:\/\/sierraifabra.com\/wp-content\/uploads\/2015\/07\/aydin-192x300.jpg\" alt=\"aydin\" width=\"192\" height=\"300\" \/><\/a><\/p>\n<h4><a href=\"\/?page_id=3749&amp;lang=es\">Otras Lenguas<\/a><\/h4>\n<p><span style=\"font-size: medium;\">Obras oficiales traducidas y publicadas en otras lenguas y en Latinoam\u00e9rica<br \/>\n(No se incluyen ediciones piratas)<\/span><\/p>\n<p>\n<\/div><\/p>\n<p><\/div>\n","protected":false},"excerpt":{"rendered":"","protected":false},"author":101012,"featured_media":0,"parent":0,"menu_order":0,"comment_status":"closed","ping_status":"closed","template":"","meta":{"footnotes":""},"class_list":["post-89","page","type-page","status-publish","hentry"],"aioseo_notices":[],"_links":{"self":[{"href":"https:\/\/sierraifabra.com\/index.php?rest_route=\/wp\/v2\/pages\/89","targetHints":{"allow":["GET"]}}],"collection":[{"href":"https:\/\/sierraifabra.com\/index.php?rest_route=\/wp\/v2\/pages"}],"about":[{"href":"https:\/\/sierraifabra.com\/index.php?rest_route=\/wp\/v2\/types\/page"}],"author":[{"embeddable":true,"href":"https:\/\/sierraifabra.com\/index.php?rest_route=\/wp\/v2\/users\/101012"}],"replies":[{"embeddable":true,"href":"https:\/\/sierraifabra.com\/index.php?rest_route=%2Fwp%2Fv2%2Fcomments&post=89"}],"version-history":[{"count":5,"href":"https:\/\/sierraifabra.com\/index.php?rest_route=\/wp\/v2\/pages\/89\/revisions"}],"predecessor-version":[{"id":7416,"href":"https:\/\/sierraifabra.com\/index.php?rest_route=\/wp\/v2\/pages\/89\/revisions\/7416"}],"wp:attachment":[{"href":"https:\/\/sierraifabra.com\/index.php?rest_route=%2Fwp%2Fv2%2Fmedia&parent=89"}],"curies":[{"name":"wp","href":"https:\/\/api.w.org\/{rel}","templated":true}]}}